--
-- Host: localhost    Database: termorad
-- ------------------------------------------------------


--
-- Table structure for table `oc_address`
--

CREATE TABLE `oc_address` (
  `address_id` int(11) NOT NULL AUTO_INCREMENT,
  `customer_id` int(11) NOT NULL,
  `firstname` varchar(32) NOT NULL,
  `lastname` varchar(32) NOT NULL,
  `company` varchar(32) NOT NULL,
  `company_id` varchar(32) NOT NULL,
  `tax_id` varchar(32) NOT NULL,
  `address_1` varchar(128) NOT NULL,
  `address_2` varchar(128) NOT NULL,
  `city` varchar(128) NOT NULL,
  `postcode` varchar(10) NOT NULL,
  `country_id` int(11) NOT NULL DEFAULT '0',
  `zone_id` int(11) NOT NULL DEFAULT '0',
  PRIMARY KEY (`address_id`),
  KEY `customer_id` (`customer_id`)
) ENGINE=MyISAM AUTO_INCREMENT=123 DEFAULT CHARSET=utf8;

--
-- Dumping data for table `oc_address`
--

INSERT INTO `oc_address` VALUES (17,17,'Goran','Bogićević','MUP R Srbije','','','Gložane bb','','Svilajnac','',243,4007),(16,16,'nenad','vuckovic','','','','Zivote Stanisavljevica 21','','Jagodina','35000',243,4007),(15,15,'Veljko','Đukić','','','','Dušanova 6','Omladinska 2','Koceljeva','15220',243,4002),(14,14,'Nebojša','Džoganović','','','','Lipa 6','','Užice','31000',243,4010),(79,78,'Rade','Božić','','','','Ljube Rankovića 10','','Umka','11260',243,3994),(22,22,'Goran','Stanojevic','','','','Damnjana Maksica 1A/16','','Krusevac','37000',243,4013),(77,76,'ana','kojic','','','','josipa majera 5','','valjevo','14000',243,4003),(18,18,'Veroljub','Milanović','','','','Gložane bb','','Svilajnac','',243,4007),(78,77,'sasa ','milosavljevic','','','','vrelo kod sokobanje','','sokobanja','18232',243,4009),(23,23,'Sasa','Birovljev','','','','Bul','','Bgd','',243,3994),(24,24,'Danijel','Hasani','','','','Sterijina 19/39','','Vrsac','26300',243,3998),(75,74,'Zoran','Nosov','','','','Gabrovacki put 2 deo 32a','','Nis','18106',243,4014),(76,75,'Ivan','Vicentijevic','','','','address','','Kragujevac','34000',243,4016),(74,73,'nemanja','maric','energotehnika','','','novi sad','','novi sad','21000',243,4000),(68,68,'test','test','','','','asdfdasf','','kg','3400',243,3995),(69,69,'adsf','asdfas','','','','adsfsadf','','sdfasf','123123',243,4003),(70,70,'Otorinoranigolog','amozdaine','','','','sdasd','','asdas','admin',243,4014),(71,71,'Nemanja ','Petrovic','','','','Luke 28','','Vlaska','11406',243,3994),(72,72,'sasa','rudic','','','','vladimira nazora 42','','mala bosna','',243,3995),(73,72,'beno ','tikvicki','','','','velebitska 44','','subotica','24000',243,3995),(80,79,'Nebojiša','Mišević','','','','Nikole Tesle 35','','Nova Varoš','31320',243,4010),(81,80,'Dejan','Djuricic','','','','Njegoseva23','','Velika Plana','11320',243,4004),(82,81,'ljubica','tintor','Termorad','','','cestobrodica','','pozega','31210',243,4010),(83,81,'ljubica','tintor','','','','ul. Maksima Gorkog 22 - KRNJACA','','Beograd','11210',243,3994),(84,81,'ljubica','tintor','','','','ulica Maksima Gorkog 22 b','','beograd','11210',243,3994),(85,82,'nikola','mijailovic','','','','preljina,kostićevina 306','','čačak','32212',243,4006),(86,83,'Momir','Novakovic','','','','Crvene armije 41/1','','Smederevska Palanka','11420',243,4004),(87,84,'vahid','ademovic','','','','sportska bb-kod stadiona','','tutin','36320',243,4012),(88,85,'Milenko','Pavlovic','','','','Andrača 233','PAK: 267216','Donja Borina','15317',243,4002),(89,85,'Milenko (Dragoljuba)','Pavlović','','','','Andrača 233','PAK: 267216','Donja Borina','15317',243,4002),(90,86,'Bozidar','Ivanovic','','','','selo STOPANJA','STOPANJA BB','Trstenik','37242',243,4013),(91,87,'Marinko','Zubić','','','','Karađorđeva57','','Banatski Despotovac','23242',243,3996),(92,88,'Stanisa','Bazic','Zeleznica Srbije','ZS','','Srdjana Bojovica','BB','Lesak','38219',243,4012),(93,89,'Bojan','Vojčić','','','','Dr.Rusa 34','','Mladenovac','11400',243,3994),(94,90,'Veselin','Veličkov','','','','Nemanjina 136','','Kikinda','23300',243,3997),(95,91,'Marina','Marković','Trgovinska radnja Marković','104319897','','Svetog Save 38 ','','Kučevo','12240',243,4004),(96,92,'Goran','Grujic','','','','Ive Lole Ribara 90','','Kovacica','26210',243,3998),(97,93,'Aleksandar ','Tijanić','','','','Profesora Andonovića 39 e 11233 Ralja ','','Beograd ','11233',243,3994),(98,94,'Dusan','Djukic','','','','Moravska 7','','Pozarevac','12000',243,4005),(99,95,'Jovan ','Topalović','','','','Hajduk Stankova 13','','Valjevo','14000',243,4003),(100,96,'Dušan','Milić','','','','Slobodana Jovanovića 52','','Velika Plana','11320',243,4004),(101,97,'Dragiša','Okrčalović','','','','Bogovina bb','','Boljevac','19372',243,4009),(102,98,'David','Nikolić','','','','Železnička 20/11','','Gornji Milanovac','32300',243,4011),(103,99,'Igor','Ljubojevic','','','','Gajeva 86','','Subotica','24000',243,3995),(104,100,'Saša ','Stanković','','','','Jna 31A/29','','Negotin','',243,4008),(105,101,'Miodrag ','Marinković','','','','Kneza Mihajla 35','','Paracin','35250',243,4007),(106,102,'Srdjan','Tot','','','','Petra Horvatskog 64','','Subotica','24000',243,3995),(107,103,'Zoran','Boskovic','','','','Dedevci 103','','Rocevici,Kraljevo','36205',243,4012),(108,104,'Boris','Jovanovic','','','','Radaljevo bb','','Ivanjica','32252',243,4011),(109,105,'Ištvan','Paladji','','','','Filipa Kljajica 67','','Sombor','25000',243,4000),(110,106,'Istvan ','Paladji','','','','Filipa Kljajica 67','','Sombor','25000',243,4000),(111,107,'nenad','milenovic','orionexpres','107354518','','krfska14','makedonska 17 a','zajecar','19000',243,4009),(112,108,'Jovan','Velimirov','','','','Stevana Supljikca 6','','Pancevo','26000',243,3998),(113,109,'Ivan','Potić','','','','Livadice 29a Boleč','','Beograd','11307',243,3994),(114,110,'Dragan','Spasovic','','','','Dragoljuba Mitrovica 19','','Prokuplje','18400',243,4015),(115,111,'Jandre','Petrovic','','','','cara urosa 58','','Jazak','',243,4001),(116,112,'Dragan','Tomanic','','','','Kneza Sime Markovica 53','','Obrenovac','11500',243,3994),(117,113,'Dragan','Spiridonov','','','','Karagača 69','','Petrovaradin','21132',243,4001),(118,114,'zoran','knežević','fakultet za pravne i poslovne st','104246798','','bulevar oslobođenja 76','','novi sad','21000',243,4001),(119,115,'ZORAN','Jankovic','','','','Orlovac 58','','Uzice','31000',243,4010),(120,116,'Nenad','Krajničan','','','','Pionirska 5/2','','Majdanpek','19250',243,4008),(121,117,'Darko','Krstic','Agrotehnix','101665150','','vojvode Prijezde 16','','Beograd','11000',243,3994),(122,118,'ROBERT','TODOROVIC','','','','PERCEL MOR 20/1','','TEMERIN','21235',243,4000);

--
-- Table structure for table `oc_affiliate`
--

CREATE TABLE `oc_affiliate` (
  `affiliate_id` int(11) NOT NULL AUTO_INCREMENT,
  `firstname` varchar(32) NOT NULL,
  `lastname` varchar(32) NOT NULL,
  `email` varchar(96) NOT NULL,
  `telephone` varchar(32) NOT NULL,
  `fax` varchar(32) NOT NULL,
  `password` varchar(40) NOT NULL,
  `salt` varchar(9) NOT NULL,
  `company` varchar(32) NOT NULL,
  `website` varchar(255) NOT NULL,
  `address_1` varchar(128) NOT NULL,
  `address_2` varchar(128) NOT NULL,
  `city` varchar(128) NOT NULL,
  `postcode` varchar(10) NOT NULL,
  `country_id` int(11) NOT NULL,
  `zone_id` int(11) NOT NULL,
  `code` varchar(64) NOT NULL,
  `commission` decimal(4,2) NOT NULL DEFAULT '0.00',
  `tax` varchar(64) NOT NULL,
  `payment` varchar(6) NOT NULL,
  `cheque` varchar(100) NOT NULL,
  `paypal` varchar(64) NOT NULL,
  `bank_name` varchar(64) NOT NULL,
  `bank_branch_number` varchar(64) NOT NULL,
  `bank_swift_code` varchar(64) NOT NULL,
  `bank_account_name` varchar(64) NOT NULL,
  `bank_account_number` varchar(64) NOT NULL,
  `ip` varchar(40) NOT NULL,
  `status` tinyint(1) NOT NULL,
  `approved` tinyint(1) NOT NULL,
  `date_added` datetime NOT NULL,
  PRIMARY KEY (`affiliate_id`)
) ENGINE=MyISAM DEFAULT CHARSET=utf8;

--
-- Dumping data for table `oc_affiliate`
--


--
-- Table structure for table `oc_affiliate_transaction`
--

CREATE TABLE `oc_affiliate_transaction` (
  `affiliate_transaction_id` int(11) NOT NULL AUTO_INCREMENT,
  `affiliate_id` int(11) NOT NULL,
  `order_id` int(11) NOT NULL,
  `description` text NOT NULL,
  `amount` decimal(15,4) NOT NULL,
  `date_added` datetime NOT NULL,
  PRIMARY KEY (`affiliate_transaction_id`)
) ENGINE=MyISAM DEFAULT CHARSET=utf8;

--
-- Dumping data for table `oc_affiliate_transaction`
--


--
-- Table structure for table `oc_attachments`
--

CREATE TABLE `oc_attachments` (
  `attachment_id` int(11) unsigned NOT NULL AUTO_INCREMENT,
  `name` varchar(128) NOT NULL,
  `filename` varchar(128) NOT NULL,
  PRIMARY KEY (`attachment_id`)
) ENGINE=MyISAM AUTO_INCREMENT=22 DEFAULT CHARSET=utf8;

--
-- Dumping data for table `oc_attachments`
--

INSERT INTO `oc_attachments` VALUES (1,'Tehničko uputstvo BTN','Tehnicko uputstvo BTN.pdf'),(2,'Tehničko uputstvo BT-10P','Tehnicko uputstvo BT-10P.pdf'),(3,'Tehničko uputstvo BT-15P','Tehnicko uputstvo BT-15P.pdf'),(4,'Tehničko uputstvo BT','Tehnicko uputstvo BT.pdf'),(5,'Tehničko uputstvo BT-120S_2kW','Tehnicko uputstvo BT-120S_2kW.pdf'),(6,'Tehničko uputstvo BT IB','Tehnicko uputstvo BT IB.pdf'),(7,'Tehničko uputstvo BT-120S IB-30_2kW','Tehnicko uputstvo BT-120S IB-30_2kW.pdf'),(8,'Tehničko uputstvo BT horizontalni','Tehnicko uputstvo BT horizontalni.pdf'),(9,'Tehničko uputstvo BT horizontalni IB','Tehnicko uputstvo BT horizontalni IB.pdf'),(10,'Tehničko uputstvo BTCR','Tehnicko uputstvo BTCR.pdf'),(11,'Tehničko uputstvo BTC','Tehnicko uputstvo BTC.pdf'),(12,'Tehničko uputstvo BTCR IB','Tehnicko uputstvo BTCR IB.pdf'),(13,'Tehničko uputstvo BT-200,280,500','Tehnicko uputstvo BT-200,280,500.pdf'),(14,'Tehničko uputstvo BT-200,280 IB-80+50','Tehnicko uputstvo BT-200,280 IB-80+50.pdf'),(15,'Tehničko uputstvo BT-500 IB-270','Tehnicko uputstvo BT-500 IB-270.pdf'),(16,'Garantni list za hidroforske posude prohromske','Garantni list za hidroforske posude prohromske.pdf'),(17,'Garantni list za hidroforske posude cinkovane','Garantni list za hidroforske posude cinkovane.pdf'),(18,'Garantni list ekspanziona posuda','Garantni list ekspanziona posuda_novi.pdf'),(19,'Atest za ekspanzione posude','atest za ex.posude.pdf'),(21,'Flajer sa uputstvom za montažu','Univerzalni_nosac_bojlera.pdf');

--
-- Table structure for table `oc_attribute`
--

CREATE TABLE `oc_attribute` (
  `attribute_id` int(11) NOT NULL AUTO_INCREMENT,
  `attribute_group_id` int(11) NOT NULL,
  `sort_order` int(3) NOT NULL,
  PRIMARY KEY (`attribute_id`)
) ENGINE=MyISAM AUTO_INCREMENT=73 DEFAULT CHARSET=utf8;

--
-- Dumping data for table `oc_attribute`
--

INSERT INTO `oc_attribute` VALUES (21,7,9),(20,7,8),(62,7,2),(19,7,7),(18,7,6),(17,7,5),(16,7,4),(15,7,3),(14,7,1),(13,7,1),(12,7,0),(22,7,10),(23,7,11),(24,7,12),(25,7,13),(26,7,14),(27,7,15),(28,7,16),(29,7,17),(30,7,18),(31,7,19),(32,7,200),(33,8,0),(34,8,1),(35,7,6),(36,7,9),(37,7,15),(38,7,14),(39,7,2),(40,7,2),(41,7,2),(42,7,14),(43,7,2),(44,7,1),(45,7,30),(46,7,40),(47,7,50),(48,7,70),(49,8,0),(50,7,15),(51,7,15),(54,7,1),(53,7,15),(55,7,0),(56,7,1),(57,7,2),(58,7,10),(59,7,9),(61,7,3),(63,7,6),(64,7,3),(65,7,3),(66,7,3),(67,7,0),(68,7,0),(69,7,11),(70,7,0),(71,7,0),(72,7,3);

--
-- Table structure for table `oc_attribute_description`
--

CREATE TABLE `oc_attribute_description` (
  `attribute_id` int(11) NOT NULL,
  `language_id` int(11) NOT NULL,
  `name` varchar(64) NOT NULL,
  PRIMARY KEY (`attribute_id`,`language_id`)
) ENGINE=MyISAM DEFAULT CHARSET=utf8;

--
-- Dumping data for table `oc_attribute_description`
--

INSERT INTO `oc_attribute_description` VALUES (16,1,'Radni pritisak'),(15,1,'Radni napon'),(14,1,'Snaga elektrogrejača'),(13,1,'Materijal kazana'),(12,1,'Zapremina'),(62,7,'Materijal pasterizatora'),(21,1,'Regulacija temperature'),(20,1,'Izolacija'),(19,1,'Vreme zagrevanja 15-75°C'),(18,1,'Montaža'),(17,1,'Priključci'),(22,1,'Indikator napona'),(23,1,'Zaštita od zamrzavanja'),(24,1,'Broj termostata'),(25,1,'Priključni kabl'),(26,1,'Visina'),(27,1,'Širina'),(28,1,'Dubina'),(29,1,'Pakovanje visina'),(30,1,'Pakovanje širina'),(31,1,'Pakovanje dubina'),(32,1,'Bruto težina'),(33,1,'Garancija na kazan'),(34,1,'Garancija na ostale uređaje'),(35,1,'Broj zidnih nosača'),(36,1,'Debljina izolacije'),(37,1,'Prečnik'),(38,1,'Sigurnosni ventil'),(39,1,'Materijal izmenjivača'),(40,1,'Snaga izmenjivača'),(41,1,'Površina izmenjivača'),(42,1,'Dopunski sigurnosni ventil'),(43,1,'Broj izmenjivača'),(44,1,'Broj elektrogrejača'),(45,1,'Balon guma'),(46,1,'Maksimalni pritisak'),(47,1,'Temperaturni opseg'),(48,1,'Ventil za regulaciju pritiska'),(49,1,'Garancija'),(50,1,'Priključak za manometar'),(51,1,'Priključak za sklopku'),(54,1,'Materijal posude'),(53,1,'Ulaz - izlaz vode'),(55,1,'Materijal'),(56,1,'Debljina unutrašnje cevi'),(57,1,'Debljina obloge dimnjaka'),(58,1,'Dimenzije Ø (mm)'),(59,1,'Debljina inox materijala'),(16,7,'Radni pritisak'),(15,7,'Radni napon'),(14,7,'Snaga elektrogrejača'),(13,7,'Materijal kazana'),(12,7,'Zapremina'),(61,1,'Termostat'),(21,7,'Regulacija temperature'),(20,7,'Izolacija'),(19,7,'Vreme zagrevanja 15-75°C'),(18,7,'Montaža'),(17,7,'Priključci'),(22,7,'Indikator napona'),(23,7,'Zaštita od zamrzavanja'),(24,7,'Broj termostata'),(25,7,'Priključni kabl'),(26,7,'Visina'),(27,7,'Širina'),(28,7,'Dubina'),(29,7,'Pakovanje visina'),(30,7,'Pakovanje širina'),(31,7,'Pakovanje dubina'),(32,7,'Bruto težina'),(33,7,'Garancija na kazan'),(34,7,'Garancija na ostale uređaje'),(35,7,'Broj zidnih nosača'),(36,7,'Debljina izolacije'),(37,7,'Prečnik'),(38,7,'Sigurnosni ventil'),(39,7,'Materijal izmenjivača'),(40,7,'Snaga izmenjivača'),(41,7,'Površina izmenjivača'),(42,7,'Dopunski sigurnosni ventil'),(43,7,'Broj izmenjivača'),(44,7,'Broj elektrogrejača'),(45,7,'Balon guma'),(46,7,'Maksimalni pritisak'),(47,7,'Temperaturni opseg'),(48,7,'Ventil za regulaciju pritiska'),(49,7,'Garancija'),(50,7,'Priključak za manometar'),(51,7,'Priključak za sklopku'),(54,7,'Materijal posude'),(53,7,'Ulaz - izlaz vode'),(55,7,'Materijal'),(56,7,'Debljina unutrašnje cevi'),(57,7,'Debljina obloge dimnjaka'),(58,7,'Dimenzije Ø (mm)'),(59,7,'Debljina inox materijala'),(61,7,'Termostat'),(62,1,'Materijal pasterizatora'),(63,7,'Spoljna obloga'),(63,1,'Spoljna obloga'),(64,7,'100 litara'),(64,1,'100 litara'),(65,7,'150 litara'),(65,1,'150 litara'),(66,7,'350 litara'),(66,1,'350 litara'),(67,7,'8 litara'),(67,1,'8 litara'),(68,7,'12 litara'),(68,1,'12 litara'),(69,7,'Dužina (mm)'),(69,1,'Dužina (mm)'),(70,7,'Tip flanšne'),(70,1,'Tip flanšne'),(71,7,'Debljina čeličnog lima'),(71,1,'Debljina čeličnog lima'),(72,7,'Visina nožica'),(72,1,'Visina nožica');

--
-- Table structure for table `oc_attribute_group`
--

CREATE TABLE `oc_attribute_group` (
  `attribute_group_id` int(11) NOT NULL AUTO_INCREMENT,
  `sort_order` int(3) NOT NULL,
  PRIMARY KEY (`attribute_group_id`)
) ENGINE=MyISAM AUTO_INCREMENT=9 DEFAULT CHARSET=utf8;

--
-- Dumping data for table `oc_attribute_group`
--

INSERT INTO `oc_attribute_group` VALUES (8,1),(7,0);

--
-- Table structure for table `oc_attribute_group_description`
--

CREATE TABLE `oc_attribute_group_description` (
  `attribute_group_id` int(11) NOT NULL,
  `language_id` int(11) NOT NULL,
  `name` varchar(64) NOT NULL,
  PRIMARY KEY (`attribute_group_id`,`language_id`)
) ENGINE=MyISAM DEFAULT CHARSET=utf8;

--
-- Dumping data for table `oc_attribute_group_description`
--

INSERT INTO `oc_attribute_group_description` VALUES (8,1,'Garancija'),(7,1,'Karakteristike'),(8,7,'Garancija'),(7,7,'Karakteristike');

--
-- Table structure for table `oc_banner`
--

CREATE TABLE `oc_banner` (
  `banner_id` int(11) NOT NULL AUTO_INCREMENT,
  `name` varchar(64) NOT NULL,
  `status` tinyint(1) NOT NULL,
  PRIMARY KEY (`banner_id`)
) ENGINE=MyISAM AUTO_INCREMENT=13 DEFAULT CHARSET=utf8;

--
-- Dumping data for table `oc_banner`
--

INSERT INTO `oc_banner` VALUES (9,'SlideShow',1),(10,'TEST-BANER-TERMORAD',1);

--
-- Table structure for table `oc_banner_image`
--

CREATE TABLE `oc_banner_image` (
  `banner_image_id` int(11) NOT NULL AUTO_INCREMENT,
  `banner_id` int(11) NOT NULL,
  `link` varchar(255) NOT NULL,
  `image` varchar(255) NOT NULL,
  PRIMARY KEY (`banner_image_id`)
) ENGINE=MyISAM AUTO_INCREMENT=273 DEFAULT CHARSET=utf8;

--
-- Dumping data for table `oc_banner_image`
--

INSERT INTO `oc_banner_image` VALUES (272,9,'','data/Slajd_1_9.jpg'),(270,9,'','data/Slajd_1_6_2.jpg'),(94,10,'#','data/termorad-banner.png'),(271,9,'http://www.termorad.com/index.php?route=product/product&amp;path=82&amp;product_id=334','data/Slajd_1_11.jpg'),(268,9,'http://www.facebook.com/TermoradGroup','data/seka_like_termorad.jpg'),(269,9,'','data/Slajd_1_7.jpg'),(267,9,'','data/Slajd_1_5.jpg');

--
-- Table structure for table `oc_banner_image_description`
--

CREATE TABLE `oc_banner_image_description` (
  `banner_image_id` int(11) NOT NULL,
  `language_id` int(11) NOT NULL,
  `banner_id` int(11) NOT NULL,
  `title` varchar(64) NOT NULL,
  PRIMARY KEY (`banner_image_id`,`language_id`)
) ENGINE=MyISAM DEFAULT CHARSET=utf8;

--
-- Dumping data for table `oc_banner_image_description`
--

INSERT INTO `oc_banner_image_description` VALUES (272,1,9,'slideshow-6'),(272,7,9,'slideshow-6'),(271,1,9,'slideshow-1'),(271,7,9,'slideshow-1'),(270,1,9,'slideshow-4'),(270,7,9,'slideshow-4'),(269,1,9,'slideshow-2'),(269,7,9,'slideshow-2'),(268,1,9,'slideshow-3'),(268,7,9,'slideshow-3'),(94,1,10,'Sample Banner'),(94,7,10,'Sample Banner'),(267,1,9,'slideshow-5'),(267,7,9,'slideshow-5');

--
-- Table structure for table `oc_blog_categories`
--

CREATE TABLE `oc_blog_categories` (
  `id` smallint(5) unsigned NOT NULL AUTO_INCREMENT,
  `image` varchar(255) NOT NULL DEFAULT '0',
  `parent_id` smallint(5) unsigned NOT NULL DEFAULT '0',
  `published` tinyint(1) unsigned NOT NULL DEFAULT '0',
  `created` datetime NOT NULL,
  `modified` datetime NOT NULL,
  `created_by` smallint(5) unsigned NOT NULL DEFAULT '0',
  `modified_by` smallint(5) unsigned NOT NULL DEFAULT '0',
  `sort_order` tinyint(3) NOT NULL,
  `post_count` int(10) unsigned NOT NULL DEFAULT '0',
  PRIMARY KEY (`id`)
) ENGINE=MyISAM DEFAULT CHARSET=utf8;

--
-- Dumping data for table `oc_blog_categories`
--


--
-- Table structure for table `oc_blog_categories_description`
--

CREATE TABLE `oc_blog_categories_description` (
  `blog_category_id` int(10) unsigned NOT NULL DEFAULT '0',
  `language_id` int(10) unsigned NOT NULL DEFAULT '0',
  `name` varchar(255) COLLATE utf8_bin NOT NULL DEFAULT '',
  `description` text COLLATE utf8_bin NOT NULL,
  `meta_description` varchar(255) COLLATE utf8_bin NOT NULL,
  `meta_keyword` varchar(255) COLLATE utf8_bin NOT NULL,
  PRIMARY KEY (`blog_category_id`,`language_id`),
  KEY `name` (`name`)
) ENGINE=MyISAM DEFAULT CHARSET=utf8 COLLATE=utf8_bin;

--
-- Dumping data for table `oc_blog_categories_description`
--


--
-- Table structure for table `oc_blog_categories_to_layout`
--

CREATE TABLE `oc_blog_categories_to_layout` (
  `blog_category_id` int(10) unsigned NOT NULL DEFAULT '0',
  `store_id` int(10) unsigned NOT NULL DEFAULT '0',
  `layout_id` int(10) unsigned NOT NULL DEFAULT '0',
  PRIMARY KEY (`blog_category_id`,`store_id`)
) ENGINE=MyISAM DEFAULT CHARSET=utf8 COLLATE=utf8_bin;

--
-- Dumping data for table `oc_blog_categories_to_layout`
--


--
-- Table structure for table `oc_blog_categories_to_store`
--

CREATE TABLE `oc_blog_categories_to_store` (
  `blog_category_id` int(10) unsigned NOT NULL DEFAULT '0',
  `store_id` int(10) unsigned NOT NULL DEFAULT '0',
  PRIMARY KEY (`blog_category_id`,`store_id`)
) ENGINE=MyISAM DEFAULT CHARSET=utf8 COLLATE=utf8_bin;

--
-- Dumping data for table `oc_blog_categories_to_store`
--


--
-- Table structure for table `oc_blog_comments`
--

CREATE TABLE `oc_blog_comments` (
  `id` int(10) unsigned NOT NULL AUTO_INCREMENT,
  `blog_post_id` int(10) unsigned NOT NULL DEFAULT '0',
  `customer_id` int(10) unsigned NOT NULL DEFAULT '0',
  `author_name` varchar(255) NOT NULL,
  `author_email` varchar(255) NOT NULL,
  `author_ip` varchar(255) NOT NULL,
  `content` text NOT NULL,
  `blog_comment_id` int(10) unsigned NOT NULL,
  `approved_by` smallint(5) unsigned NOT NULL DEFAULT '0',
  `approved` tinyint(1) unsigned NOT NULL DEFAULT '0',
  `published` tinyint(1) unsigned NOT NULL DEFAULT '0',
  `created` datetime NOT NULL,
  `modified` datetime NOT NULL,
  `rating` int(1) NOT NULL,
  PRIMARY KEY (`id`),
  KEY `blog_post_id_published` (`approved`,`blog_post_id`),
  KEY `blog_post_id` (`blog_post_id`)
) ENGINE=MyISAM DEFAULT CHARSET=utf8;

--
-- Dumping data for table `oc_blog_comments`
--


--
-- Table structure for table `oc_blog_images`
--

CREATE TABLE `oc_blog_images` (
  `id` int(10) unsigned NOT NULL AUTO_INCREMENT,
  `blog_post_id` int(10) unsigned NOT NULL DEFAULT '0',
  `title` varchar(255) NOT NULL,
  `image` varchar(255) NOT NULL,
  `link` varchar(255) NOT NULL,
  `published` tinyint(1) unsigned NOT NULL DEFAULT '0',
  `created` datetime NOT NULL,
  `modified` datetime NOT NULL,
  `created_by` smallint(5) unsigned NOT NULL DEFAULT '0',
  `modified_by` smallint(5) unsigned NOT NULL DEFAULT '0',
  PRIMARY KEY (`id`)
) ENGINE=MyISAM DEFAULT CHARSET=utf8;

--
-- Dumping data for table `oc_blog_images`
--


--
-- Table structure for table `oc_blog_links`
--

CREATE TABLE `oc_blog_links` (
  `id` int(10) unsigned NOT NULL AUTO_INCREMENT,
  `created` datetime NOT NULL,
  `modified` datetime NOT NULL,
  PRIMARY KEY (`id`)
) ENGINE=MyISAM DEFAULT CHARSET=utf8 COLLATE=utf8_bin;

--
-- Dumping data for table `oc_blog_links`
--


--
-- Table structure for table `oc_blog_links_description`
--

CREATE TABLE `oc_blog_links_description` (
  `blog_link_id` int(10) unsigned NOT NULL DEFAULT '0',
  `language_id` int(10) unsigned NOT NULL DEFAULT '0',
  `name` varchar(255) COLLATE utf8_bin NOT NULL,
  `href` varchar(255) COLLATE utf8_bin NOT NULL,
  `published` tinyint(1) unsigned NOT NULL DEFAULT '0',
  `sort_order` tinyint(1) unsigned NOT NULL DEFAULT '0',
  `target` tinyint(1) unsigned NOT NULL DEFAULT '0'
) ENGINE=MyISAM DEFAULT CHARSET=utf8 COLLATE=utf8_bin;

--
-- Dumping data for table `oc_blog_links_description`
--


--
-- Table structure for table `oc_blog_posts`
--

CREATE TABLE `oc_blog_posts` (
  `id` int(10) unsigned NOT NULL AUTO_INCREMENT,
  `comments_count` smallint(5) unsigned NOT NULL DEFAULT '0',
  `published` tinyint(1) unsigned NOT NULL DEFAULT '0',
  `created` datetime NOT NULL,
  `created_by` tinyint(3) unsigned NOT NULL DEFAULT '0',
  `modified` datetime NOT NULL,
  `modified_by` tinyint(3) unsigned NOT NULL DEFAULT '0',
  `sort_order` tinyint(3) NOT NULL,
  PRIMARY KEY (`id`),
  KEY `published` (`published`)
) ENGINE=MyISAM AUTO_INCREMENT=4 DEFAULT CHARSET=utf8;

--
-- Dumping data for table `oc_blog_posts`
--

INSERT INTO `oc_blog_posts` VALUES (1,0,0,'2013-08-02 15:10:34',1,'2014-07-28 10:44:15',1,0),(2,0,0,'2013-08-05 10:00:39',1,'2014-07-28 10:44:04',1,0),(3,0,0,'2013-08-05 10:12:08',1,'2014-07-28 10:43:35',1,0);

--
-- Table structure for table `oc_blog_posts_description`
--

CREATE TABLE `oc_blog_posts_description` (
  `blog_post_id` int(10) unsigned NOT NULL DEFAULT '0',
  `language_id` int(10) unsigned NOT NULL DEFAULT '0',
  `title` varchar(255) NOT NULL,
  `description` mediumtext NOT NULL
) ENGINE=MyISAM DEFAULT CHARSET=utf8;

--
-- Dumping data for table `oc_blog_posts_description`
--

INSERT INTO `oc_blog_posts_description` VALUES (2,1,'Termorad pasterizator','&lt;p&gt;aaa&lt;/p&gt;\r\n'),(3,7,' Termorad predstavništvo u Beogradu','&lt;p&gt;Termorad predstavništvo i izložbeno-prodajni salon su počeli sa radom u januaru 2013. godine u Beogradu.&amp;nbsp;U salonu se mogu videti sve grupe proizvoda koje Termorad Group proizvodi.&amp;nbsp;&lt;br /&gt;\r\n&lt;span style=&quot;line-height: 1.6em;&quot;&gt;Izloženi su električni i solarni bojleri, dimnjaci za domaćinstva i poslovne objekte, hidroforske posude za vodu, posude za vino, rakiju, kao&amp;nbsp;i ekspanzione posude za grejanje.&lt;br /&gt;\r\nPored prodaje, u predstavništvu se mogu dobiti korisne informacije i potrebna&amp;nbsp;tehnička podrška za Termorad proizvode.&lt;/span&gt;&lt;/p&gt;\r\n\r\n&lt;p&gt;Adresa predstavništva je &lt;strong&gt;Sarajevska 76-78&lt;/strong&gt;, Beograd.&lt;br /&gt;\r\nTelefon 011 3660-519&lt;br /&gt;\r\nFax 011 2684-340&lt;br /&gt;\r\nRadno vreme je od 9 do 21 h&lt;/p&gt;\r\n\r\n&lt;div class=&quot;spacer&quot;&gt;&amp;nbsp;&lt;/div&gt;\r\n\r\n&lt;table align=&quot;center&quot; border=&quot;0&quot; cellpadding=&quot;0&quot; cellspacing=&quot;0&quot; class=&quot;slike&quot; width=&quot;100%&quot;&gt;\r\n	&lt;tbody&gt;\r\n		&lt;tr&gt;\r\n			&lt;td&gt;&lt;img alt=&quot;&quot; height=&quot;205&quot; src=&quot;http://www.termorad.com/images/img/termorad-sarajevska-1.jpg&quot; width=&quot;307&quot; /&gt;&lt;/td&gt;\r\n			&lt;td&gt;&lt;img alt=&quot;&quot; height=&quot;205&quot; src=&quot;http://www.termorad.com/images/img/termorad-sarajevska-2.jpg&quot; width=&quot;280&quot; /&gt;&lt;/td&gt;\r\n		&lt;/tr&gt;\r\n	&lt;/tbody&gt;\r\n&lt;/table&gt;\r\n'),(1,1,'Otvoren Termorad LinkedIn profil','&lt;p&gt;aaaaaa&lt;/p&gt;\r\n'),(2,7,'Termorad pasterizator','&lt;div class=&quot;entry-content&quot;&gt;\r\n&lt;p&gt;&lt;a href=&quot;http://www.termorad.com/images/img/proizvodi/pasterizator.jpg&quot; rel=&quot;lightbox[content]&quot; title=&quot;Termorad pasterizator&quot;&gt;&lt;img alt=&quot;&quot; class=&quot;alignleft framed&quot; src=&quot;http://www.termorad.com/images/img/proizvodi/pasterizator_.jpg&quot; style=&quot;opacity: 1; float: left;&quot; title=&quot;Termorad pasterizator&quot; /&gt;&lt;/a&gt;&lt;/p&gt;\r\n\r\n&lt;h4 style=&quot;margin-top:0&quot;&gt;&lt;span style=&quot;line-height: 1.6em;&quot;&gt;Pasterizacijom proizvoda se postiže uništavanje najmanje 95% mikro organizama. U zavisnosti od temperature i vremena zagrevanja, dobija se proizvod upotrebljiv i do nekoliko meseci od dana proizvodnje, bez gubitka kvaliteta.&lt;/span&gt;&lt;/h4&gt;\r\n\r\n&lt;p&gt;&amp;nbsp;&lt;/p&gt;\r\n\r\n&lt;p&gt;&amp;nbsp;&lt;/p&gt;\r\n\r\n&lt;p&gt;&amp;nbsp;&lt;/p&gt;\r\n\r\n&lt;p&gt;&amp;nbsp;&lt;/p&gt;\r\n\r\n&lt;table class=&quot;attribute&quot;&gt;\r\n	&lt;thead&gt;\r\n		&lt;tr&gt;\r\n			&lt;td colspan=&quot;2&quot;&gt;Karakteristike prohromskog pasterizatora&lt;/td&gt;\r\n		&lt;/tr&gt;\r\n	&lt;/thead&gt;\r\n	&lt;tbody&gt;\r\n		&lt;tr&gt;\r\n			&lt;td&gt;Zapremina&lt;/td&gt;\r\n			&lt;td class=&quot;alt&quot;&gt;100 litara&lt;/td&gt;\r\n		&lt;/tr&gt;\r\n		&lt;tr&gt;\r\n			&lt;td&gt;Materijal pasterizatora&lt;/td&gt;\r\n			&lt;td class=&quot;alt&quot;&gt;prohrom AISI 304&lt;/td&gt;\r\n		&lt;/tr&gt;\r\n		&lt;tr&gt;\r\n			&lt;td&gt;Snaga elektrogrejača&lt;/td&gt;\r\n			&lt;td class=&quot;alt&quot;&gt;6 kW&lt;/td&gt;\r\n		&lt;/tr&gt;\r\n		&lt;tr&gt;\r\n			&lt;td&gt;Termostat&lt;/td&gt;\r\n			&lt;td class=&quot;alt&quot;&gt;110°&lt;/td&gt;\r\n		&lt;/tr&gt;\r\n		&lt;tr&gt;\r\n			&lt;td&gt;Regulacija temperature&lt;/td&gt;\r\n			&lt;td class=&quot;alt&quot;&gt;da&lt;/td&gt;\r\n		&lt;/tr&gt;\r\n		&lt;tr&gt;\r\n			&lt;td&gt;Izolacija&lt;/td&gt;\r\n			&lt;td class=&quot;alt&quot;&gt;mineralna vuna&lt;/td&gt;\r\n		&lt;/tr&gt;\r\n		&lt;tr&gt;\r\n			&lt;td&gt;Spoljna obloga&lt;/td&gt;\r\n			&lt;td class=&quot;alt&quot;&gt;prohrom&lt;/td&gt;\r\n		&lt;/tr&gt;\r\n		&lt;tr&gt;\r\n			&lt;td&gt;Visina&lt;/td&gt;\r\n			&lt;td class=&quot;alt&quot;&gt;1020 mm&lt;/td&gt;\r\n		&lt;/tr&gt;\r\n		&lt;tr&gt;\r\n			&lt;td&gt;Širina&lt;/td&gt;\r\n			&lt;td class=&quot;alt&quot;&gt;520 mm&lt;/td&gt;\r\n		&lt;/tr&gt;\r\n	&lt;/tbody&gt;\r\n	&lt;thead&gt;\r\n		&lt;tr&gt;\r\n			&lt;td colspan=&quot;2&quot; scope=&quot;col&quot;&gt;Garancija&lt;/td&gt;\r\n		&lt;/tr&gt;\r\n	&lt;/thead&gt;\r\n	&lt;tbody&gt;\r\n		&lt;tr&gt;\r\n			&lt;td&gt;Garancija&lt;/td&gt;\r\n			&lt;td class=&quot;alt&quot;&gt;2 godine&lt;/td&gt;\r\n		&lt;/tr&gt;\r\n	&lt;/tbody&gt;\r\n&lt;/table&gt;\r\n\r\n&lt;div class=&quot;spacer big&quot;&gt;&amp;nbsp;&lt;/div&gt;\r\n\r\n&lt;div class=&quot;spacer big&quot;&gt;&amp;nbsp;&lt;/div&gt;\r\n&lt;img alt=&quot;&quot; src=&quot;http://www.termorad.com/images/img/proizvodi/pasterizator-novo.jpg&quot; title=&quot;Termorad pasterizator&quot; /&gt;&lt;/div&gt;\r\n'),(1,7,'Otvoren Termorad LinkedIn profil','&lt;div class=&quot;entry-content&quot;&gt;\r\n&lt;p&gt;&lt;a href=&quot;http://www.termorad.com/images/img/linkedin_logo_119532.jpg&quot; rel=&quot;lightbox[content]&quot; title=&quot;LinkedIn logo&quot;&gt;&lt;img alt=&quot;&quot; class=&quot;alignleft framed&quot; src=&quot;http://www.termorad.com/images/img/linkedin_logo_small.jpg&quot; style=&quot;opacity: 1;&quot; title=&quot;LinkedIn logo&quot; /&gt;&lt;/a&gt;&lt;/p&gt;\r\nNedavno je počeo sa radom LinkedIn profil Termorad Group. Na stranici profila možete se povezati sa sektorima prodaje, tehničke službe, marketinga... Pozivamo Vas da pratite firmu na LinkedIn-u, kako bi ste uvek bili informisani o dešavanjima i proizvodima Termorad Group-a.\r\n\r\n&lt;div class=&quot;spacer&quot;&gt;&amp;nbsp;&lt;/div&gt;\r\n&lt;a href=&quot;http://www.linkedin.com/company/termorad-group&quot; target=&quot;_blank&quot;&gt;LinkedIn profil&lt;/a&gt;\r\n\r\n&lt;div class=&quot;spacer big&quot;&gt;&amp;nbsp;&lt;/div&gt;\r\n\r\n&lt;div class=&quot;spacer big&quot;&gt;&amp;nbsp;&lt;/div&gt;\r\n\r\n&lt;div class=&quot;spacer big&quot;&gt;&amp;nbsp;&lt;/div&gt;\r\n\r\n&lt;div class=&quot;spacer big&quot;&gt;&amp;nbsp;&lt;/div&gt;\r\n\r\n&lt;div class=&quot;spacer big&quot;&gt;&amp;nbsp;&lt;/div&gt;\r\n\r\n&lt;div class=&quot;spacer big&quot;&gt;&amp;nbsp;&lt;/div&gt;\r\n\r\n&lt;div class=&quot;spacer big&quot;&gt;&amp;nbsp;&lt;/div&gt;\r\n\r\n&lt;div class=&quot;spacer big&quot;&gt;&amp;nbsp;&lt;/div&gt;\r\n\r\n&lt;div class=&quot;spacer big&quot;&gt;&amp;nbsp;&lt;/div&gt;\r\n\r\n&lt;div class=&quot;spacer big&quot;&gt;&amp;nbsp;&lt;/div&gt;\r\n\r\n&lt;div class=&quot;spacer big&quot;&gt;&amp;nbsp;&lt;/div&gt;\r\n\r\n&lt;div class=&quot;spacer big&quot;&gt;&amp;nbsp;&lt;/div&gt;\r\n\r\n&lt;div class=&quot;spacer big&quot;&gt;&amp;nbsp;&lt;/div&gt;\r\n&lt;img alt=&quot;&quot; src=&quot;http://www.termorad.com/images/img/linkedin_profil_012.jpg&quot; title=&quot;LinkedIn Profil&quot; /&gt;&lt;/div&gt;\r\n'),(3,1,' Termorad predstavništvo u Beogradu','&lt;p style=&quot;font-size: 13px;&quot;&gt;&lt;span style=&quot;font-size: 13px;&quot;&gt;Termorad predstavništvo i izložbeno-prodajni salon su počeli sa radom u januaru 2013. godine u Beogradu&lt;/span&gt;&lt;span style=&quot;font-size: 13px;&quot;&gt;.&amp;nbsp;U salonu se mogu videti sve grupe proizvoda koje Termorad Group proizvodi.&amp;nbsp;&lt;/span&gt;&lt;br style=&quot;font-size: 13px;&quot; /&gt;\r\n&lt;span style=&quot;font-size: 13px; line-height: 1.6em;&quot;&gt;Izloženi su električni i solarni bojleri, dimnjaci za domaćinstva i poslovne objekte, hidroforske posude za vodu, posude za vino, rakiju, kao&amp;nbsp;i ekspanzione posude za grejanje.&amp;nbsp;&lt;br /&gt;\r\nPored prodaje, u predstavništvu se mogu dobiti korisne informacije i potrebna&amp;nbsp;tehnička podrška za Termorad proizvode.&lt;/span&gt;&lt;br /&gt;\r\n&lt;br /&gt;\r\nAdresa predstavništva je&amp;nbsp;&lt;strong&gt;Sarajevska 76-78&lt;/strong&gt;, Beograd.&lt;br /&gt;\r\nTelefon 011 3660-519&lt;br /&gt;\r\nFax 011 2684-340&lt;br /&gt;\r\nRadno vreme je od 9 do 21 h&lt;/p&gt;\r\n\r\n&lt;div class=&quot;spacer&quot; style=&quot;font-size: 13px;&quot;&gt;&amp;nbsp;&lt;/div&gt;\r\n\r\n&lt;table align=&quot;center&quot; border=&quot;0&quot; cellpadding=&quot;0&quot; cellspacing=&quot;0&quot; class=&quot;slike&quot; style=&quot;font-size: 13px;&quot; width=&quot;100%&quot;&gt;\r\n	&lt;tbody&gt;\r\n		&lt;tr&gt;\r\n			&lt;td&gt;&lt;img alt=&quot;&quot; height=&quot;205&quot; src=&quot;http://www.termorad.rs/img/termorad-sarajevska-1.jpg&quot; width=&quot;307&quot; /&gt;&lt;/td&gt;\r\n			&lt;td&gt;&lt;img alt=&quot;&quot; height=&quot;205&quot; src=&quot;http://www.termorad.rs/img/termorad-sarajevska-2.jpg&quot; width=&quot;280&quot; /&gt;&lt;/td&gt;\r\n		&lt;/tr&gt;\r\n	&lt;/tbody&gt;\r\n&lt;/table&gt;\r\n');

--
-- Table structure for table `oc_blog_posts_to_blog_categories`
--

CREATE TABLE `oc_blog_posts_to_blog_categories` (
  `blog_post_id` int(11) NOT NULL,
  `blog_category_id` int(11) NOT NULL,
  PRIMARY KEY (`blog_post_id`,`blog_category_id`)
) ENGINE=MyISAM DEFAULT CHARSET=utf8 COLLATE=utf8_bin;

--
-- Dumping data for table `oc_blog_posts_to_blog_categories`
--


--
-- Table structure for table `oc_blog_posts_to_layout`
--

CREATE TABLE `oc_blog_posts_to_layout` (
  `blog_post_id` int(10) unsigned NOT NULL DEFAULT '0',
  `store_id` int(10) unsigned NOT NULL DEFAULT '0',
  `layout_id` int(10) unsigned NOT NULL DEFAULT '0',
  PRIMARY KEY (`blog_post_id`,`store_id`)
) ENGINE=MyISAM DEFAULT CHARSET=utf8 COLLATE=utf8_bin;

--
-- Dumping data for table `oc_blog_posts_to_layout`
--


--
-- Table structure for table `oc_blog_posts_to_store`
--

CREATE TABLE `oc_blog_posts_to_store` (
  `blog_post_id` int(10) unsigned NOT NULL DEFAULT '0',
  `store_id` int(10) unsigned NOT NULL DEFAULT '0',
  PRIMARY KEY (`blog_post_id`,`store_id`)
) ENGINE=MyISAM DEFAULT CHARSET=utf8 COLLATE=utf8_bin;

--
-- Dumping data for table `oc_blog_posts_to_store`
--

INSERT INTO `oc_blog_posts_to_store` VALUES (1,0),(2,0),(3,0);

--
-- Table structure for table `oc_category`
--

CREATE TABLE `oc_category` (
  `category_id` int(11) NOT NULL AUTO_INCREMENT,
  `image` varchar(255) DEFAULT NULL,
  `parent_id` int(11) NOT NULL DEFAULT '0',
  `top` tinyint(1) NOT NULL,
  `column` int(3) NOT NULL,
  `sort_order` int(3) NOT NULL DEFAULT '0',
  `status` tinyint(1) NOT NULL,
  `date_added` datetime NOT NULL DEFAULT '0000-00-00 00:00:00',
  `date_modified` datetime NOT NULL DEFAULT '0000-00-00 00:00:00',
  PRIMARY KEY (`category_id`)
) ENGINE=MyISAM AUTO_INCREMENT=96 DEFAULT CHARSET=utf8;

--
-- Dumping data for table `oc_category`
--

INSERT INTO `oc_category` VALUES (77,'',71,0,1,10,1,'2013-06-20 09:07:49','2013-10-03 14:02:12'),(81,'',70,0,1,3,1,'2013-07-26 13:28:08','2013-12-04 14:19:56'),(61,'',80,1,1,2,1,'2013-06-10 10:27:01','2013-06-27 09:34:33'),(62,'',80,1,1,4,1,'2013-06-10 10:27:18','2013-09-30 13:37:08'),(60,'',80,0,1,1,1,'2013-06-10 10:26:44','2013-06-27 09:33:34'),(76,'',71,0,1,5,0,'2013-06-20 09:06:43','2013-09-30 13:43:22'),(79,'',71,0,1,25,0,'2013-06-20 09:09:53','2013-09-30 13:43:45'),(78,'',71,0,1,20,0,'2013-06-20 09:09:24','2013-09-30 13:43:57'),(63,'',80,1,1,5,1,'2013-06-10 10:27:27','2013-09-30 13:41:46'),(64,'',80,1,1,6,1,'2013-06-10 10:27:39','2013-06-27 09:37:29'),(65,'',80,1,1,7,1,'2013-06-10 10:28:12','2013-06-27 09:38:17'),(74,'',70,0,1,3,1,'2013-06-12 11:55:00','2013-09-25 14:47:52'),(73,'',70,0,1,0,1,'2013-06-12 11:54:27','2013-10-04 08:59:28'),(75,'',71,0,1,1,0,'2013-06-20 09:05:54','2013-09-30 13:43:36'),(72,'',70,0,1,1,1,'2013-06-12 11:52:31','2013-10-04 11:13:31'),(71,'',0,1,1,3,1,'2013-06-10 10:30:35','2013-07-18 10:30:49'),(70,'',0,1,1,2,1,'2013-06-10 10:29:58','2013-12-11 15:55:30'),(69,'',80,1,1,11,1,'2013-06-10 10:29:42','2013-06-27 09:51:52'),(68,'',80,1,1,10,1,'2013-06-10 10:29:19','2013-06-27 09:51:12'),(67,'',80,1,1,9,1,'2013-06-10 10:28:54','2013-09-30 13:36:41'),(66,'',80,1,1,8,1,'2013-06-10 10:28:29','2013-06-27 11:11:51'),(59,'',80,1,1,0,1,'2013-06-10 10:25:00','2013-07-25 10:21:41'),(80,'',0,1,1,1,1,'2013-06-20 10:22:30','2013-10-03 13:35:45'),(82,'',0,0,1,3,1,'2013-09-20 14:43:36','2013-10-05 12:33:53'),(83,'',0,0,1,4,1,'2013-09-21 12:47:43','2013-09-21 12:47:43'),(84,'',83,0,1,0,1,'2013-09-21 12:49:04','2013-09-21 12:49:04'),(85,'',83,0,1,1,1,'2013-09-21 12:50:45','2013-09-21 12:50:45'),(86,'',83,0,1,1,1,'2013-09-25 09:33:36','2013-09-25 09:33:36'),(87,'',77,0,1,0,1,'2013-09-30 13:55:47','2013-09-30 13:55:47'),(88,'',77,0,1,1,1,'2013-09-30 13:56:41','2013-09-30 13:56:41'),(89,'',77,0,1,2,1,'2013-09-30 13:57:09','2013-09-30 13:57:09'),(90,'',77,0,1,3,1,'2013-09-30 13:57:52','2013-09-30 13:57:52'),(91,'',77,0,1,4,1,'2013-09-30 13:58:31','2013-09-30 13:58:31'),(92,'',77,0,1,5,1,'2013-09-30 13:58:57','2013-09-30 13:58:57'),(93,'',77,0,1,6,1,'2013-09-30 13:59:35','2013-09-30 13:59:35'),(94,'',82,0,1,0,0,'2013-10-05 12:38:19','2014-05-28 09:43:54'),(95,'',70,0,1,4,1,'2013-11-18 20:53:41','2013-11-18 20:53:41');

--
-- Table structure for table `oc_category_description`
--

CREATE TABLE `oc_category_description` (
  `category_id` int(11) NOT NULL,
  `language_id` int(11) NOT NULL,
  `name` varchar(255) NOT NULL,
  `description` text NOT NULL,
  `meta_description` varchar(255) NOT NULL,
  `meta_keyword` varchar(255) NOT NULL,
  `custom_title` varchar(255) DEFAULT '',
  PRIMARY KEY (`category_id`,`language_id`),
  KEY `name` (`name`)
) ENGINE=MyISAM DEFAULT CHARSET=utf8;

--
-- Dumping data for table `oc_category_description`
--

INSERT INTO `oc_category_description` VALUES (72,1,'Prohromske hidroforske posude','&lt;p&gt;Hidroforske posude su namenjene za akumulaciju vode a nalaze široku primenu u domaćinstvima, ugostiteljskim i drugim privrednim objektima, objektima za odmor i rekreaciju odnosno svuda gde je potrebno obezbediti veću količinu vode pod pritiskom. Pored obezbeđenja fiziološke sigurnosti vode, upotrebom ovih posuda znatno se smanjuje broj uključivanja hidroforskog motora, čime je produžen vek motora smanjena buka i potrošnja energije. Termorad posude su prve na tržištu sa ugrađenim nivostatom čime je omogućen uvid u odnos voda/vazduh u posudi, odnosno omogućeno je bolje iskorišćenje posude.&lt;/p&gt;\r\n','','',''),(62,1,'Prohrom bojleri horizontalni','&lt;p&gt;Kada postoji potreba za bojlerom veće zapremine a javlja se problem prostora (kos krov, malo kupatilo), bojler ovog tipa je preporučljiv zbog svoje kompaktnosti i mogućnosti da odgovori na različite tehničke zahteve. Potpuno je istih karakteristika kao i vertikalni bojler, odlikuje ga odlična termička izolacija.&lt;/p&gt;\r\n','','',''),(63,1,'Prohrom bojleri horiz. solarni','&lt;p&gt;U skladu sa savremenim trendovima u oblasti očuvanja energije i njene racionalne upotrebe konstruisali smo bojler sa izmenjivačem toplote. Ovaj tip bojlera omogućava upotrebu tople vode iz sistema centralnog grejanja ili iz kolektora sunčeve energije za zagrevanje vode u prohromskom kazanu. Na ovaj način ostvaruju se velike uštede u električnoj energiji.&lt;/p&gt;\r\n','','',''),(65,1,'Emajl bojleri vert. bez regulacije temperature','&lt;p&gt;Kazan je površinski obradjen i emajliran na temperaturi od 850°C što znači da je fiziološki pouzdan. Radi sigurnosti bojler se fiksira na zid sa dva nosača. Poliuretanska izolacija predstavlja najbolje rešenje za uštedu energije i očuvanje zagrejane vode.&lt;/p&gt;\r\n','','',''),(67,1,'Emajl bojleri horizontalni','&lt;p&gt;Kazan je površinski obradjen i emajliran na temperaturi od 850°C što znači da je fiziološki pouzdan. Radi sigurnosti bojler se fiksira na zid sa dva nosača. Poliuretanska izolacija predstavlja najbolje rešenje za uštedu energije i očuvanje zagrejane vode.&lt;/p&gt;\r\n','','',''),(71,7,'Dimnjaci','','','',''),(74,1,'Ekspanzione posude','&lt;p&gt;Ekspanzione posude su namenjene za ugradnju u sisteme centralnog grejanja. Izrađuju se u zapreminama od 8, 12, 24, 35 i 50 litara sa balon gumom. Mogućnost regulacije pritiska preko standardnog pneumatskog ventila. Opterećenje instalacije grejanja je neutralisno jer posude imaju zidni nosač kojim se fiksiraju. Površinska zaštita je izvedena plastifikacijom u sjajno crvenoj boji koja estetski ističe ove proizvode.&lt;/p&gt;\r\n','','',''),(59,1,'Prelivni bojleri','&lt;p&gt;Termorad bojleri vrlo brzo mogu zagrejati male količine vode koje su neophodne najčešće u kuhinjama, a kompaktna izrada omogućava ugradnju u gotovo svaki kuhinjski nameštaj. Sada postoje i modeli koji rade pod pritiskom. Prema mestu ugradnje mogu biti za ugradnju ispod ili iznad sudopere.&lt;/p&gt;\r\n','','',''),(60,1,'Prohrom bojleri vertikalni','&lt;p&gt;Kazan od nerđajućeg čelika predstavlja idealno rešenje za skladištenje vode. Prohromski materijal je fizioloski neutralan,hemijski ne reaguje sa vodom a samim tim doprinosi očuvanju njenog kvaliteta.Bojleri sa kazanom ove vrste doprineće očuvanju vašeg zdravlja. Primenom savremenih tehnologija na polju termičke izolacije i upotrebom poliuretanske pene uspeli smo da gubitke u toplotnoj energiji svedemo na minimum a samim tim povećamo uštedu električne energije.&lt;/p&gt;\r\n','','',''),(61,1,'Prohrom bojleri vert. solarni','&lt;p&gt;U skladu sa savremenim trendovima u oblasti očuvanja energije i njene racionalne upotrebe konstruisali smo bojler sa izmenjivačem toplote. Ovaj tip bojlera omogućava upotrebu tople vode iz sistema centralnog grejanja ili iz kolektora sunčeve energije za zagrevanje vode u prohromskom kazanu. Na ovaj način ostvaruju se velike uštede u električnoj energiji.&lt;/p&gt;\r\n','','',''),(73,1,'Pocinkovane hidroforske posude','&lt;p&gt;Pocinkovane posude se izrađuju u zapreminama od 60 do 160 litara. Predstavljaju ekonomičnije ali i dalje kvalitetno rešenje za skladištenje vode. Maksimalni pritisak 0,6 MPa (6 bara). Posude su toplocinkovanim postupkom zaštićene sa obe strane (spoljašnja i unutršanja) čime je neutralisana mogućnost korozije.&lt;/p&gt;\r\n','','',''),(66,1,'Emajl bojleri vertikalni solarni','&lt;p&gt;Kazan je površinski obradjen i emajliran na temperaturi od 850°C što znači da je fiziološki pouzdan. Radi sigurnosti bojler se fiksira na zid sa dva nosača. Poliuretanska izolacija predstavlja najbolje rešenje za uštedu energije i očuvanje zagrejane vode.&lt;/p&gt;\r\n','','',''),(68,1,'Prohrom bojleri velike litraže','&lt;p&gt;Iz našeg širokog asortimana izdvajamo bojlere većih zapremina od 200l, 280l i 500l. Pored toga što su znatno veće litraže ove bojlere izdvaja i to što mogu biti sa dva izmenjivača toplote.&lt;/p&gt;\r\n','','',''),(70,7,'Posude','&lt;p&gt;Zadovoljstvo nam je da Vam predstavimo Termorad posude vrhunskog kvaliteta. Prohromske i pocinkovane hidroforske posude koje su namenjene za akumulaciju vode u domaćinstvima i drugim ugostiteljskim ili privrednim objektima. Nove ekspanzione posude sa balon gumom koje su namenjene za ugradnju u sisteme centralnog grejanja. Prohromske posude za vino izrađene od visoko kvalitetnog prohroma (EN 1.4301), koje služe sa skladištenje&amp;nbsp;svih vrsta vina.&lt;/p&gt;\r\n','','',''),(70,1,'Posude','&lt;p&gt;&lt;span style=&quot;font-size: 13px;&quot;&gt;Zadovoljstvo nam je da Vam predstavimo Termorad posude vrhunskog kvaliteta. Prohromske i pocinkovane hidroforske posude koje su namenjene za akumulaciju vode u domaćinstvima i drugim ugostiteljskim ili privrednim objektima. Nove ekspanzione posude sa balon gumom koje su namenjene za ugradnju u sisteme centralnog grejanja. Prohromske posude za vino izrađene od visoko kvalitetnog prohroma (EN 1.4301), koje služe sa skladištenje&amp;nbsp;svih vrsta vina.&lt;/span&gt;&lt;/p&gt;\r\n','','',''),(69,1,'Prohrom bojleri velike litraže solarni','&lt;p&gt;Iz našeg širokog asortimana izdvajamo bojlere većih zapremina od 200l, 280l i 500l. Pored toga što su znatno veće litraže ove bojlere izdvaja i to što mogu biti sa dva izmenjivača toplote.&lt;/p&gt;\r\n','','',''),(64,1,'Emajl bojleri vert. sa regulacijom temperature','&lt;p&gt;Bojleri sa emajliranim kazanom tipa BTCR ima mogućnost regulacije temperature koja može doprineti uštedi energije. Kazan je površinski obradjen i emajliran na temperaturi od 850°C što znači da je fiziološki pouzdan. Radi sigurnosti bojler se fiksira na zid sa dva nosača. Poliuretanska izolacija predstavlja najbolje rešenje za uštedu energije i očuvanje zagrejane vode.&lt;/p&gt;\r\n','','',''),(75,1,'Industrijski dimnjaci','&lt;p&gt;Potpuno izolovan, za sve vrste goriva,&amp;nbsp; jednostavna i brza montaža&lt;/p&gt;\r\n','','',''),(76,1,'Elementi dimnjaka','&lt;p&gt;Jednozidni sistem od nerđajućeg čelika (inox)&lt;/p&gt;\r\n','','',''),(77,1,'Kućni dimnjaci','&lt;p&gt;Izolacija-kamena vuna, obloga izolacije-pocinkovani lim u više boja&lt;/p&gt;\r\n','','',''),(78,1,'Ugradnja dimnjaka','&lt;p&gt;Jednostavna, sigurna i brza montaža za samo jedan dan&lt;/p&gt;\r\n','','',''),(79,1,'Instalacije dimnjaka','&lt;p&gt;Mogućnost demontaže i promene mesta dimnjaka&lt;/p&gt;\r\n','','',''),(80,7,'Bojleri','','','',''),(72,7,'Prohromske hidroforske posude','&lt;p&gt;Hidroforske posude su namenjene za akumulaciju vode a nalaze široku primenu u domaćinstvima, ugostiteljskim i drugim privrednim objektima, objektima za odmor i rekreaciju odnosno svuda gde je potrebno obezbediti veću količinu vode pod pritiskom. Pored obezbeđenja fiziološke sigurnosti vode, upotrebom ovih posuda znatno se smanjuje broj uključivanja hidroforskog motora, čime je produžen vek motora smanjena buka i potrošnja energije. Termorad posude su prve na tržištu sa ugrađenim nivostatom čime je omogućen uvid u odnos voda/vazduh u posudi, odnosno omogućeno je bolje iskorišćenje posude.&lt;/p&gt;\r\n','','',''),(62,7,'Prohrom bojleri horizontalni','&lt;p&gt;Kada postoji potreba za bojlerom veće zapremine a javlja se problem prostora (kos krov, malo kupatilo), bojler ovog tipa je preporučljiv zbog svoje kompaktnosti i mogućnosti da odgovori na različite tehničke zahteve. Potpuno je istih karakteristika kao i vertikalni bojler, odlikuje ga odlična termička izolacija.&lt;/p&gt;\r\n','','',''),(63,7,'Prohrom bojleri horiz. solarni','&lt;p&gt;U skladu sa savremenim trendovima u oblasti očuvanja energije i njene racionalne upotrebe konstruisali smo bojler sa izmenjivačem toplote. Ovaj tip bojlera omogućava upotrebu tople vode iz sistema centralnog grejanja ili iz kolektora sunčeve energije za zagrevanje vode u prohromskom kazanu. Na ovaj način ostvaruju se velike uštede u električnoj energiji.&lt;/p&gt;\r\n','','',''),(65,7,'Emajl bojleri vert. bez regulacije temperature','&lt;p&gt;Kazan je površinski obradjen i emajliran na temperaturi od 850°C što znači da je fiziološki pouzdan. Radi sigurnosti bojler se fiksira na zid sa dva nosača. Poliuretanska izolacija predstavlja najbolje rešenje za uštedu energije i očuvanje zagrejane vode.&lt;/p&gt;\r\n','','',''),(67,7,'Emajl bojleri horizontalni','&lt;p&gt;Kazan je površinski obradjen i emajliran na temperaturi od 850°C što znači da je fiziološki pouzdan. Radi sigurnosti bojler se fiksira na zid sa dva nosača. Poliuretanska izolacija predstavlja najbolje rešenje za uštedu energije i očuvanje zagrejane vode.&lt;/p&gt;\r\n','','',''),(71,1,'Dimnjaci','','','',''),(74,7,'Ekspanzione posude','&lt;p&gt;Ekspanzione posude su namenjene za ugradnju u sisteme centralnog grejanja. Izrađuju se u zapreminama od 8, 12, 24, 35 i 50 litara sa balon gumom. Mogućnost regulacije pritiska preko standardnog pneumatskog ventila. Opterećenje instalacije grejanja je neutralisno jer posude imaju zidni nosač kojim se fiksiraju. Površinska zaštita je izvedena plastifikacijom u sjajno crvenoj boji koja estetski ističe ove proizvode.&lt;/p&gt;\r\n','','',''),(59,7,'Prelivni bojleri','&lt;p&gt;Termorad bojleri vrlo brzo mogu zagrejati male količine vode koje su neophodne najčešće u kuhinjama, a kompaktna izrada omogućava ugradnju u gotovo svaki kuhinjski nameštaj. Sada postoje i modeli koji rade pod pritiskom. Prema mestu ugradnje mogu biti za ugradnju ispod ili iznad sudopere.&lt;/p&gt;\r\n','','',''),(60,7,'Prohrom bojleri vertikalni','&lt;p&gt;Kazan od nerđajućeg čelika predstavlja idealno rešenje za skladištenje vode. Prohromski materijal je fizioloski neutralan,hemijski ne reaguje sa vodom a samim tim doprinosi očuvanju njenog kvaliteta.Bojleri sa kazanom ove vrste doprineće očuvanju vašeg zdravlja. Primenom savremenih tehnologija na polju termičke izolacije i upotrebom poliuretanske pene uspeli smo da gubitke u toplotnoj energiji svedemo na minimum a samim tim povećamo uštedu električne energije.&lt;/p&gt;\r\n','','',''),(61,7,'Prohrom bojleri vert. solarni','&lt;p&gt;U skladu sa savremenim trendovima u oblasti očuvanja energije i njene racionalne upotrebe konstruisali smo bojler sa izmenjivačem toplote. Ovaj tip bojlera omogućava upotrebu tople vode iz sistema centralnog grejanja ili iz kolektora sunčeve energije za zagrevanje vode u prohromskom kazanu. Na ovaj način ostvaruju se velike uštede u električnoj energiji.&lt;/p&gt;\r\n','','',''),(73,7,'Pocinkovane hidroforske posude','&lt;p&gt;Pocinkovane posude se izrađuju u zapreminama od 60 do 160 litara. Predstavljaju ekonomičnije ali i dalje kvalitetno rešenje za skladištenje vode. Maksimalni pritisak 0,6 MPa (6 bara). Posude su toplocinkovanim postupkom zaštićene sa obe strane (spoljašnja i unutršanja) čime je neutralisana mogućnost korozije.&lt;/p&gt;\r\n','','',''),(66,7,'Emajl bojleri vertikalni solarni','&lt;p&gt;Kazan je površinski obradjen i emajliran na temperaturi od 850°C što znači da je fiziološki pouzdan. Radi sigurnosti bojler se fiksira na zid sa dva nosača. Poliuretanska izolacija predstavlja najbolje rešenje za uštedu energije i očuvanje zagrejane vode.&lt;/p&gt;\r\n','','',''),(68,7,'Prohrom bojleri velike litraže','&lt;p&gt;Iz našeg širokog asortimana izdvajamo bojlere većih zapremina od 200l, 280l i 500l. Pored toga što su znatno veće litraže ove bojlere izdvaja i to što mogu biti sa dva izmenjivača toplote.&lt;/p&gt;\r\n','','',''),(69,7,'Prohrom bojleri velike litraže solarni','&lt;p&gt;Iz našeg širokog asortimana izdvajamo bojlere većih zapremina od 200l, 280l i 500l. Pored toga što su znatno veće litraže ove bojlere izdvaja i to što mogu biti sa dva izmenjivača toplote.&lt;/p&gt;\r\n','','',''),(64,7,'Emajl bojleri vert. sa regulacijom temperature','&lt;p&gt;Bojleri sa emajliranim kazanom tipa BTCR ima mogućnost regulacije temperature koja može doprineti uštedi energije. Kazan je površinski obradjen i emajliran na temperaturi od 850°C što znači da je fiziološki pouzdan. Radi sigurnosti bojler se fiksira na zid sa dva nosača. Poliuretanska izolacija predstavlja najbolje rešenje za uštedu energije i očuvanje zagrejane vode.&lt;/p&gt;\r\n','','',''),(75,7,'Industrijski dimnjaci','&lt;p&gt;Potpuno izolovan, za sve vrste goriva,&amp;nbsp; jednostavna i brza montaža&lt;/p&gt;\r\n','','',''),(76,7,'Elementi dimnjaka','&lt;p&gt;Jednozidni sistem od nerđajućeg čelika (inox)&lt;/p&gt;\r\n','','',''),(77,7,'Kućni dimnjaci','&lt;p&gt;Izolacija-kamena vuna, obloga izolacije-pocinkovani lim u više boja&lt;/p&gt;\r\n','','',''),(78,7,'Ugradnja dimnjaka','&lt;p&gt;Jednostavna, sigurna i brza montaža za samo jedan dan&lt;/p&gt;\r\n','','',''),(79,7,'Instalacije dimnjaka','&lt;p&gt;Mogućnost demontaže i promene mesta dimnjaka&lt;/p&gt;\r\n','','',''),(80,1,'Bojleri','','','',''),(81,7,'Posude za vino','&lt;p&gt;INOX posude za vino su namenjene za skladištenje svih vrsta vina.&amp;nbsp;Izradjene su od nerdjajućeg čelika (INOX-a) kvaliteta EN 1.4301. Osnovna karakteristika ovih posuda je u potpunom odsustvu interakcije izmedju materijala od koga je posuda napravljena i materije (vino) koja se skladišti u posudi. Konstrukciona karakteristika posude namenjene za skladištenje i čuvanje vina je dodatni plivajući unutrašnji poklopac koji pri istakanju odredjene količine tečnosti, onemogućava prodor vazduha u posudu. Posude se izradjuju u zapreminama od 50 – 350 litara.&lt;/p&gt;\r\n','Posude za vino','Posude za vino',''),(81,1,'Posude za vino','&lt;p&gt;&lt;span style=&quot;font-size: 13px;&quot;&gt;INOX posude za vino su namenjene za skladištenje svih vrsta vina.&lt;/span&gt;&lt;span style=&quot;font-size: 13px;&quot;&gt;&amp;nbsp;Izradjene su od nerdjajućeg čelika (INOX-a) kvaliteta EN 1.4301. Osnovna karakteristika ovih posuda je u potpunom odsustvu interakcije izmedju materijala od koga je posuda napravljena i materije (vino) koja se skladišti u posudi. Konstrukciona karakteristika posude namenjene za skladištenje i čuvanje vina je dodatni plivajući unutrašnji poklopac koji pri istakanju odredjene količine tečnosti, onemogućava prodor vazduha u posudu. Posude se izradjuju u zapreminama od 50 – 350 litara.&lt;/span&gt;.&lt;/p&gt;\r\n','Posude za vino','Posude za vino',''),(82,7,'Pripremanje hrane','&lt;p&gt;Termorad proizvodni program iz segmenta pripremanja i čuvanja prehrambenih proizvoda.&lt;/p&gt;\r\n','Pripremanje hrane','Pripremanje hrane',''),(83,7,'Delovi','','Delovi','Delovi',''),(83,1,'Delovi','','Delovi','Delovi',''),(84,7,'Elektrogrejači','','Elektrogrejači','Elektrogrejači',''),(84,1,'Elektrogrejači','','Elektrogrejači','Elektrogrejači',''),(85,7,'Ostali delovi i oprema','','Ostali delovi i oprema','Ostali delovi i oprema',''),(85,1,'Ostali delovi i oprema','','Ostali delovi i oprema','Ostali delovi i oprema',''),(86,7,'Izmenjivači toplote','','Izmenjivači toplote','Izmenjivači toplote',''),(86,1,'Izmenjivači toplote','','Izmenjivači toplote','Izmenjivači toplote',''),(87,7,'Dimne cevi','','Dimne cevi','Dimne cevi',''),(87,1,'Dimne cevi','','Dimne cevi','Dimne cevi',''),(88,7,'Kompletno izolovane cevi','','Kompletno izolovane cevi','Kompletno izolovane cevi',''),(88,1,'Kompletno izolovane cevi','','Kompletno izolovane cevi','Kompletno izolovane cevi',''),(89,7,'Reduciri dimnih cevi','','Reduciri dimnih cevi','Reduciri dimnih cevi',''),(89,1,'Reduciri dimnih cevi','','Reduciri dimnih cevi','Reduciri dimnih cevi',''),(90,7,'Dimovodna kolena','','Dimovodna kolena','Dimovodna kolena',''),(90,1,'Dimovodna kolena','','Dimovodna kolena','Dimovodna kolena',''),(91,7,'Dimovodni T elementi','','Dimovodni T elementi','Dimovodni T elementi',''),(91,1,'Dimovodni T elementi','','Dimovodni T elementi','Dimovodni T elementi',''),(92,7,'Dimovodni noseći elementi','','Dimovodni noseći elementi','Dimovodni noseći elementi',''),(92,1,'Dimovodni noseći elementi','','Dimovodni noseći elementi','Dimovodni noseći elementi',''),(93,7,'Ostali elementi za dimnjake','','Ostali elementi za dimnjake','Ostali elementi za dimnjake',''),(93,1,'Ostali elementi za dimnjake','','Ostali elementi za dimnjake','Ostali elementi za dimnjake',''),(82,1,'Pripremanje hrane','&lt;p&gt;&lt;span style=&quot;font-size: 13px;&quot;&gt;Termorad proizvodni program iz segmenta pripremanja i čuvanja prehrambenih proizvoda.&lt;/span&gt;&lt;/p&gt;\r\n','Pripremanje hrane','Pripremanje hrane',''),(94,7,'Pasterizator','&lt;p&gt;&lt;span style=&quot;font-size: 13px;&quot;&gt;Pasterizator je uređaj kojim se, pasterizacijom proizvoda&amp;nbsp;&lt;/span&gt;&lt;span style=&quot;font-size: 13px;&quot;&gt;postiže uništavanje najmanje 95% štetnih mikro organizama iz prehrambenih proizvoda. U zavisnosti od temperature i vremena zagrevanja, dobija se proizvod upotrebljiv i do nekoliko meseci od dana proizvodnje, bez gubitaka na kvalitetu.&lt;/span&gt;&lt;/p&gt;\r\n','Pasterizator','Pasterizator',''),(94,1,'Pasterizator','&lt;p&gt;Pasterizator je uređaj kojim se, pasterizacijom proizvoda postiže uništavanje najmanje 95% štetnih mikro organizama iz prehrambenih proizvoda. U zavisnosti od temperature i vremena zagrevanja, dobija se proizvod upotrebljiv i do nekoliko meseci od dana proizvodnje, bez gubitaka na kvalitetu.&lt;/p&gt;\r\n\r\n&lt;p&gt;&amp;nbsp;&lt;/p&gt;\r\n','Pasterizator','Pasterizator',''),(95,7,'Posude za rakiju','&lt;p&gt;Posude za skladištenje i čuvanje rakije i srodnih proizvoda.&lt;/p&gt;\r\n','Posude za rakiju','Posude za rakiju',''),(95,1,'Posude za rakiju','&lt;p&gt;&lt;span style=&quot;font-size: 13px;&quot;&gt;Posude za skladištenje i čuvanje rakije i srodnih proizvoda.&lt;/span&gt;&lt;/p&gt;\r\n','Posude za rakiju','Posude za rakiju','');

--
-- Table structure for table `oc_category_filter`
--

CREATE TABLE `oc_category_filter` (
  `category_id` int(11) NOT NULL,
  `filter_id` int(11) NOT NULL,
  PRIMARY KEY (`category_id`,`filter_id`)
) ENGINE=MyISAM DEFAULT CHARSET=utf8;

--
-- Dumping data for table `oc_category_filter`
--

INSERT INTO `oc_category_filter` VALUES (59,1),(59,2),(59,3),(59,21),(59,22),(59,43),(59,44),(59,45),(60,4),(60,5),(60,6),(60,7),(60,8),(60,26),(61,5),(61,6),(61,7),(61,8),(61,26),(62,5),(62,6),(62,7),(62,8),(62,24),(62,55),(63,5),(63,7),(63,12),(63,13),(63,24),(64,4),(64,5),(64,6),(64,7),(64,8),(64,27),(65,5),(65,7),(65,8),(66,5),(66,7),(67,5),(67,7),(67,13),(67,24),(67,55),(68,9),(68,26),(68,28),(68,29),(68,30),(68,31),(68,32),(69,9),(69,26),(69,29),(69,30),(69,31),(69,32),(70,5),(70,6),(70,9),(70,22),(70,28),(70,29),(70,30),(70,31),(70,32),(70,33),(70,35),(70,36),(70,37),(70,38),(70,47),(70,48),(70,49),(70,50),(70,51),(72,9),(72,22),(72,28),(72,29),(72,30),(72,31),(72,34),(72,37),(72,38),(73,6),(73,28),(73,33),(73,37),(73,38),(74,5),(74,35),(74,36),(74,47),(74,48),(80,1),(80,2),(80,3),(80,4),(80,5),(80,6),(80,7),(80,8),(80,9),(80,10),(80,12),(80,13),(80,14),(80,15),(80,16),(80,24),(80,26),(80,27),(80,28),(80,29),(80,30),(80,31),(80,32),(80,43),(80,44),(80,45),(80,55),(81,5),(81,9),(81,22),(81,32),(81,49),(81,50),(81,51);

--
-- Table structure for table `oc_category_path`
--

CREATE TABLE `oc_category_path` (
  `category_id` int(11) NOT NULL,
  `path_id` int(11) NOT NULL,
  `level` int(11) NOT NULL,
  PRIMARY KEY (`category_id`,`path_id`)
) ENGINE=MyISAM DEFAULT CHARSET=utf8;

--
-- Dumping data for table `oc_category_path`
--

INSERT INTO `oc_category_path` VALUES (81,70,0),(61,61,1),(74,70,0),(73,70,0),(60,60,1),(60,80,0),(61,80,0),(69,80,0),(68,80,0),(62,80,0),(66,80,0),(64,80,0),(65,80,0),(67,80,0),(80,80,0),(79,79,1),(79,71,0),(78,78,1),(78,71,0),(77,77,1),(77,71,0),(76,76,1),(76,71,0),(75,75,1),(75,71,0),(74,74,1),(63,80,0),(73,73,1),(59,80,0),(72,72,1),(72,70,0),(71,71,0),(70,70,0),(69,69,1),(68,68,1),(67,67,1),(66,66,1),(65,65,1),(64,64,1),(63,63,1),(62,62,1),(59,59,1),(81,81,1),(82,82,0),(83,83,0),(84,83,0),(84,84,1),(85,83,0),(85,85,1),(86,83,0),(86,86,1),(87,71,0),(87,77,1),(87,87,2),(88,71,0),(88,77,1),(88,88,2),(89,71,0),(89,77,1),(89,89,2),(90,71,0),(90,77,1),(90,90,2),(91,71,0),(91,77,1),(91,91,2),(92,71,0),(92,77,1),(92,92,2),(93,71,0),(93,77,1),(93,93,2),(94,82,0),(94,94,1),(95,70,0),(95,95,1);

--
-- Table structure for table `oc_category_to_layout`
--

CREATE TABLE `oc_category_to_layout` (
  `category_id` int(11) NOT NULL,
  `store_id` int(11) NOT NULL,
  `layout_id` int(11) NOT NULL,
  PRIMARY KEY (`category_id`,`store_id`)
) ENGINE=MyISAM DEFAULT CHARSET=utf8;

--
-- Dumping data for table `oc_category_to_layout`
--

INSERT INTO `oc_category_to_layout` VALUES (80,0,3);

--
-- Table structure for table `oc_category_to_store`
--

CREATE TABLE `oc_category_to_store` (
  `category_id` int(11) NOT NULL,
  `store_id` int(11) NOT NULL,
  PRIMARY KEY (`category_id`,`store_id`)
) ENGINE=MyISAM DEFAULT CHARSET=utf8;

--
-- Dumping data for table `oc_category_to_store`
--

INSERT INTO `oc_category_to_store` VALUES (59,0),(60,0),(61,0),(62,0),(63,0),(64,0),(65,0),(66,0),(67,0),(68,0),(69,0),(70,0),(71,0),(72,0),(73,0),(74,0),(75,0),(76,0),(77,0),(78,0),(79,0),(80,0),(81,0),(82,0),(83,0),(84,0),(85,0),(86,0),(87,0),(88,0),(89,0),(90,0),(91,0),(92,0),(93,0),(94,0),(95,0);

--
-- Table structure for table `oc_country`
--

CREATE TABLE `oc_country` (
  `country_id` int(11) NOT NULL AUTO_INCREMENT,
  `name` varchar(128) NOT NULL,
  `iso_code_2` varchar(2) NOT NULL,
  `iso_code_3` varchar(3) NOT NULL,
  `address_format` text NOT NULL,
  `postcode_required` tinyint(1) NOT NULL,
  `status` tinyint(1) NOT NULL DEFAULT '1',
  PRIMARY KEY (`country_id`)
) ENGINE=MyISAM AUTO_INCREMENT=252 DEFAULT CHARSET=utf8;

--
-- Dumping data for table `oc_country`
--

INSERT INTO `oc_country` VALUES (1,'Afghanistan','AF','AFG','',0,0),(2,'Albania','AL','ALB','',0,0),(3,'Algeria','DZ','DZA','',0,0),(4,'American Samoa','AS','ASM','',0,0),(5,'Andorra','AD','AND','',0,0),(6,'Angola','AO','AGO','',0,0),(7,'Anguilla','AI','AIA','',0,0),(8,'Antarctica','AQ','ATA','',0,0),(9,'Antigua and Barbuda','AG','ATG','',0,0),(10,'Argentina','AR','ARG','',0,0),(11,'Armenia','AM','ARM','',0,0),(12,'Aruba','AW','ABW','',0,0),(13,'Australia','AU','AUS','',0,0),(14,'Austria','AT','AUT','',0,0),(15,'Azerbaijan','AZ','AZE','',0,0),(16,'Bahamas','BS','BHS','',0,0),(17,'Bahrain','BH','BHR','',0,0),(18,'Bangladesh','BD','BGD','',0,0),(19,'Barbados','BB','BRB','',0,0),(20,'Belarus','BY','BLR','',0,0),(21,'Belgium','BE','BEL','{firstname} {lastname}\r\n{company}\r\n{address_1}\r\n{address_2}\r\n{postcode} {city}\r\n{country}',0,0),(22,'Belize','BZ','BLZ','',0,0),(23,'Benin','BJ','BEN','',0,0),(24,'Bermuda','BM','BMU','',0,0),(25,'Bhutan','BT','BTN','',0,0),(26,'Bolivia','BO','BOL','',0,0),(27,'Bosnia and Herzegovina','BA','BIH','',0,0),(28,'Botswana','BW','BWA','',0,0),(29,'Bouvet Island','BV','BVT','',0,0),(30,'Brazil','BR','BRA','',0,0),(31,'British Indian Ocean Territory','IO','IOT','',0,0),(32,'Brunei Darussalam','BN','BRN','',0,0),(33,'Bulgaria','BG','BGR','',0,0),(34,'Burkina Faso','BF','BFA','',0,0),(35,'Burundi','BI','BDI','',0,0),(36,'Cambodia','KH','KHM','',0,0),(37,'Cameroon','CM','CMR','',0,0),(38,'Canada','CA','CAN','',0,0),(39,'Cape Verde','CV','CPV','',0,0),(40,'Cayman Islands','KY','CYM','',0,0),(41,'Central African Republic','CF','CAF','',0,0),(42,'Chad','TD','TCD','',0,0),(43,'Chile','CL','CHL','',0,0),(44,'China','CN','CHN','',0,0),(45,'Christmas Island','CX','CXR','',0,0),(46,'Cocos (Keeling) Islands','CC','CCK','',0,0),(47,'Colombia','CO','COL','',0,0),(48,'Comoros','KM','COM','',0,0),(49,'Congo','CG','COG','',0,0),(50,'Cook Islands','CK','COK','',0,0),(51,'Costa Rica','CR','CRI','',0,0),(52,'Cote D\'Ivoire','CI','CIV','',0,0),(53,'Croatia','HR','HRV','',0,0),(54,'Cuba','CU','CUB','',0,0),(55,'Cyprus','CY','CYP','',0,0),(56,'Czech Republic','CZ','CZE','',0,0),(57,'Denmark','DK','DNK','',0,0),(58,'Djibouti','DJ','DJI','',0,0),(59,'Dominica','DM','DMA','',0,0),(60,'Dominican Republic','DO','DOM','',0,0),(61,'East Timor','TL','TLS','',0,0),(62,'Ecuador','EC','ECU','',0,0),(63,'Egypt','EG','EGY','',0,0),(64,'El Salvador','SV','SLV','',0,0),(65,'Equatorial Guinea','GQ','GNQ','',0,0),(66,'Eritrea','ER','ERI','',0,0),(67,'Estonia','EE','EST','',0,0),(68,'Ethiopia','ET','ETH','',0,0),(69,'Falkland Islands (Malvinas)','FK','FLK','',0,0),(70,'Faroe Islands','FO','FRO','',0,0),(71,'Fiji','FJ','FJI','',0,0),(72,'Finland','FI','FIN','',0,0),(74,'France, Metropolitan','FR','FRA','{firstname} {lastname}\r\n{company}\r\n{address_1}\r\n{address_2}\r\n{postcode} {city}\r\n{country}',1,0),(75,'French Guiana','GF','GUF','',0,0),(76,'French Polynesia','PF','PYF','',0,0),(77,'French Southern Territories','TF','ATF','',0,0),(78,'Gabon','GA','GAB','',0,0),(79,'Gambia','GM','GMB','',0,0),(80,'Georgia','GE','GEO','',0,0),(81,'Germany','DE','DEU','{company}\r\n{firstname} {lastname}\r\n{address_1}\r\n{address_2}\r\n{postcode} {city}\r\n{country}',1,0),(82,'Ghana','GH','GHA','',0,0),(83,'Gibraltar','GI','GIB','',0,0),(84,'Greece','GR','GRC','',0,0),(85,'Greenland','GL','GRL','',0,0),(86,'Grenada','GD','GRD','',0,0),(87,'Guadeloupe','GP','GLP','',0,0),(88,'Guam','GU','GUM','',0,0),(89,'Guatemala','GT','GTM','',0,0),(90,'Guinea','GN','GIN','',0,0),(91,'Guinea-Bissau','GW','GNB','',0,0),(92,'Guyana','GY','GUY','',0,0),(93,'Haiti','HT','HTI','',0,0),(94,'Heard and Mc Donald Islands','HM','HMD','',0,0),(95,'Honduras','HN','HND','',0,0),(96,'Hong Kong','HK','HKG','',0,0),(97,'Hungary','HU','HUN','',0,0),(98,'Iceland','IS','ISL','',0,0),(99,'India','IN','IND','',0,0),(100,'Indonesia','ID','IDN','',0,0),(101,'Iran (Islamic Republic of)','IR','IRN','',0,0),(102,'Iraq','IQ','IRQ','',0,0),(103,'Ireland','IE','IRL','',0,0),(104,'Israel','IL','ISR','',0,0),(105,'Italy','IT','ITA','',0,0),(106,'Jamaica','JM','JAM','',0,0),(107,'Japan','JP','JPN','',0,0),(108,'Jordan','JO','JOR','',0,0),(109,'Kazakhstan','KZ','KAZ','',0,0),(110,'Kenya','KE','KEN','',0,0),(111,'Kiribati','KI','KIR','',0,0),(112,'North Korea','KP','PRK','',0,0),(113,'Korea, Republic of','KR','KOR','',0,0),(114,'Kuwait','KW','KWT','',0,0),(115,'Kyrgyzstan','KG','KGZ','',0,0),(116,'Lao People\'s Democratic Republic','LA','LAO','',0,0),(117,'Latvia','LV','LVA','',0,0),(118,'Lebanon','LB','LBN','',0,0),(119,'Lesotho','LS','LSO','',0,0),(120,'Liberia','LR','LBR','',0,0),(121,'Libyan Arab Jamahiriya','LY','LBY','',0,0),(122,'Liechtenstein','LI','LIE','',0,0),(123,'Lithuania','LT','LTU','',0,0),(124,'Luxembourg','LU','LUX','',0,0),(125,'Macau','MO','MAC','',0,0),(126,'FYROM','MK','MKD','',0,0),(127,'Madagascar','MG','MDG','',0,0),(128,'Malawi','MW','MWI','',0,0),(129,'Malaysia','MY','MYS','',0,0),(130,'Maldives','MV','MDV','',0,0),(131,'Mali','ML','MLI','',0,0),(132,'Malta','MT','MLT','',0,0),(133,'Marshall Islands','MH','MHL','',0,0),(134,'Martinique','MQ','MTQ','',0,0),(135,'Mauritania','MR','MRT','',0,0),(136,'Mauritius','MU','MUS','',0,0),(137,'Mayotte','YT','MYT','',0,0),(138,'Mexico','MX','MEX','',0,0),(139,'Micronesia, Federated States of','FM','FSM','',0,0),(140,'Moldova, Republic of','MD','MDA','',0,0),(141,'Monaco','MC','MCO','',0,0),(142,'Mongolia','MN','MNG','',0,0),(143,'Montserrat','MS','MSR','',0,0),(144,'Morocco','MA','MAR','',0,0),(145,'Mozambique','MZ','MOZ','',0,0),(146,'Myanmar','MM','MMR','',0,0),(147,'Namibia','NA','NAM','',0,0),(148,'Nauru','NR','NRU','',0,0),(149,'Nepal','NP','NPL','',0,0),(150,'Netherlands','NL','NLD','',0,0),(151,'Netherlands Antilles','AN','ANT','',0,0),(152,'New Caledonia','NC','NCL','',0,0),(153,'New Zealand','NZ','NZL','',0,0),(154,'Nicaragua','NI','NIC','',0,0),(155,'Niger','NE','NER','',0,0),(156,'Nigeria','NG','NGA','',0,0),(157,'Niue','NU','NIU','',0,0),(158,'Norfolk Island','NF','NFK','',0,0),(159,'Northern Mariana Islands','MP','MNP','',0,0),(160,'Norway','NO','NOR','',0,0),(161,'Oman','OM','OMN','',0,0),(162,'Pakistan','PK','PAK','',0,0),(163,'Palau','PW','PLW','',0,0),(164,'Panama','PA','PAN','',0,0),(165,'Papua New Guinea','PG','PNG','',0,0),(166,'Paraguay','PY','PRY','',0,0),(167,'Peru','PE','PER','',0,0),(168,'Philippines','PH','PHL','',0,0),(169,'Pitcairn','PN','PCN','',0,0),(170,'Poland','PL','POL','',0,0),(171,'Portugal','PT','PRT','',0,0),(172,'Puerto Rico','PR','PRI','',0,0),(173,'Qatar','QA','QAT','',0,0),(174,'Reunion','RE','REU','',0,0),(175,'Romania','RO','ROM','',0,0),(176,'Russian Federation','RU','RUS','',0,0),(177,'Rwanda','RW','RWA','',0,0),(178,'Saint Kitts and Nevis','KN','KNA','',0,0),(179,'Saint Lucia','LC','LCA','',0,0),(180,'Saint Vincent and the Grenadines','VC','VCT','',0,0),(181,'Samoa','WS','WSM','',0,0),(182,'San Marino','SM','SMR','',0,0),(183,'Sao Tome and Principe','ST','STP','',0,0),(184,'Saudi Arabia','SA','SAU','',0,0),(185,'Senegal','SN','SEN','',0,0),(186,'Seychelles','SC','SYC','',0,0),(187,'Sierra Leone','SL','SLE','',0,0),(188,'Singapore','SG','SGP','',0,0),(189,'Slovak Republic','SK','SVK','{firstname} {lastname}\r\n{company}\r\n{address_1}\r\n{address_2}\r\n{city} {postcode}\r\n{zone}\r\n{country}',0,0),(190,'Slovenia','SI','SVN','',0,0),(191,'Solomon Islands','SB','SLB','',0,0),(192,'Somalia','SO','SOM','',0,0),(193,'South Africa','ZA','ZAF','',0,0),(194,'South Georgia &amp; South Sandwich Islands','GS','SGS','',0,0),(195,'Spain','ES','ESP','',0,0),(196,'Sri Lanka','LK','LKA','',0,0),(197,'St. Helena','SH','SHN','',0,0),(198,'St. Pierre and Miquelon','PM','SPM','',0,0),(199,'Sudan','SD','SDN','',0,0),(200,'Suriname','SR','SUR','',0,0),(201,'Svalbard and Jan Mayen Islands','SJ','SJM','',0,0),(202,'Swaziland','SZ','SWZ','',0,0),(203,'Sweden','SE','SWE','{company}\r\n{firstname} {lastname}\r\n{address_1}\r\n{address_2}\r\n{postcode} {city}\r\n{country}',1,0),(204,'Switzerland','CH','CHE','',0,0),(205,'Syrian Arab Republic','SY','SYR','',0,0),(206,'Taiwan','TW','TWN','',0,0),(207,'Tajikistan','TJ','TJK','',0,0),(208,'Tanzania, United Republic of','TZ','TZA','',0,0),(209,'Thailand','TH','THA','',0,0),(210,'Togo','TG','TGO','',0,0),(211,'Tokelau','TK','TKL','',0,0),(212,'Tonga','TO','TON','',0,0),(213,'Trinidad and Tobago','TT','TTO','',0,0),(214,'Tunisia','TN','TUN','',0,0),(215,'Turkey','TR','TUR','',0,0),(216,'Turkmenistan','TM','TKM','',0,0),(217,'Turks and Caicos Islands','TC','TCA','',0,0),(218,'Tuvalu','TV','TUV','',0,0),(219,'Uganda','UG','UGA','',0,0),(220,'Ukraine','UA','UKR','',0,0),(221,'United Arab Emirates','AE','ARE','',0,0),(222,'United Kingdom','GB','GBR','',1,0),(223,'United States','US','USA','{firstname} {lastname}\r\n{company}\r\n{address_1}\r\n{address_2}\r\n{city}, {zone} {postcode}\r\n{country}',0,0),(224,'United States Minor Outlying Islands','UM','UMI','',0,0),(225,'Uruguay','UY','URY','',0,0),(226,'Uzbekistan','UZ','UZB','',0,0),(227,'Vanuatu','VU','VUT','',0,0),(228,'Vatican City State (Holy See)','VA','VAT','',0,0),(229,'Venezuela','VE','VEN','',0,0),(230,'Viet Nam','VN','VNM','',0,0),(231,'Virgin Islands (British)','VG','VGB','',0,0),(232,'Virgin Islands (U.S.)','VI','VIR','',0,0),(233,'Wallis and Futuna Islands','WF','WLF','',0,0),(234,'Western Sahara','EH','ESH','',0,0),(235,'Yemen','YE','YEM','',0,0),(237,'Democratic Republic of Congo','CD','COD','',0,0),(238,'Zambia','ZM','ZMB','',0,0),(239,'Zimbabwe','ZW','ZWE','',0,0),(240,'Jersey','JE','JEY','',1,0),(241,'Guernsey','GG','GGY','',1,0),(242,'Montenegro','ME','MNE','',0,0),(243,'Srbija','RS','SRB','',0,1),(244,'Aaland Islands','AX','ALA','',0,0),(245,'Bonaire, Sint Eustatius and Saba','BQ','BES','',0,0),(246,'Curacao','CW','CUW','',0,0),(247,'Palestinian Territory, Occupied','PS','PSE','',0,0),(248,'South Sudan','SS','SSD','',0,0),(249,'St. Barthelemy','BL','BLM','',0,0),(250,'St. Martin (French part)','MF','MAF','',0,0),(251,'Canary Islands','IC','ICA','',0,0);

--
-- Table structure for table `oc_coupon`
--

CREATE TABLE `oc_coupon` (
  `coupon_id` int(11) NOT NULL AUTO_INCREMENT,
  `name` varchar(128) NOT NULL,
  `code` varchar(10) NOT NULL,
  `type` char(1) NOT NULL,
  `discount` decimal(15,4) NOT NULL,
  `logged` tinyint(1) NOT NULL,
  `shipping` tinyint(1) NOT NULL,
  `total` decimal(15,4) NOT NULL,
  `date_start` date NOT NULL DEFAULT '0000-00-00',
  `date_end` date NOT NULL DEFAULT '0000-00-00',
  `uses_total` int(11) NOT NULL,
  `uses_customer` varchar(11) NOT NULL,
  `status` tinyint(1) NOT NULL,
  `date_added` datetime NOT NULL DEFAULT '0000-00-00 00:00:00',
  PRIMARY KEY (`coupon_id`)
) ENGINE=MyISAM AUTO_INCREMENT=7 DEFAULT CHARSET=utf8;

--
-- Dumping data for table `oc_coupon`
--

INSERT INTO `oc_coupon` VALUES (4,'-10% Discount','2222','P','10.0000',0,0,'0.0000','2011-01-01','2012-01-01',10,'10',1,'2009-01-27 13:55:03'),(5,'Free Shipping','3333','P','0.0000',0,1,'100.0000','2009-03-01','2009-08-31',10,'10',1,'2009-03-14 21:13:53'),(6,'-10.00 Discount','1111','F','10.0000',0,0,'10.0000','1970-11-01','2020-11-01',100000,'10000',1,'2009-03-14 21:15:18');

--
-- Table structure for table `oc_coupon_category`
--

CREATE TABLE `oc_coupon_category` (
  `coupon_id` int(11) NOT NULL,
  `category_id` int(11) NOT NULL,
  PRIMARY KEY (`coupon_id`,`category_id`)
) ENGINE=MyISAM DEFAULT CHARSET=utf8;

--
-- Dumping data for table `oc_coupon_category`
--


--
-- Table structure for table `oc_coupon_history`
--

CREATE TABLE `oc_coupon_history` (
  `coupon_history_id` int(11) NOT NULL AUTO_INCREMENT,
  `coupon_id` int(11) NOT NULL,
  `order_id` int(11) NOT NULL,
  `customer_id` int(11) NOT NULL,
  `amount` decimal(15,4) NOT NULL,
  `date_added` datetime NOT NULL,
  PRIMARY KEY (`coupon_history_id`)
) ENGINE=MyISAM DEFAULT CHARSET=utf8;

--
-- Dumping data for table `oc_coupon_history`
--


--
-- Table structure for table `oc_coupon_product`
--

CREATE TABLE `oc_coupon_product` (
  `coupon_product_id` int(11) NOT NULL AUTO_INCREMENT,
  `coupon_id` int(11) NOT NULL,
  `product_id` int(11) NOT NULL,
  PRIMARY KEY (`coupon_product_id`)
) ENGINE=MyISAM DEFAULT CHARSET=utf8;

--
-- Dumping data for table `oc_coupon_product`
--


--
-- Table structure for table `oc_currency`
--

CREATE TABLE `oc_currency` (
  `currency_id` int(11) NOT NULL AUTO_INCREMENT,
  `title` varchar(32) NOT NULL,
  `code` varchar(3) NOT NULL,
  `symbol_left` varchar(12) NOT NULL,
  `symbol_right` varchar(12) NOT NULL,
  `decimal_place` char(1) NOT NULL,
  `value` float(15,8) NOT NULL,
  `status` tinyint(1) NOT NULL,
  `date_modified` datetime NOT NULL DEFAULT '0000-00-00 00:00:00',
  PRIMARY KEY (`currency_id`)
) ENGINE=MyISAM AUTO_INCREMENT=5 DEFAULT CHARSET=utf8;

--
-- Dumping data for table `oc_currency`
--

INSERT INTO `oc_currency` VALUES (4,'Dinar','RSD','',' RSD','2',1.00000000,1,'2014-09-25 06:21:31');

--
-- Table structure for table `oc_custom_field`
--

CREATE TABLE `oc_custom_field` (
  `custom_field_id` int(11) NOT NULL AUTO_INCREMENT,
  `type` varchar(32) NOT NULL,
  `value` text NOT NULL,
  `required` tinyint(1) NOT NULL,
  `location` varchar(32) NOT NULL,
  `position` int(3) NOT NULL,
  `sort_order` int(3) NOT NULL,
  PRIMARY KEY (`custom_field_id`)
) ENGINE=MyISAM DEFAULT CHARSET=utf8;

--
-- Dumping data for table `oc_custom_field`
--


--
-- Table structure for table `oc_custom_field_description`
--

CREATE TABLE `oc_custom_field_description` (
  `custom_field_id` int(11) NOT NULL,
  `language_id` int(11) NOT NULL,
  `name` varchar(128) NOT NULL,
  PRIMARY KEY (`custom_field_id`,`language_id`)
) ENGINE=MyISAM DEFAULT CHARSET=utf8;

--
-- Dumping data for table `oc_custom_field_description`
--


--
-- Table structure for table `oc_custom_field_to_customer_group`
--

CREATE TABLE `oc_custom_field_to_customer_group` (
  `custom_field_id` int(11) NOT NULL,
  `customer_group_id` int(11) NOT NULL,
  PRIMARY KEY (`custom_field_id`,`customer_group_id`)
) ENGINE=MyISAM DEFAULT CHARSET=utf8;

--
-- Dumping data for table `oc_custom_field_to_customer_group`
--


--
-- Table structure for table `oc_custom_field_value`
--

CREATE TABLE `oc_custom_field_value` (
  `custom_field_value_id` int(11) NOT NULL AUTO_INCREMENT,
  `custom_field_id` int(11) NOT NULL,
  `sort_order` int(3) NOT NULL,
  PRIMARY KEY (`custom_field_value_id`)
) ENGINE=MyISAM DEFAULT CHARSET=utf8;

--
-- Dumping data for table `oc_custom_field_value`
--


--
-- Table structure for table `oc_custom_field_value_description`
--

CREATE TABLE `oc_custom_field_value_description` (
  `custom_field_value_id` int(11) NOT NULL,
  `language_id` int(11) NOT NULL,
  `custom_field_id` int(11) NOT NULL,
  `name` varchar(128) NOT NULL,
  PRIMARY KEY (`custom_field_value_id`,`language_id`)
) ENGINE=MyISAM DEFAULT CHARSET=utf8;

--
-- Dumping data for table `oc_custom_field_value_description`
--


--
-- Table structure for table `oc_customer`
--

CREATE TABLE `oc_customer` (
  `customer_id` int(11) NOT NULL AUTO_INCREMENT,
  `store_id` int(11) NOT NULL DEFAULT '0',
  `firstname` varchar(32) NOT NULL,
  `lastname` varchar(32) NOT NULL,
  `email` varchar(96) NOT NULL,
  `telephone` varchar(32) NOT NULL,
  `fax` varchar(32) NOT NULL,
  `password` varchar(40) NOT NULL,
  `salt` varchar(9) NOT NULL,
  `cart` text,
  `wishlist` text,
  `newsletter` tinyint(1) NOT NULL DEFAULT '0',
  `address_id` int(11) NOT NULL DEFAULT '0',
  `customer_group_id` int(11) NOT NULL,
  `ip` varchar(40) NOT NULL DEFAULT '0',
  `status` tinyint(1) NOT NULL,
  `approved` tinyint(1) NOT NULL,
  `token` varchar(255) NOT NULL,
  `date_added` datetime NOT NULL DEFAULT '0000-00-00 00:00:00',
  PRIMARY KEY (`customer_id`)
) ENGINE=MyISAM AUTO_INCREMENT=119 DEFAULT CHARSET=utf8;

--
-- Dumping data for table `oc_customer`
--

INSERT INTO `oc_customer` VALUES (18,0,'Veroljub','Milanović','veroljubmilanovic@termorad.rs','035337320','','b9f6ca6e8ba975117eb2752dee539195d0f32b9d','9804feb00','a:0:{}','',0,18,1,'178.79.21.142',1,1,'','2013-10-09 09:33:30'),(17,0,'Goran','Bogićević','goranbogicevic79@gmail.com','035337320','0654431546','3fa22a5db706dd8660adeaa130f6e7813d06cc38','009bcf14b','a:0:{}','',0,17,1,'178.79.21.142',1,1,'','2013-10-09 09:29:52'),(16,0,'nenad','vuckovic','nesa.vucko035@gmail.com','060/369-76-54','060/369-76-54','8b925ba0f65de28c09a36c85f5c243fc46b67ce5','64628ef62','a:0:{}','',0,16,1,'178.221.242.188',1,1,'','2013-10-03 17:13:19'),(76,0,'ana','kojic','ana.kojic82@gmail.com','0641510517','0641510517','8fce70603e2fcded6e25fcadb620a82b0c1e1349','6571433d4','a:2:{i:279;i:1;i:275;i:2;}','',0,77,1,'93.87.215.146',1,1,'','2013-11-28 13:24:15'),(15,0,'Veljko','Đukić','veljkoc@open.telekom.rs','015556555','0646511019','c7aad4ac35ea1ca0e639637b72ac765136a0472e','6e20169bf','a:0:{}','',0,15,1,'93.86.43.154',1,1,'','2013-10-03 14:56:39'),(14,0,'Nebojša','Džoganović','dzoganovic@gmail.com','+38131523079','+381641206445','1f990c3a2b75b38151a3dc69c56a2099400cd324','e81c95dbc','a:3:{i:193;i:1;i:151;i:2;i:293;i:1;}','',0,14,1,'91.150.116.105',1,1,'','2013-10-01 14:55:01'),(80,0,'Dejan','Djuricic','antizode@gmail.com','026511736','0641158647','2e64945f18958ec39c46effc4ec0e851fda7db2a','16c80bc23','a:0:{}','',0,81,1,'212.200.54.115',1,1,'','2014-01-12 11:52:27'),(22,0,'Goran','Stanojevic','saca13@ptt.rs','064/15-47-992','064/15-47-992','f159709708d87c7f051bd52a41e125157270a71a','577288819','a:0:{}','',0,22,1,'178.149.49.130',1,1,'','2013-10-20 21:15:02'),(79,0,'Nebojiša','Mišević','neso@beotel.rs','063/628-467         033/62 846','','aa4b406421a88c9c1898a6c4397254f67aed382c','7ccc7b981','a:0:{}','',0,80,1,'178.222.202.234',1,1,'','2014-01-04 17:12:48'),(23,0,'Sasa','Birovljev','aleksandar.birovljev@bancaintesa.rs','064','','7a0d4719b3290b77d9022339db542088bb92c170','6750aaf6c','a:1:{i:202;i:1;}','',0,23,1,'195.46.53.200',1,1,'','2013-10-28 09:58:57'),(24,0,'Danijel','Hasani','dhasani@sezampro.rs','062629299','','0f0ca2d54de9fa5336f6f30bac93681d0e1874df','713c837be','a:0:{}','',0,24,1,'77.105.27.171',1,1,'','2013-11-10 18:16:34'),(78,0,'Rade','Božić','bozicrade17@gmail.com','381641818164','','21953314339465a074a48cbf51e3954835f0b03c','e68e2e6d4','a:1:{i:88;i:1;}','',0,79,1,'178.223.28.120',1,1,'','2014-01-01 07:53:25'),(74,0,'Zoran','Nosov','zoran@giir.net','063 400068','018 599100','926e7d5385ca7665c94a71c9c1d14e3ded5a81b1','fb9dae817','a:0:{}','',0,75,1,'93.87.193.109',1,1,'','2013-11-23 10:00:30'),(75,0,'Ivan','Vicentijevic','ttmtake@gmail.com','3812789533','','efa99b9efa85b203c4de4d6aa3c76ca771670e09','766c66526','a:1:{i:205;i:1;}','',0,76,1,'24.135.185.232',1,1,'','2013-11-25 10:26:16'),(77,0,'sasa ','milosavljevic','sasa.sule.milosavljevic@gmail.com','0691902976','','0e2e1500a30f01608390292ddd188aac0935aac5','34cb7e172','a:0:{}','',0,78,1,'89.216.226.158',1,1,'','2013-12-10 13:09:58'),(68,0,'test','test','iwqemax@gmail.com','11111111111','','b57e1b75c5e2b211ed246cdabc98852c174a89fd','4f234367c','a:0:{}','',0,68,1,'212.200.146.37',1,1,'','2013-11-14 08:26:30'),(69,0,'adsf','asdfas','adaw@sad.com','123132','','bd94fee3e683e9253e9843613b2a0015f8cee2c6','42f8e82d2','a:0:{}','',0,69,1,'212.200.146.37',1,1,'','2013-11-14 08:54:12'),(70,0,'Otorinoranigolog','amozdaine','qewq@asda.com','123123','','2be6370e4a06f32a4801296237101e1884e4eff3','8c6087067','a:0:{}','',0,70,1,'212.200.146.37',1,1,'','2013-11-14 09:40:55'),(71,0,'Nemanja ','Petrovic','nemanjapeca14@gmail.com','063/8-69-89-23','','cef81284f052efdb106149810cc16b2a3cb68a58','2f7d65be5','a:0:{}','',0,71,1,'178.217.13.98',1,1,'','2013-11-14 14:25:30'),(72,0,'sasa','rudic','rudicsasamb@gmail.com','o24 796 069','','a8f43b74a30fa48f95c52dabe03d490e29b6cb0e','f969fb3b9','a:0:{}','',0,72,1,'212.57.40.116',1,1,'','2013-11-20 18:54:48'),(73,0,'nemanja','maric','nemanja.maric@entjuba.rs','0214877258','0648491372','e132be98558209c3245e641e423bb8293332abdb','12765f510','a:0:{}','',0,74,1,'212.200.65.82',1,1,'','2013-11-22 15:18:10'),(81,0,'ljubica','tintor','tintor28@ptt.rs','011-2748210','064-1385460','7c95229205d6593925cbfc531ffb998a19df632d','5f991339a','a:0:{}','',0,82,1,'78.30.162.180',1,1,'','2014-01-13 16:59:02'),(82,0,'nikola','mijailovic','mijailovicmm@gmail.com','0643514198','0643514198','6b0c457d0bde87975f0f086a3c3c44cd9bdf2669','29d7ed7e4','a:0:{}','',0,85,1,'109.245.142.117',1,1,'','2014-01-25 21:25:39'),(83,0,'Momir','Novakovic','momir.novakovic@gmail.com','0264321895','0646317659','8387fc0d491d51c15a746db1f351cee443456bb3','81d6a986b','a:1:{i:70;i:1;}','',0,86,1,'93.86.17.163',1,1,'','2014-02-10 10:22:34'),(84,0,'vahid','ademovic','adevahid@hotmail.com','0638588138','','da9d2071cb06be237d99229cdcfb27f83d8cdd46','b83e40b6c','a:0:{}','',0,87,1,'79.101.191.114',1,1,'','2014-03-05 23:35:40'),(85,0,'Milenko','Pavlovic','z.m.pavlovic@gmail.com','+381645146470','','759a3f3a0f0b9fde50707fec8940da57c80463f5','c0c9cd94d','a:0:{}','',0,88,1,'130.180.245.200',1,1,'','2014-03-12 13:01:12'),(86,0,'Bozidar','Ivanovic','prosystems.ks@gmail.com','037/727-424','062/677-611','066c7e3b5c832d5a8b33583b42c3d9d67977f1b2','5fc2e1c2e','a:0:{}','',0,90,1,'87.116.141.10',1,1,'','2014-03-23 23:44:33'),(87,0,'Marinko','Zubić','marinkozorica.zubic@zrlocal.net','0637092643','','2eb368eaf47683a00e2339987a8fb6fc011d87b0','c4ac97fe9','a:0:{}','',0,91,1,'185.26.173.4',1,1,'','2014-03-24 22:55:38'),(88,0,'Stanisa','Bazic','p.bazic@yahoo.com','0648016544','0648016544','dc04443f812fc702ef02ac043f5315d267061886','726367fce','a:0:{}','',0,92,1,'109.93.242.150',1,1,'','2014-03-26 12:13:35'),(89,0,'Bojan','Vojčić','voja70@yahoo.com','064 1175077','','a214992aeec2ed20c0d7d899457bfe1bd24380ec','6be5a6aa6','a:0:{}','',0,93,1,'178.149.152.247',1,1,'','2014-04-02 01:44:53'),(90,0,'Veselin','Veličkov','wveselin@hotmail.com','062246867','','b63c8710412809bab529cdebb73cdb19fab108ac','3832efc09','a:1:{i:116;i:1;}','',0,94,1,'188.2.178.175',1,1,'','2014-04-02 11:57:19'),(91,0,'Marina','Marković','markovictr@gmail.com','0638305967','012851178','01d344f3b104daec69c68a9e47614976e2897bf5','6bc93e581','a:0:{}','',0,95,1,'109.72.63.80',1,1,'','2014-04-04 15:07:53'),(92,0,'Goran','Grujic','grujicgoran@yahoo.com','064 61 31 091','','55693e4e113d3090e694802b9b9648d1a974fa31','7cbe5ee0a','a:1:{i:217;i:4;}','',0,96,1,'109.93.52.171',1,1,'','2014-04-10 11:04:52'),(93,0,'Aleksandar ','Tijanić','alekst01@yahoo.com','063 210 983','','6c8442a05ad42dced0ae8db8eb95970b2b485cf8','5626bfb26','a:0:{}','',0,97,1,'178.223.35.234',1,1,'','2014-04-14 14:25:40'),(94,0,'Dusan','Djukic','theuca012@gmail.com','063425366','','674a279d2c4f2aeb9e2f03e44b50fe57fe588d27','42f0563d2','a:0:{}','',0,98,1,'89.216.28.24',1,1,'','2014-04-15 13:45:08'),(95,0,'Jovan ','Topalović','jov61@live.com','064/ 4122694','','009e927c0b2dd08f68506df384284d7910f6ff06','9c3a99031','a:0:{}','',0,99,1,'178.149.181.41',1,1,'','2014-05-06 14:23:32'),(96,0,'Dušan','Milić','dusanmilic83@gmail.com','0659092222','','3e20c72c628a8ea797d97b86d4fea60097dc56f5','a06dfd61a','a:0:{}','',0,100,1,'178.221.28.33',1,1,'','2014-05-11 15:54:35'),(97,0,'Dragiša','Okrčalović','gagagile.okrcalovic@gmail.com','0653384555','','966d6d286e84c7644cff474c41a63654d75145b7','63ddf9ee6','a:0:{}','',0,101,1,'109.245.138.139',1,1,'','2014-06-10 08:24:44'),(98,0,'David','Nikolić','gdin.david.nikolic@gmail.com','032 711 015','065 673 62 05','f6757ba1f1c08ebc0b71c3542c25c30052f69521','e95c6c503','a:0:{}','',0,102,1,'178.223.221.172',1,1,'','2014-06-16 12:59:52'),(99,0,'Igor','Ljubojevic','igor.ljubojevic@megafavorit.com','0605087338','','ca47577623398932125d2a4e158bc5852d7173e0','2e68ed447','a:3:{i:236;i:7;i:306;i:1;i:293;i:1;}','',0,103,1,'178.221.167.249',1,1,'','2014-06-16 20:56:07'),(100,0,'Saša ','Stanković','sasastankovic@bukovo.edu.rs','0603433775','','5946b7e02f93873cd3f7d39905cdd53319db69b4','d7bfd670e','a:0:{}','',0,104,1,'109.121.19.29',1,1,'','2014-06-17 09:55:02'),(101,0,'Miodrag ','Marinković','marin.m@ptt.rs','0653313110','035562686','3666347516dba98a830cfb354f54f77d60c4f8ae','9b34b463f','a:0:{}','',0,105,1,'82.208.232.203',1,1,'','2014-06-17 12:14:10'),(102,0,'Srdjan','Tot','srdjantot@yunord.net','0637506320','','d2fa5e068584c856b923f84dcbf7d887eafbf9e5','d0af13b45','a:0:{}','',0,106,1,'178.222.160.216',1,1,'','2014-07-07 12:00:39'),(103,0,'Zoran','Boskovic','zoranbos@gmail.com','036825246','0641152860','09a982ab06e6c279cb5fe2ff8332dd86a53350bc','40b5855b5','a:0:{}','',0,107,1,'212.62.39.249',1,1,'','2014-07-16 16:38:57'),(104,0,'Boris','Jovanovic','borisxc@neobee.net','032/5462-760','063/1097461','8c446de38baad7cccc0c641e5449d6703c36f359','931763367','a:0:{}','',0,108,1,'109.121.12.63',1,1,'','2014-07-24 13:12:51'),(105,0,'Ištvan','Paladji','paladjii@gmail.com','025423263','0604232633','cbc5efc21314458f6f9ab86d999d725bad921b16','cdb6e8ed4','a:0:{}','',0,109,1,'178.222.130.137',1,1,'','2014-07-31 19:53:24'),(106,0,'Istvan ','Paladji','istvan0325@gmail.com','025423263','0604232633','54e7d7ee9fc50f87b1e67c1ab5090abe0fcab683','f27a34bb2','a:0:{}','',0,110,1,'77.46.207.128',1,1,'','2014-08-01 16:35:20'),(107,0,'nenad','milenovic','orionexpres@medianis.net','0199427357','062655885','f04c1a4fe4fa7caa340c92f2382d9fa441a3a019','702f55fc3','a:0:{}','',0,111,1,'89.216.198.9',1,1,'','2014-08-09 21:53:49'),(108,0,'Jovan','Velimirov','farkazdin@gmail.com','064/8507070','','9cc6bc513317335d7f1e997743ccce5410606d20','9f54f037e','a:0:{}','',0,112,1,'109.93.10.79',1,1,'','2014-08-14 15:04:46'),(109,0,'Ivan','Potić','ivanpotic@gmail.com','0638193025','0648209910','9d5032c212e87f51381a5833506ca915337c15bb','668118e09','a:0:{}','',0,113,1,'217.65.199.84',1,1,'','2014-08-16 16:01:44'),(110,0,'Dragan','Spasovic','johny1@beotel.rs','027327265','0641482487','89899e7aa73c05ff228e91c378caf5c2922164d3','3ef534a94','a:0:{}','',0,114,1,'109.93.201.59',1,1,'','2014-08-19 15:47:18'),(111,0,'Jandre','Petrovic','srzenda@gmail.com','022 468 443','','dce3365bff123c5c6269d9b3971f117236d8a496','853e9ad46','a:0:{}','',0,115,1,'94.154.111.102',1,1,'','2014-08-19 22:50:53'),(112,0,'Dragan','Tomanic','dtomanic792@gmail.com','0648409861','','21fb2f6b60e66fd84fe7c0e3e53e2b5967e713fc','76b702896','a:0:{}','',0,116,1,'212.200.155.26',1,1,'','2014-08-28 13:11:15'),(113,0,'Dragan','Spiridonov','draganspi@gmail.com','0641571388','','f6530007d18d9e24815f3657589c9db0f66d7553','52f741053','a:0:{}','',0,117,1,'82.117.210.74',1,1,'','2014-09-03 12:58:00'),(114,0,'zoran','knežević','zknezevic@useens.net','021 465080  ','063 506 735','13e7eb380ed907c1a4852fad094d8ecbbbf414ad','ed7aaf329','a:0:{}','',0,118,1,'93.86.219.80',1,1,'','2014-09-09 21:56:29'),(115,0,'ZORAN','Jankovic','zoran031@gmail.com','0642356786','','e60f82ad69f372b53ae575b051c083b30b19b72b','608eabe1c','a:0:{}','',0,119,1,'178.221.241.205',1,1,'','2014-09-14 11:40:23'),(116,0,'Nenad','Krajničan','nenadkrajnican@gmail.com','063/71-03-411','063/71-03-411','1b12dfd65f858721d54f495509f8a7a90b855510','df552db43','a:0:{}','',0,120,1,'109.93.195.22',1,1,'','2014-09-24 14:00:18'),(117,0,'Darko','Krstic','darko.krstic@agrotehnix.com','0113088636','062248696','24ec52538ef4de15e77b2a9598e366b1a875c354','14073d784','a:1:{i:57;i:1;}','',0,121,1,'94.189.186.180',1,1,'','2014-09-29 16:46:05'),(118,0,'ROBERT','TODOROVIC','edit.feher@yahoo.com','021/851247','063585983','a832f64b7f6f69ec3aa605eb7f05ce1d364ff9c0','6192ab005','a:1:{i:202;i:1;}','',0,122,1,'95.85.183.52',1,1,'','2014-10-07 21:54:06');

--
-- Table structure for table `oc_customer_ban_ip`
--

CREATE TABLE `oc_customer_ban_ip` (
  `customer_ban_ip_id` int(11) NOT NULL AUTO_INCREMENT,
  `ip` varchar(40) NOT NULL,
  PRIMARY KEY (`customer_ban_ip_id`),
  KEY `ip` (`ip`)
) ENGINE=MyISAM DEFAULT CHARSET=utf8;

--
-- Dumping data for table `oc_customer_ban_ip`
--


--
-- Table structure for table `oc_customer_field`
--

CREATE TABLE `oc_customer_field` (
  `customer_id` int(11) NOT NULL,
  `custom_field_id` int(11) NOT NULL,
  `custom_field_value_id` int(11) NOT NULL,
  `name` int(128) NOT NULL,
  `value` text NOT NULL,
  `sort_order` int(3) NOT NULL,
  PRIMARY KEY (`customer_id`,`custom_field_id`,`custom_field_value_id`)
) ENGINE=MyISAM DEFAULT CHARSET=utf8;

--
-- Dumping data for table `oc_customer_field`
--


--
-- Table structure for table `oc_customer_group`
--

CREATE TABLE `oc_customer_group` (
  `customer_group_id` int(11) NOT NULL AUTO_INCREMENT,
  `approval` int(1) NOT NULL,
  `company_id_display` int(1) NOT NULL,
  `company_id_required` int(1) NOT NULL,
  `tax_id_display` int(1) NOT NULL,
  `tax_id_required` int(1) NOT NULL,
  `sort_order` int(3) NOT NULL,
  PRIMARY KEY (`customer_group_id`)
) ENGINE=MyISAM AUTO_INCREMENT=2 DEFAULT CHARSET=utf8;

--
-- Dumping data for table `oc_customer_group`
--

INSERT INTO `oc_customer_group` VALUES (1,0,1,0,0,1,1);

--
-- Table structure for table `oc_customer_group_description`
--

CREATE TABLE `oc_customer_group_description` (
  `customer_group_id` int(11) NOT NULL,
  `language_id` int(11) NOT NULL,
  `name` varchar(32) NOT NULL,
  `description` text NOT NULL,
  PRIMARY KEY (`customer_group_id`,`language_id`)
) ENGINE=MyISAM DEFAULT CHARSET=utf8;

--
-- Dumping data for table `oc_customer_group_description`
--

INSERT INTO `oc_customer_group_description` VALUES (1,1,'Default','test'),(1,7,'Default','test');

--
-- Table structure for table `oc_customer_history`
--

CREATE TABLE `oc_customer_history` (
  `customer_history_id` int(11) NOT NULL AUTO_INCREMENT,
  `customer_id` int(11) NOT NULL,
  `comment` text NOT NULL,
  `date_added` datetime NOT NULL,
  PRIMARY KEY (`customer_history_id`)
) ENGINE=MyISAM DEFAULT CHARSET=utf8;

--
-- Dumping data for table `oc_customer_history`
--


--
-- Table structure for table `oc_customer_ip`
--

CREATE TABLE `oc_customer_ip` (
  `customer_ip_id` int(11) NOT NULL AUTO_INCREMENT,
  `customer_id` int(11) NOT NULL,
  `ip` varchar(40) NOT NULL,
  `date_added` datetime NOT NULL,
  PRIMARY KEY (`customer_ip_id`),
  KEY `ip` (`ip`)
) ENGINE=MyISAM AUTO_INCREMENT=114 DEFAULT CHARSET=utf8;

--
-- Dumping data for table `oc_customer_ip`
--

INSERT INTO `oc_customer_ip` VALUES (37,69,'212.200.146.37','2013-11-14 08:54:13'),(21,22,'178.149.49.130','2013-10-20 21:16:16'),(41,72,'212.57.40.116','2013-11-20 18:54:49'),(39,24,'77.105.27.171','2013-11-14 12:56:03'),(10,14,'109.93.141.46','2013-10-01 14:55:02'),(11,14,'93.86.26.196','2013-10-03 08:14:12'),(36,68,'212.200.146.37','2013-11-14 08:26:31'),(13,15,'79.101.89.105','2013-10-03 14:56:40'),(14,15,'93.86.43.154','2013-10-03 17:00:21'),(15,16,'178.221.242.188','2013-10-03 17:13:19'),(16,14,'79.101.83.50','2013-10-05 08:29:49'),(17,17,'178.79.21.142','2013-10-09 09:34:55'),(18,18,'178.79.21.142','2013-10-09 09:40:17'),(22,23,'212.200.146.38','2013-10-28 12:25:30'),(23,23,'195.46.53.200','2013-10-28 12:27:11'),(40,71,'178.217.13.98','2013-11-14 14:25:31'),(25,24,'79.175.117.250','2013-11-10 18:18:33'),(38,70,'212.200.146.37','2013-11-14 09:40:56'),(42,73,'212.200.65.82','2013-11-22 15:18:13'),(43,74,'178.223.140.89','2013-11-23 10:00:31'),(44,75,'178.149.102.144','2013-11-25 10:26:17'),(45,75,'212.200.146.37','2013-11-25 11:34:09'),(46,74,'93.87.193.109','2013-11-26 11:41:12'),(47,14,'93.86.70.111','2013-11-27 13:35:04'),(48,76,'93.87.215.146','2013-11-28 13:24:16'),(49,77,'89.216.226.158','2013-12-10 13:09:58'),(50,14,'93.86.69.215','2013-12-12 15:30:56'),(51,78,'178.223.28.120','2014-01-01 07:53:27'),(52,79,'109.92.33.254','2014-01-04 17:12:49'),(53,79,'77.46.195.245','2014-01-04 20:09:17'),(54,79,'178.222.202.234','2014-01-06 09:45:22'),(55,80,'212.200.54.115','2014-01-12 11:52:30'),(56,81,'78.30.162.180','2014-01-13 16:59:03'),(57,82,'109.245.142.117','2014-01-25 21:25:40'),(58,83,'93.86.17.163','2014-02-10 10:22:35'),(59,84,'79.101.191.114','2014-03-05 23:35:43'),(60,85,'130.180.245.200','2014-03-12 13:01:14'),(61,86,'87.116.141.10','2014-03-23 23:44:35'),(62,87,'185.26.173.4','2014-03-24 22:55:40'),(63,88,'109.93.242.150','2014-03-26 12:13:36'),(64,89,'178.222.28.100','2014-04-02 01:44:55'),(65,90,'188.2.178.175','2014-04-02 11:57:21'),(66,91,'109.72.63.80','2014-04-04 15:07:55'),(67,92,'109.93.52.171','2014-04-10 11:04:55'),(68,89,'79.101.210.223','2014-04-11 20:11:45'),(69,89,'178.149.155.149','2014-04-12 12:23:17'),(70,93,'178.223.35.234','2014-04-14 14:25:42'),(71,94,'89.216.28.24','2014-04-15 13:45:10'),(72,95,'178.149.180.29','2014-05-06 14:23:34'),(73,95,'178.149.181.41','2014-05-07 14:20:51'),(74,96,'178.221.28.33','2014-05-11 15:54:38'),(75,89,'93.87.128.53','2014-06-02 16:25:48'),(76,97,'109.245.138.139','2014-06-10 08:24:48'),(77,98,'178.223.221.172','2014-06-16 12:59:55'),(78,99,'66.249.81.92','2014-06-16 20:56:09'),(79,99,'109.245.0.59','2014-06-16 20:56:23'),(80,99,'178.221.167.249','2014-06-17 08:32:03'),(81,100,'109.121.19.29','2014-06-17 09:55:06'),(82,101,'82.208.232.203','2014-06-17 12:14:12'),(83,75,'178.149.2.249','2014-06-22 15:03:41'),(84,14,'93.87.247.67','2014-06-30 09:52:51'),(85,75,'212.200.146.38','2014-06-30 13:13:41'),(86,14,'91.150.116.105','2014-06-30 13:22:27'),(87,102,'178.222.182.14','2014-07-07 12:00:47'),(88,75,'24.135.185.232','2014-07-07 12:56:18'),(89,102,'178.222.160.216','2014-07-08 09:14:12'),(90,103,'82.208.210.34','2014-07-16 16:39:02'),(91,103,'212.62.39.249','2014-07-17 11:48:56'),(92,104,'109.121.12.63','2014-07-24 13:12:56'),(93,89,'178.149.152.247','2014-07-26 22:18:01'),(94,105,'178.222.130.137','2014-07-31 19:53:30'),(95,106,'178.221.157.219','2014-08-01 16:35:35'),(96,106,'109.92.237.2','2014-08-02 11:43:29'),(97,106,'77.46.228.230','2014-08-04 09:06:00'),(98,106,'77.46.207.128','2014-08-04 16:59:18'),(99,107,'89.216.198.9','2014-08-09 21:53:55'),(100,108,'109.93.10.79','2014-08-14 15:04:55'),(101,109,'217.65.199.81','2014-08-16 16:02:03'),(102,109,'217.65.199.84','2014-08-16 16:02:28'),(103,110,'109.93.201.59','2014-08-19 15:47:27'),(104,111,'94.154.111.102','2014-08-19 22:51:02'),(105,112,'212.200.155.26','2014-08-28 13:11:21'),(106,113,'82.117.210.74','2014-09-03 12:58:09'),(107,114,'93.86.219.80','2014-09-09 21:56:48'),(108,115,'178.221.241.205','2014-09-14 11:53:35'),(109,116,'178.221.21.243','2014-09-24 14:00:30'),(110,116,'178.221.42.204','2014-09-25 08:44:14'),(111,116,'109.93.195.22','2014-09-26 12:37:14'),(112,117,'94.189.186.180','2014-09-29 16:46:17'),(113,118,'95.85.183.52','2014-10-07 21:54:19');

--
-- Table structure for table `oc_customer_online`
--

CREATE TABLE `oc_customer_online` (
  `ip` varchar(40) NOT NULL,
  `customer_id` int(11) NOT NULL,
  `url` text NOT NULL,
  `referer` text NOT NULL,
  `date_added` datetime NOT NULL,
  PRIMARY KEY (`ip`)
) ENGINE=MyISAM DEFAULT CHARSET=utf8;

--
-- Dumping data for table `oc_customer_online`
--

INSERT INTO `oc_customer_online` VALUES ('109.92.23.156',0,'http://www.termorad.com/index.php?route=product/category&amp;path=80_66','http://www.termorad.com/index.php?route=product/category&amp;path=80_69','2014-10-08 09:16:58'),('66.249.78.74',0,'http://www.termorad.com/index.php?route=product/product&amp;path=71&amp;product_id=327&amp;limit=100','','2014-10-08 09:18:36'),('68.180.225.105',0,'http://www.termorad.com/index.php?route=product/product&amp;product_id=193','','2014-10-08 09:08:59'),('213.198.208.5',0,'http://www.termorad.com/','http://www.termorad.com/index.php?route=product/product&amp;product_id=51','2014-10-08 09:11:00'),('66.249.91.16',0,'http://www.termorad.com/','','2014-10-08 09:12:48'),('89.110.202.94',0,'http://www.termorad.com/','','2014-10-08 08:47:16'),('183.60.215.30',0,'http://www.termorad.com/index.php?route=product/product&amp;product_id=81','','2014-10-08 09:30:13'),('207.46.13.107',0,'http://www.termorad.com/','','2014-10-08 09:13:36'),('178.148.138.124',0,'http://www.termorad.com/','http://www.google.rs/url?sa=t&amp;rct=j&amp;q=&amp;esrc=s&amp;source=web&amp;cd=1&amp;ved=0CCsQFjAA&amp;url=http%3A%2F%2Fwww.termorad.com%2F&amp;ei=o900VKRAyPzKA5CNgdgD&amp;usg=AFQjCNHyCn5iZCHlRrHkI6gyHsC5gQ9tWg&amp;sig2=wSi3laxhFR4JwHToX6kgiQ&amp;bvm=bv.76943099,d.bGQ&amp;cad=rja','2014-10-08 08:46:02'),('192.99.107.82',0,'http://www.termorad.com/','','2014-10-08 08:36:37'),('66.249.78.67',0,'http://www.termorad.com/index.php?route=product/category&amp;path=68','','2014-10-08 08:49:03'),('178.148.63.152',0,'http://www.termorad.com/','https://www.google.rs/','2014-10-08 08:36:32'),('178.223.71.185',0,'http://www.termorad.com/','http://www.termorad.com/index.php?route=product/product&amp;product_id=241','2014-10-08 08:38:45'),('24.135.44.82',0,'http://www.termorad.com/index.php?route=information/information&amp;information_id=4','http://www.termorad.com/','2014-10-08 09:20:23'),('92.60.228.141',0,'http://www.termorad.com/index.php?route=product/category&amp;path=71&amp;sort=p.price&amp;order=ASC&amp;page=7','http://www.termorad.com/index.php?route=product/category&amp;path=71&amp;sort=p.price&amp;order=ASC&amp;page=6','2014-10-08 09:10:27'),('178.149.5.110',0,'http://www.termorad.com/shop/','','2014-10-08 09:06:20'),('66.249.69.68',0,'http://www.termorad.com/','','2014-10-08 09:28:41'),('183.60.214.120',0,'http://www.termorad.com/index.php?route=product/category&amp;path=80&amp;limit=15','','2014-10-08 09:25:02'),('89.216.53.10',0,'http://www.termorad.com/index.php?route=product/category&amp;path=71','http://www.google.rs/url?sa=t&amp;rct=j&amp;q=&amp;esrc=s&amp;frm=1&amp;source=web&amp;cd=9&amp;ved=0CDgQFjAI&amp;url=http%3A%2F%2Fwww.termorad.com%2Findex.php%3Froute%3Dproduct%2Fcategory%26path%3D71&amp;ei=7-M0VMTyG-XMyAPKyIKYAQ&amp;usg=AFQjCNFYZTN3edlCfuvFTUCQrjiKnqQfVg','2014-10-08 09:13:15'),('109.92.170.184',0,'http://www.termorad.com/index.php?route=product/category&amp;path=62','http://www.google.rs/url?sa=t&amp;rct=j&amp;q=&amp;esrc=s&amp;source=web&amp;cd=16&amp;ved=0CD4QFjAFOAo&amp;url=http%3A%2F%2Fwww.termorad.com%2Findex.php%3Froute%3Dproduct%2Fcategory%26path%3D62&amp;ei=i900VNQO4c3KA_2agcAN&amp;usg=AFQjCNE2XAPsCJ5UP0pXFWLqjigKX-1dxQ&amp;sig2=GJbgnPXAkDyxRMRlSsxFoQ&amp;bvm=bv.76943099,d.bGQ','2014-10-08 08:46:16');

--
-- Table structure for table `oc_customer_reward`
--

CREATE TABLE `oc_customer_reward` (
  `customer_reward_id` int(11) NOT NULL AUTO_INCREMENT,
  `customer_id` int(11) NOT NULL DEFAULT '0',
  `order_id` int(11) NOT NULL DEFAULT '0',
  `description` text NOT NULL,
  `points` int(8) NOT NULL DEFAULT '0',
  `date_added` datetime NOT NULL DEFAULT '0000-00-00 00:00:00',
  PRIMARY KEY (`customer_reward_id`)
) ENGINE=MyISAM DEFAULT CHARSET=utf8;

--
-- Dumping data for table `oc_customer_reward`
--


--
-- Table structure for table `oc_customer_transaction`
--

CREATE TABLE `oc_customer_transaction` (
  `customer_transaction_id` int(11) NOT NULL AUTO_INCREMENT,
  `customer_id` int(11) NOT NULL,
  `order_id` int(11) NOT NULL,
  `description` text NOT NULL,
  `amount` decimal(15,4) NOT NULL,
  `date_added` datetime NOT NULL,
  PRIMARY KEY (`customer_transaction_id`)
) ENGINE=MyISAM DEFAULT CHARSET=utf8;

--
-- Dumping data for table `oc_customer_transaction`
--


--
-- Table structure for table `oc_download`
--

CREATE TABLE `oc_download` (
  `download_id` int(11) NOT NULL AUTO_INCREMENT,
  `filename` varchar(128) NOT NULL,
  `mask` varchar(128) NOT NULL,
  `remaining` int(11) NOT NULL DEFAULT '0',
  `date_added` datetime NOT NULL DEFAULT '0000-00-00 00:00:00',
  PRIMARY KEY (`download_id`)
) ENGINE=MyISAM AUTO_INCREMENT=30 DEFAULT CHARSET=utf8;

--
-- Dumping data for table `oc_download`
--


--
-- Table structure for table `oc_download_description`
--

CREATE TABLE `oc_download_description` (
  `download_id` int(11) NOT NULL,
  `language_id` int(11) NOT NULL,
  `name` varchar(64) NOT NULL,
  PRIMARY KEY (`download_id`,`language_id`)
) ENGINE=MyISAM DEFAULT CHARSET=utf8;

--
-- Dumping data for table `oc_download_description`
--


--
-- Table structure for table `oc_extension`
--

CREATE TABLE `oc_extension` (
  `extension_id` int(11) NOT NULL AUTO_INCREMENT,
  `type` varchar(32) NOT NULL,
  `code` varchar(32) NOT NULL,
  PRIMARY KEY (`extension_id`)
) ENGINE=MyISAM AUTO_INCREMENT=474 DEFAULT CHARSET=utf8;

--
-- Dumping data for table `oc_extension`
--

INSERT INTO `oc_extension` VALUES (23,'payment','cod'),(22,'total','shipping'),(57,'total','sub_total'),(58,'total','tax'),(59,'total','total'),(410,'module','banner'),(443,'module','carousel'),(390,'total','credit'),(387,'shipping','flat'),(349,'total','handling'),(350,'total','low_order_fee'),(389,'total','coupon'),(428,'module','filter'),(408,'module','account'),(393,'total','reward'),(427,'module','featured'),(419,'module','slideshow'),(429,'module','latest'),(473,'shipping','citylink'),(432,'module','welcome'),(433,'module','store'),(434,'module','special'),(472,'module','bigshop'),(471,'module','blog'),(442,'module','information'),(470,'module','kdo_category'),(445,'module','bestseller'),(469,'module','attachments'),(468,'module','faq'),(458,'shipping','free'),(467,'payment','intesapay');

--
-- Table structure for table `oc_faq`
--

CREATE TABLE `oc_faq` (
  `faq_id` int(11) NOT NULL AUTO_INCREMENT,
  `topic_id` int(11) NOT NULL DEFAULT '0',
  `status` int(1) NOT NULL DEFAULT '0',
  `sort_order` int(3) NOT NULL DEFAULT '0',
  PRIMARY KEY (`faq_id`)
) ENGINE=MyISAM AUTO_INCREMENT=19 DEFAULT CHARSET=utf8 COLLATE=utf8_bin;

--
-- Dumping data for table `oc_faq`
--

INSERT INTO `oc_faq` VALUES (1,0,1,0),(2,0,1,0),(3,0,1,0),(4,1,1,0),(5,1,1,0),(6,1,1,0),(7,1,1,0),(8,1,1,0),(9,1,1,0),(10,2,1,2),(11,2,1,1),(12,3,1,0),(13,3,1,0),(14,2,1,3),(15,2,1,0),(18,2,1,4);

--
-- Table structure for table `oc_faq_description`
--

CREATE TABLE `oc_faq_description` (
  `faq_id` int(11) NOT NULL DEFAULT '0',
  `language_id` int(11) NOT NULL DEFAULT '0',
  `title` varchar(64) COLLATE utf8_bin NOT NULL DEFAULT '',
  `meta_description` varchar(255) COLLATE utf8_bin DEFAULT NULL,
  `description` text COLLATE utf8_bin NOT NULL,
  PRIMARY KEY (`faq_id`,`language_id`)
) ENGINE=MyISAM DEFAULT CHARSET=utf8 COLLATE=utf8_bin;

--
-- Dumping data for table `oc_faq_description`
--

INSERT INTO `oc_faq_description` VALUES (1,7,'Bojleri','','&lt;p&gt;Bojleri&lt;/p&gt;\r\n'),(1,1,'Bojleri','','&lt;p&gt;Bojleri&lt;/p&gt;\r\n'),(2,7,'Posude','','&lt;p&gt;Posude&lt;/p&gt;\r\n'),(2,1,'Posude','','&lt;p&gt;Posude&lt;/p&gt;\r\n'),(3,7,'Dimnjaci','','&lt;p&gt;Dimnjaci&lt;/p&gt;\r\n'),(3,1,'Dimnjaci','','&lt;p&gt;Dimnjaci&lt;/p&gt;\r\n'),(4,7,'Gde mogu da kupim Termorad bojler? ','','&lt;p&gt;Zahvaljujući dokazanom i proverenom kvalitetu stekli smo veliki broj partnera-distributera. Najjednostavniji način da dođete do brze i tačne informacije gde da kupite bojler Termorad je da kontaktirate našu službu prodaje na telefone:&lt;br /&gt;\r\n031/3819-210, 3819-150, 828-251, 828-208.&lt;/p&gt;\r\n'),(4,1,'Gde mogu da kupim Termorad bojler? ','','&lt;p&gt;&lt;span style=&quot;font-size: 13px;&quot;&gt;Zahvaljujući dokazanom i proverenom kvalitetu stekli smo veliki broj partnera-distributera. Najjednostavniji način da dođete do brze i tačne informacije gde da kupite bojler Termorad je da kontaktirate našu službu prodaje na telefone:&lt;/span&gt;&lt;br style=&quot;font-size: 13px;&quot; /&gt;\r\n&lt;span style=&quot;font-size: 13px;&quot;&gt;031/3819-210, 3819-150, 828-251, 828-208.&lt;/span&gt;&lt;/p&gt;\r\n'),(5,7,' Kolika je garancija na Termorad bojlere? ','','&lt;p&gt;Pored garancije koju obezbeđuje zakon o zaštiti potrošača, Termorad daje i dodatnu garanciju na svoje proizvode. Tako garancija na bojlere sa inox kazanom iznosi ukupno 10 godina a na bojlere sa emajliranim odnosno pvc kazanom iznosi ukupno 5 godina.&lt;/p&gt;\r\n\r\n'),(5,1,' Kolika je garancija na Termorad bojlere? ','','&lt;p&gt;Pored garancije koju obezbeđuje zakon o zaštiti potrošača, Termorad daje i dodatnu garanciju na svoje proizvode. Tako garancija na bojlere sa inox kazanom iznosi ukupno 10 godina a na bojlere sa emajliranim odnosno pvc kazanom iznosi ukupno 5 godina.&lt;/p&gt;\r\n\r\n'),(6,7,' Termorad bojler najveće zapremine je? ','','&lt;p&gt;Pored bojlera srednje litraže (bojleri zapremine od 30 do 120 litara), Termorad proizvodi i bojlere većih zapremina. To su bojleri čija je zapremina od 200, 280 i 500 litara, ovi bojleri se takođe proizvode kao električni odnosno kombinovani bojleri (sa jednim odnosno dva izmenjivača toplote).&lt;/p&gt;\r\n'),(6,1,' Termorad bojler najveće zapremine je? ','','&lt;p&gt;Pored bojlera srednje litraže (bojleri zapremine od 30 do 120 litara), Termorad proizvodi i bojlere većih zapremina. To su bojleri čija je zapremina od 200, 280 i 500 litara, ovi bojleri se takođe proizvode kao električni odnosno kombinovani bojleri (sa jednim odnosno dva izmenjivača toplote).&lt;/p&gt;\r\n'),(7,7,' Šta znači &quot;bezuslovna garancija&quot;? ','','&lt;p&gt;Za razliku od nekih drugih proizvođača bojlera, Termorad obezbeđuje bezuslovnu garanciju na svoje proizvode. To znači da Termorad ne zahteva od kupaca svojih proizvoda nikakva dodatna ulaganja kako bi ostvarili prava ili garancije (garancija se ne uslovljava zamenom anode, čišćenjem kazana i sl.).&lt;/p&gt;\r\n'),(7,1,' Šta znači &quot;bezuslovna garancija&quot;? ','','&lt;div class=&quot;accordion-content box-content open-content&quot; style=&quot;width: 272px; display: block;&quot;&gt;\r\n&lt;p&gt;Za razliku od nekih drugih proizvođača bojlera, Termorad obezbeđuje bezuslovnu garanciju na svoje proizvode. To znači da Termorad ne zahteva od kupaca svojih proizvoda nikakva dodatna ulaganja kako bi ostvarili prava ili garancije (garancija se ne uslovljava zamenom anode, čišćenjem kazana i sl.).&lt;/p&gt;\r\n&lt;/div&gt;\r\n'),(8,7,' U kojim slučajevima ne važi garancija? ','','&lt;p&gt;Osnovni preduslov za uvaženje garancije je uredno popunjen garantni list i fiskalni isečak iz radnje gde je bojler kupljen. Termorad ne prihvata reklamaciju u koliko je montaža bojlera izvršena nestručno od strane lica koje nije ovlašćeno za to.&lt;/p&gt;\r\n'),(8,1,' U kojim slučajevima ne važi garancija? ','','&lt;p&gt;Osnovni preduslov za uvaženje garancije je uredno popunjen garantni list i fiskalni isečak iz radnje gde je bojler kupljen. Termorad ne prihvata reklamaciju u koliko je montaža bojlera izvršena nestručno od strane lica koje nije ovlašćeno za to.&lt;/p&gt;\r\n'),(9,7,' Ima li Termorad bojler zaštitu od korozije? ','','&lt;p&gt;Svi bojleri srednje litraže kao i bojleri zapremine od 200 do 500 litara poseduju magnezijumsku anodu čija je osnovna uloga zaštita kazana i grejača od korozije.&lt;/p&gt;\r\n'),(9,1,' Ima li Termorad bojler zaštitu od korozije? ','','&lt;p&gt;Svi bojleri srednje litraže kao i bojleri zapremine od 200 do 500 litara poseduju magnezijumsku anodu čija je osnovna uloga zaštita kazana i grejača od korozije.&lt;/p&gt;\r\n'),(10,7,' Koja je najveća zapremina Termorad posude za vino? ','','&lt;p&gt;Inox posude za vino se proizvode u zapreminama od 50 do 350 litara&lt;/p&gt;\r\n'),(10,1,' Koja je najveća zapremina Termorad posude za vino? ','','&lt;p&gt;Inox posude za vino se proizvode u zapreminama od 50 do 350 litara&lt;/p&gt;\r\n'),(11,7,' Koja je najveća zapremina Termorad hidroforske posude? ','','&lt;p&gt;Najveća zapremina hidroforske posude je 500 litara&lt;/p&gt;\r\n'),(11,1,' Koja je najveća zapremina Termorad hidroforske posude? ','','&lt;p&gt;Najveća zapremina hidroforske posude je 500 litara&lt;/p&gt;\r\n'),(18,7,'Proizvodite li posude za druga alkoholna pića?','','&lt;p&gt;Da. Proizvodimo i liniju posuda za rakiju, koje se mogu upotrebljavati i za skladištenje drugih srodnih pića (vodka, viski...).&lt;/p&gt;\r\n'),(18,1,'Proizvodite li posude za druga alkoholna pića?','','&lt;p&gt;&lt;span style=&quot;font-size: 13px;&quot;&gt;Da. Proizvodimo i liniju posuda za rakiju, koje se mogu upotrebljavati i za skladištenje&amp;nbsp;&lt;/span&gt;&lt;span style=&quot;font-size: 13px;&quot;&gt;drugih srodnih pića (vodka, viski...).&lt;/span&gt;&lt;/p&gt;\r\n'),(12,7,' Gde mogu da naručim Termorad dimnjak? ','','&lt;p&gt;Najjednostavniji način da dođete do brze informacije gde da kupite naš dimnjak je da kontaktirate našu prodajnu službu, službu komercijale. Telefoni su:&lt;br /&gt;\r\n031/3819-210, 3819-150.&lt;/p&gt;\r\n'),(12,1,' Gde mogu da naručim Termorad dimnjak? ','','&lt;p&gt;&lt;span style=&quot;font-size: 13px;&quot;&gt;Naj&lt;/span&gt;&lt;span style=&quot;font-size: 13px;&quot;&gt;jednostavniji način da dođete do brze informacije gde da kupite naš dimnjak je da kontaktirate našu prodajnu službu, službu komercijale. Telefoni su:&lt;/span&gt;&lt;br style=&quot;font-size: 13px;&quot; /&gt;\r\n&lt;span style=&quot;font-size: 13px;&quot;&gt;031/3819-210, 3819-150.&lt;/span&gt;&lt;/p&gt;\r\n'),(13,7,' Kolika je garancija na Termorad dimnjak? ','','&lt;p&gt;Garancija na Termorad dimnjak je 10 godina, ugradnja za jedan dan.&lt;/p&gt;\r\n'),(13,1,' Kolika je garancija na Termorad dimnjak? ','','&lt;p&gt;Garancija na Termorad dimnjak je 10 godina, ugradnja za jedan dan.&lt;/p&gt;\r\n'),(14,7,' Koje su garancije na Termorad posude? ','','&lt;p&gt;Garancija na prohromske hidroforske, vinske i rakijske&amp;nbsp;posude je 10 godina, a na pocinkovane hidroforske 4 godine.&lt;/p&gt;\r\n'),(14,1,' Koje su garancije na Termorad posude? ','','&lt;p&gt;&lt;span style=&quot;font-size: 13px;&quot;&gt;Garancija na prohromske hidroforske, vinske i rakijske&amp;nbsp;&lt;/span&gt;&lt;span style=&quot;font-size: 13px;&quot;&gt;posude je 10 godina, a na pocinkovane hidroforske 4 godine.&lt;/span&gt;&lt;/p&gt;\r\n'),(15,7,' Imaju li hidroforske posude nivostat? ','','&lt;p&gt;Sve Termorad hidroforske posude imaju ugrađen nivostat pomoću kojeg je omogućen bolji uvid u odnos voda/vazduh.&lt;/p&gt;\r\n'),(15,1,' Imaju li hidroforske posude nivostat? ','','&lt;p&gt;Sve Termorad hidroforske posude imaju ugrađen nivostat pomoću kojeg je omogućen bolji uvid u odnos voda/vazduh.&lt;/p&gt;\r\n');

--
-- Table structure for table `oc_faq_to_store`
--

CREATE TABLE `oc_faq_to_store` (
  `faq_id` int(11) NOT NULL,
  `store_id` int(11) NOT NULL,
  PRIMARY KEY (`faq_id`,`store_id`)
) ENGINE=MyISAM DEFAULT CHARSET=utf8 COLLATE=utf8_bin;

--
-- Dumping data for table `oc_faq_to_store`
--

INSERT INTO `oc_faq_to_store` VALUES (1,0),(2,0),(3,0),(4,0),(5,0),(6,0),(7,0),(8,0),(9,0),(10,0),(11,0),(12,0),(13,0),(14,0),(15,0),(18,0);

--
-- Table structure for table `oc_filter`
--

CREATE TABLE `oc_filter` (
  `filter_id` int(11) NOT NULL AUTO_INCREMENT,
  `filter_group_id` int(11) NOT NULL,
  `sort_order` int(3) NOT NULL,
  PRIMARY KEY (`filter_id`)
) ENGINE=MyISAM AUTO_INCREMENT=58 DEFAULT CHARSET=utf8;

--
-- Dumping data for table `oc_filter`
--

INSERT INTO `oc_filter` VALUES (47,1,1),(36,1,17),(35,1,12),(2,1,5),(1,1,0),(3,1,10),(4,1,15),(5,1,20),(55,4,2),(54,4,3),(42,9,3),(41,9,1),(40,9,2),(16,2,7),(15,2,6),(14,2,5),(13,2,4),(12,2,2),(10,2,1),(33,3,3),(21,3,4),(22,3,1),(53,4,2),(52,4,1),(45,5,0),(27,5,0),(6,1,25),(7,1,30),(8,1,35),(9,1,36),(28,1,43),(23,3,2),(26,5,0),(29,1,44),(30,1,48),(31,1,50),(32,1,46),(37,1,31),(34,5,0),(38,1,38),(48,1,2),(49,1,32),(50,1,39),(51,1,49),(44,4,4),(43,4,3),(25,4,3),(24,4,1),(56,4,3),(57,1,3);

--
-- Table structure for table `oc_filter_description`
--

CREATE TABLE `oc_filter_description` (
  `filter_id` int(11) NOT NULL,
  `language_id` int(11) NOT NULL,
  `filter_group_id` int(11) NOT NULL,
  `name` varchar(64) NOT NULL,
  PRIMARY KEY (`filter_id`,`language_id`)
) ENGINE=MyISAM DEFAULT CHARSET=utf8;

--
-- Dumping data for table `oc_filter_description`
--

INSERT INTO `oc_filter_description` VALUES (54,1,4,'Stojeća'),(47,7,1,'8 litara'),(36,1,1,'35 litara'),(36,7,1,'35 litara'),(35,1,1,'24 litra'),(54,7,4,'Stojeća'),(42,7,9,'Kućni'),(42,1,9,'Home'),(33,7,3,'Pocinkovani lim'),(33,1,3,'Pocinkovani lim'),(21,7,3,'Plastika'),(41,7,9,'Industrijski'),(41,1,9,'Industrial'),(40,7,9,'Elementi'),(40,1,9,'Elements'),(16,1,2,'Vertikalni'),(21,1,3,'Plastika'),(22,7,3,'Prohrom'),(53,1,4,'Nosač za zid'),(27,1,5,'Uski'),(35,7,1,'24 litra'),(2,1,1,'10 litara'),(22,1,3,'Prohrom'),(27,7,5,'Uski'),(2,7,1,'10 litara'),(1,1,1,'5 litara'),(1,7,1,'5 litara'),(3,1,1,'15 litara'),(3,7,1,'15 litara'),(4,1,1,'30 litara'),(4,7,1,'30 litara'),(5,1,1,'50 litara'),(5,7,1,'50 litara'),(16,7,2,'Vertikalni'),(15,1,2,'Bez regulacije'),(15,7,2,'Bez regulacije'),(14,1,2,'Sa regulacijom'),(14,7,2,'Sa regulacijom'),(13,1,2,'Horizontalni'),(13,7,2,'Horizontalni'),(12,1,2,'Solarni'),(12,7,2,'Solarni'),(10,1,2,'Prelivni'),(10,7,2,'Prelivni'),(23,7,3,'Emajlirani čelik'),(53,7,4,'Nosač za zid'),(6,1,1,'60 litara'),(6,7,1,'60 litara'),(7,1,1,'80 litara'),(23,1,3,'Emajlirani čelik'),(26,1,5,'Stojeći'),(7,7,1,'80 litara'),(8,1,1,'120 litara'),(8,7,1,'120 litara'),(9,1,1,'&gt; 120 litara'),(52,1,4,'Samonoseća'),(52,7,4,'Samonoseća'),(44,1,4,'Visokomontažni'),(28,1,1,'160 litara'),(9,7,1,'&gt; 120 litara'),(28,7,1,'160 litara'),(26,7,5,'Stojeći'),(34,1,5,'Niska'),(34,7,5,'Niska'),(29,1,1,'200 litara'),(29,7,1,'200 litara'),(30,1,1,'280 litara'),(30,7,1,'280 litara'),(45,7,5,'Na pritisak'),(45,1,5,'Na pritisak'),(31,1,1,'500 litara'),(31,7,1,'500 litara'),(32,1,1,'&gt; 200 litara'),(32,7,1,'&gt; 200 litara'),(37,1,1,'90 litara'),(37,7,1,'90 litara'),(38,1,1,'130 litara'),(38,7,1,'130 litara'),(48,1,1,'12 litara'),(48,7,1,'12 litara'),(49,1,1,'100 litara'),(49,7,1,'100 litara'),(44,7,4,'Visokomontažni'),(43,1,4,'Niskomontažni'),(43,7,4,'Niskomontažni'),(25,1,4,'Zid / plafon'),(25,7,4,'Zid / plafon'),(24,1,4,'Zid'),(24,7,4,'Zid'),(55,7,4,'Plafon'),(55,1,4,'Plafon'),(56,7,4,'Stojeći'),(56,1,4,'Stojeći'),(50,1,1,'150 litara'),(50,7,1,'150 litara'),(51,1,1,'350 litara'),(51,7,1,'350 litara'),(47,1,1,'8 litara'),(57,7,1,'18 litara'),(57,1,1,'18 litara');

--
-- Table structure for table `oc_filter_group`
--

CREATE TABLE `oc_filter_group` (
  `filter_group_id` int(11) NOT NULL AUTO_INCREMENT,
  `sort_order` int(3) NOT NULL,
  PRIMARY KEY (`filter_group_id`)
) ENGINE=MyISAM AUTO_INCREMENT=10 DEFAULT CHARSET=utf8;

--
-- Dumping data for table `oc_filter_group`
--

INSERT INTO `oc_filter_group` VALUES (1,2),(2,1),(3,0),(4,3),(5,4),(9,0);

--
-- Table structure for table `oc_filter_group_description`
--

CREATE TABLE `oc_filter_group_description` (
  `filter_group_id` int(11) NOT NULL,
  `language_id` int(11) NOT NULL,
  `name` varchar(64) NOT NULL,
  PRIMARY KEY (`filter_group_id`,`language_id`)
) ENGINE=MyISAM DEFAULT CHARSET=utf8;

--
-- Dumping data for table `oc_filter_group_description`
--

INSERT INTO `oc_filter_group_description` VALUES (2,7,'Vrsta'),(3,7,'Materijal'),(5,1,'Ostalo'),(1,7,'Litraža'),(2,1,'Vrsta'),(3,1,'Materijal'),(4,7,'Tip montaže'),(5,7,'Ostalo'),(9,1,'Dimnjaci'),(9,7,'Dimnjaci'),(4,1,'Tip montaže'),(1,1,'Litraža');

--
-- Table structure for table `oc_geo_zone`
--

CREATE TABLE `oc_geo_zone` (
  `geo_zone_id` int(11) NOT NULL AUTO_INCREMENT,
  `name` varchar(32) NOT NULL,
  `description` varchar(255) NOT NULL,
  `date_modified` datetime NOT NULL DEFAULT '0000-00-00 00:00:00',
  `date_added` datetime NOT NULL DEFAULT '0000-00-00 00:00:00',
  PRIMARY KEY (`geo_zone_id`)
) ENGINE=MyISAM AUTO_INCREMENT=5 DEFAULT CHARSET=utf8;

--
-- Dumping data for table `oc_geo_zone`
--

INSERT INTO `oc_geo_zone` VALUES (3,'Serbia','Serbia PDV','2013-07-17 21:04:43','2009-01-06 23:26:25');

--
-- Table structure for table `oc_information`
--

CREATE TABLE `oc_information` (
  `information_id` int(11) NOT NULL AUTO_INCREMENT,
  `bottom` int(1) NOT NULL DEFAULT '0',
  `sort_order` int(3) NOT NULL DEFAULT '0',
  `status` tinyint(1) NOT NULL DEFAULT '1',
  PRIMARY KEY (`information_id`)
) ENGINE=MyISAM AUTO_INCREMENT=15 DEFAULT CHARSET=utf8;

--
-- Dumping data for table `oc_information`
--

INSERT INTO `oc_information` VALUES (3,0,3,1),(4,1,1,1),(5,0,4,1),(6,0,2,1),(8,1,5,1),(9,1,6,1),(10,0,0,1),(11,0,0,1),(12,0,0,1),(13,0,0,1),(14,1,8,1);

--
-- Table structure for table `oc_information_description`
--

CREATE TABLE `oc_information_description` (
  `information_id` int(11) NOT NULL,
  `language_id` int(11) NOT NULL,
  `title` varchar(64) NOT NULL,
  `description` text NOT NULL,
  `custom_title` varchar(255) DEFAULT '',
  `meta_description` varchar(255) DEFAULT '',
  `meta_keyword` varchar(255) DEFAULT '',
  PRIMARY KEY (`information_id`,`language_id`)
) ENGINE=MyISAM DEFAULT CHARSET=utf8;

--
-- Dumping data for table `oc_information_description`
--

INSERT INTO `oc_information_description` VALUES (6,7,'Detalji isporuke','&lt;p&gt;&lt;strong style=&quot;font-size: 13px;&quot;&gt;Za sve porudžbine preko 3000 dinara,&amp;nbsp;cena isporuke je besplatna za teritoriju cele Srbije&lt;/strong&gt;&lt;span style=&quot;font-size: 13px;&quot;&gt;.&lt;/span&gt;&lt;br /&gt;\r\n&lt;br /&gt;\r\nU slučaju da su naručeni proizvodi na lageru, rok isporuke je 2-5 radnih dana od trenutka kada kupac &amp;nbsp;potvrdi svoju kupovinu na sajtu. U slučaju kada naručeni artikli nisu na lageru, kupac će biti obavešten o izmeni roka isporuke.&lt;br /&gt;\r\n&lt;br /&gt;\r\nIsporuka se vrši kurirskom službom, ovlašćenim vozilom ili vozilom naših partnera na adresu koju je kupac upisao prilikom naručivanja. Kako bi isporuka bila uspešna, isporučilac će kurirskoj službi dostaviti ime, prezime, adresu i kontakt telefon kupca.&lt;/p&gt;\r\n\r\n&lt;p&gt;&lt;strong&gt;Pri preuzimanju robe od dostavljača, kupac je u obavezi da pregleda dostavljenu robu i ustanovi da ne postoje fizička oštećenja. Savetujemo da se to uradi dok je isporučilac još prisutan.&lt;/strong&gt;&lt;br /&gt;\r\n&lt;br /&gt;\r\nIsporuke se ne vrše nedeljom i državnim praznicima.&lt;/p&gt;\r\n\r\n&lt;p&gt;&amp;nbsp;&lt;/p&gt;\r\n\r\n&lt;p&gt;&lt;strong&gt;Garancija kvaliteta i postupak reklamacije&lt;/strong&gt;&lt;/p&gt;\r\n\r\n&lt;p&gt;Svi ponuđeni proizvodi u okviru sajta su proizvedeni u skladu sa ISO:9001 standardom, što kupcu potvrđuje garanciju kvaliteta.&lt;br /&gt;\r\n&lt;br /&gt;\r\nUz artikle dolazi i garancija, u zavisnosti od tipa i vrste proizvoda, sa detaljima garantnog roka i postupkom reklamacije.&lt;br /&gt;\r\n&lt;br /&gt;\r\nUkoliko imate dodatnih pitanja u vezi detalja garancije i postupka reklamacije možete se obratiti na e-mail adresu &lt;a href=&quot;mailto:office@termorad.rs&quot;&gt;office@termorad.rs&lt;/a&gt;, na telefon 031 828 251 ili pismenim putem na adresu Termorad Group doo, Čestobrodica bb, 31210 Požega.&lt;/p&gt;\r\n','','',''),(3,1,'Politika privatnosti','&lt;p&gt;Privacy Policy&lt;/p&gt;\r\n','','',''),(5,7,'Opšti uslovi korišćenja','&lt;p&gt;Ovim uslovima definisana su prava i obaveze čijim se poštovanjem od strane &lt;strong&gt;Termorad Group doo&lt;/strong&gt;, u daljem tekstu isporučilac, i kupca garantuje uspešno okončanje naručivanja, plaćanja i isporuke proizvoda.&lt;/p&gt;\r\n\r\n&lt;p&gt;&lt;br /&gt;\r\n&lt;strong&gt;Opšti uslovi&lt;/strong&gt;&lt;/p&gt;\r\n\r\n&lt;ul&gt;\r\n	&lt;li&gt;Nakon prijema narudžbine putem sajta &lt;a href=&quot;http://www.termorad.com&quot;&gt;www.termorad.com&lt;/a&gt; i bilo kog njegovog dela/poddomena, isporučilac je obavezan da kupcu potvrdi narudžbinu slanjem potvrde na e-mail u formi predračuna u roku od 24 sata od trenutka naručivanja (ne računajući subotu, nedelju i praznike).&lt;/li&gt;\r\n	&lt;li&gt;Narudžbine prispele do 13 časova, procesuiraju se istog dana, a narudžbine prispele nakon 13 časova procesuiraju se narednog radnog dana (ne računajući subotu, nedelju i praznike).&lt;/li&gt;\r\n	&lt;li&gt;U slučaju poručivanja i plaćanja platnim karticama, narudžbina se smatra potvrđenom od strane kupca i neopozivom, izvršenjem uplate platnom karticom, kompletnog iznosa koji je naznačen uz željeni proizvod.&lt;/li&gt;\r\n	&lt;li&gt;U slučaju poručivanja i plaćanja pouzećem, narudžbina se smatra potvrđenom od strane kupca i neopozivom, potvrdom porudžbine u formi za naručivanje na &lt;a href=&quot;http://www.termorad.com&quot;&gt;www.termorad.com&lt;/a&gt;.&lt;/li&gt;\r\n	&lt;li&gt;Isporučilac se obavezuje da naručene proizvode isporuči ispravne i u roku naznačenom na &amp;nbsp;sajtu i u potvrdnom e-mailu.&lt;/li&gt;\r\n	&lt;li&gt;U slučaju bilo kakve promene isporučilac je dužan da obavesti kupca.&lt;/li&gt;\r\n	&lt;li&gt;Sve eventualne promene sem promena vezanih za isporuku se ne odnose na potvrđene narudžbine.&lt;br /&gt;\r\n	&amp;nbsp;&lt;/li&gt;\r\n&lt;/ul&gt;\r\n\r\n&lt;p&gt;&lt;strong&gt;Garancija kvaliteta i postupak reklamacije&lt;/strong&gt;&lt;/p&gt;\r\n\r\n&lt;p&gt;Svi ponuđeni proizvodi u okviru sajta su proizvedeni u skladu sa ISO:9001 standardom, što kupcu potvrđuje garanciju kvaliteta.&lt;br /&gt;\r\nUz artikle dolazi i garancija, u zavisnosti od tipa i vrste proizvoda, sa detaljima garantnog roka i postupkom reklamacije.&lt;br /&gt;\r\nUkoliko imate dodatnih pitanja u vezi detalja garancije i postupka reklamacije možete se obratiti na e-mail adresu &lt;a href=&quot;mailto:office@termorad.rs&quot;&gt;office@termorad.rs&lt;/a&gt;, na telefon 031 828 251 ili pismenim putem na adresu Termorad Group doo, Čestobrodica bb, 31210 Požega.&lt;br /&gt;\r\n&amp;nbsp;&lt;/p&gt;\r\n\r\n&lt;p&gt;&lt;strong style=&quot;line-height: 1.6em;&quot;&gt;Opisi i cene proizvoda&lt;/strong&gt;&lt;/p&gt;\r\n\r\n&lt;p&gt;Članovi tima &lt;a href=&quot;http://www.termorad.com&quot;&gt;www.termorad.com&lt;/a&gt; nastoje da svi opisi, cene i slike proizvoda budu tačni, ali ne isključuje mogućnost grešaka u tim podacima.&lt;br /&gt;\r\n&amp;nbsp;&lt;/p&gt;\r\n\r\n&lt;p&gt;&lt;strong&gt;Povraćaj sredstava&lt;/strong&gt;&lt;/p&gt;\r\n\r\n&lt;p style=&quot;font-size: 13px;&quot;&gt;U slu&lt;em&gt;č&lt;/em&gt;aju vra&lt;em&gt;ć&lt;/em&gt;anja robe i povra&lt;em&gt;ć&lt;/em&gt;aja sredstava kupcu koji je prethodno platio nekom od&lt;/p&gt;\r\n\r\n&lt;p style=&quot;font-size: 13px;&quot;&gt;platnih kartica, delimi&lt;em&gt;č&lt;/em&gt;no ili u celosti, a bez obzira na razlog vra&lt;em&gt;ć&lt;/em&gt;anja,&amp;nbsp;&lt;strong&gt;&lt;a href=&quot;http://www.termorad.com/&quot; target=&quot;_blank&quot;&gt;www.termorad.com&lt;/a&gt;&lt;/strong&gt;&amp;nbsp;je u obavezi da povra&lt;em&gt;ć&lt;/em&gt;aj vrši isklju&lt;em&gt;č&lt;/em&gt;ivo preko VISA, EC/MC i&lt;/p&gt;\r\n\r\n&lt;p style=&quot;font-size: 13px;&quot;&gt;Maestro metoda pla&lt;em&gt;ć&lt;/em&gt;anja, što zna&lt;em&gt;č&lt;/em&gt;i da&amp;nbsp;&lt;em&gt;ć&lt;/em&gt;e banka na zahtev prodavca obaviti povra&lt;em&gt;ć&lt;/em&gt;aj sredstava na ra&lt;em&gt;č&lt;/em&gt;un korisnika kartice.&lt;/p&gt;\r\n\r\n&lt;p style=&quot;font-size: 13px;&quot;&gt;&lt;br /&gt;\r\n&lt;strong style=&quot;line-height: 1.6em;&quot;&gt;Detalji isporuke&lt;/strong&gt;&lt;/p&gt;\r\n\r\n&lt;p style=&quot;font-size: 13px;&quot;&gt;&lt;strong&gt;Za sve porudžbine preko 3000 dinara,&amp;nbsp;cena isporuke je besplatna za teritoriju cele Srbije&lt;/strong&gt;.&lt;br /&gt;\r\n&lt;br /&gt;\r\nU slučaju da su naručeni proizvodi na lageru, rok isporuke je 2-5 radnih dana od trenutka kada kupac&amp;nbsp;potvrdi svoju kupovinu na sajtu. U slučaju kada naručeni artikli nisu na lageru, kupac će biti obavešten o izmeni roka isporuke.&lt;br /&gt;\r\n&lt;br /&gt;\r\nIsporuka se vrši kurirskom službom, ovlašćenim vozilom ili vozilom naših partnera na adresu koju je kupac upisao prilikom naručivanja. Kako bi isporuka bila uspešna, isporučilac će kurirskoj službi dostaviti ime, prezime, adresu i kontakt telefon kupca.&lt;/p&gt;\r\n\r\n&lt;p style=&quot;font-size: 13px;&quot;&gt;&lt;strong&gt;Pri preuzimanju robe od dostavljača, kupac je u obavezi da pregleda dostavljenu robu i ustanovi da ne postoje fizička oštećenja. Savetujemo da se to uradi dok je isporučilac još prisutan.&lt;/strong&gt;&lt;br /&gt;\r\n&lt;br /&gt;\r\nIsporuke se ne vrše nedeljom i državnim praznicima.&lt;br /&gt;\r\n&amp;nbsp;&lt;/p&gt;\r\n\r\n&lt;p style=&quot;font-size: 13px;&quot;&gt;&lt;strong&gt;Garancija kvaliteta i postupak reklamacije&lt;/strong&gt;&lt;/p&gt;\r\n\r\n&lt;p style=&quot;font-size: 13px;&quot;&gt;Svi ponuđeni proizvodi u okviru sajta su proizvedeni u skladu sa ISO:9001 standardom, što kupcu potvrđuje garanciju kvaliteta.&lt;br /&gt;\r\n&lt;br /&gt;\r\nUz artikle dolazi i garancija, u zavisnosti od tipa i vrste proizvoda, sa detaljima garantnog roka i postupkom reklamacije.&lt;br /&gt;\r\n&lt;br /&gt;\r\nUkoliko imate dodatnih pitanja u vezi detalja garancije i postupka reklamacije možete se obratiti na e-mail adresu&amp;nbsp;&lt;a href=&quot;mailto:office@termorad.rs&quot;&gt;office@termorad.rs&lt;/a&gt;, na telefon 031 828 251 ili pismenim putem na adresu Termorad Group doo, Čestobrodica bb, 31210 Požega.&lt;/p&gt;\r\n\r\n&lt;p style=&quot;font-size: 13px;&quot;&gt;&lt;br /&gt;\r\n&lt;strong style=&quot;line-height: 1.6em;&quot;&gt;Reklamacije:&lt;/strong&gt;&lt;/p&gt;\r\n\r\n&lt;div style=&quot;font-size: 13px;&quot;&gt;\r\n&lt;p&gt;Opravka ili zamena u primerenom roku mora se izvršiti i bez značajnih neugodnosti za potrošača.&lt;/p&gt;\r\n\r\n&lt;p&gt;&lt;span style=&quot;line-height: 1.6em;&quot;&gt;Sve troškove koji su neophodni da bi se roba saobrazila ugovoru snosi trgovac&lt;/span&gt;&lt;/p&gt;\r\n\r\n&lt;p&gt;(troškovi rada, materijala, preuzimanja i isporuke).&lt;/p&gt;\r\n\r\n&lt;p&gt;&lt;br /&gt;\r\n&lt;strong style=&quot;line-height: 1.6em;&quot;&gt;Pravo potrošača da raskine ugovor:&lt;/strong&gt;&lt;/p&gt;\r\n\r\n&lt;p&gt;Ako ne može da ostvari pravo na opravku ili zamenu&lt;/p&gt;\r\n\r\n&lt;p&gt;Ako trogovac nije izvršio opravku ili zamenu u primerenom roku&lt;/p&gt;\r\n\r\n&lt;p&gt;Ili ako to nije izvršio bez značajnih nepogodnosti za potrošača&lt;/p&gt;\r\n&lt;/div&gt;\r\n\r\n&lt;div style=&quot;font-size: 13px;&quot;&gt;&lt;span style=&quot;line-height: 1.6em;&quot;&gt;Potrošač nema pravo da raskine ugovor ako je nesaobraznost robe neznatna.&lt;/span&gt;&lt;/div&gt;\r\n\r\n&lt;div style=&quot;font-size: 13px;&quot;&gt;&amp;nbsp;&lt;/div&gt;\r\n\r\n&lt;div style=&quot;font-size: 13px;&quot;&gt;&lt;br /&gt;\r\n&lt;strong style=&quot;line-height: 1.6em;&quot;&gt;Oštećenja u transportu, slanjem brzom poštom:&lt;/strong&gt;&lt;/div&gt;\r\n\r\n&lt;div style=&quot;font-size: 13px;&quot;&gt;\r\n&lt;p&gt;Svaki kupac je dužan, da odmah prilikom prijema dobro pregleda pakovanje (kutiju) proizvoda.&lt;/p&gt;\r\n\r\n&lt;p&gt;Ako kupac primeti neko oštećenje, na licu mesta pred kurirom, dužan je da otvori pakovanje i pregleda da li postoje fizička oštećenja na samom proizvodu.&lt;/p&gt;\r\n\r\n&lt;p&gt;Pri pregledu proizvoda, ako kupac i kurir primate oštećenje ili neku nepravilnost, kurir je dužan da napravi zapisnik o tome.&lt;/p&gt;\r\n\r\n&lt;p&gt;Ako se ispoštuje ova procedura i time se ustanovi da je služba brze pošte odgovorna za oštećenje proizvoda, kupac će u najkraćem mogućem roku dobiti novi primerak proizvoda, a od službe brze pošte&lt;/p&gt;\r\n\r\n&lt;p&gt;će se tražiti naknada za načinjenu štetu prilikom transporta.&lt;/p&gt;\r\n\r\n&lt;p&gt;Svaka šteta, koja nije izazvana od strane brze pošte, pada na teret pošiljaoca ili kupca u zavisnosti na čijoj strani je nastala.&lt;br /&gt;\r\n&lt;br /&gt;\r\n&lt;br /&gt;\r\n&lt;strong&gt;Zaštita podataka&lt;/strong&gt;&lt;br /&gt;\r\n&lt;br /&gt;\r\n&lt;span style=&quot;line-height: 1.6em;&quot;&gt;Da bismo uspešno obradili Vašu narudžbu potrebni su nam Vaše ime i prezime, adresa, e-mail i telefon. Uz pomoć tih podataka bićemo u mogućnosti da Vam isporučimo željenu robu, kao i da Vas obavestimo o trenutnom statusu narudžbe.&lt;/span&gt;&lt;/p&gt;\r\n\r\n&lt;p style=&quot;font-size: 13px;&quot;&gt;U ime Termorad Group obavezujemo se da ćemo čuvati privatnost svih naših kupaca. Prikupljamo samo neophodne, osnovne podatke o kupcima/korisnicima i podatke neophodne za poslovanje i informisanje korisnika u skladu sa dobrim poslovnim običajima i u cilju pružanja kvalitetne usluge. Svi podaci o kupcima/korisnicima se strogo čuvaju i dostupni su samo zaposlenima kojima su podaci nužni za obavljanje posla. Svi zaposleni&amp;nbsp;Termorad Group&amp;nbsp;odgovorni su za poštovanje načela zaštite privatnosti.&lt;/p&gt;\r\n\r\n&lt;p style=&quot;font-size: 13px;&quot;&gt;Pored navedenih prikupljamo, analiziramo i obrađujemo podatke o proizvodima koje naši posetioci traže i kupuju, kao i o stranicama koje posećuju. Te podatke koristimo da bismo poboljšali ponudu i izgled naših stranica, i omogućili Vam jednostavnije korišćenje, sigurniju i udobniju kupovinu. Obavezujemo se da prikupljene podatke ne koristimo ni u koje druge svrhe.&lt;/p&gt;\r\n&lt;/div&gt;\r\n\r\n&lt;p&gt;&amp;nbsp;&lt;/p&gt;\r\n','','',''),(3,7,'Politika privatnosti','&lt;p&gt;&lt;strong&gt;Zaštita podataka korisnika &lt;/strong&gt;&lt;strong&gt;Termorad webshop-a&lt;/strong&gt;&lt;/p&gt;\r\n\r\n&lt;p&gt;Sigurnost podataka koje unosite prilikom otvaranja korisničkog naloga i u procesu naručivanja proizvoda za nas je veoma važna. Stoga su preduzete određene mere kako bi se omogućio njihov pouzdan i siguran transfer. &lt;a href=&quot;http://www.termorad.com&quot;&gt;www.termorad.com&lt;/a&gt;&lt;strong&gt;,&lt;/strong&gt; koristi SSL (Secure Sockets Layer) enkripciju, kako bi Vaši podaci prilikom transfera bili bezbedni.&lt;br /&gt;\r\n&lt;strong&gt;Sigurnost podataka prilikom plaćanja debitnim/kreditnim karticama, garantuje procesor platnih kartica, Banca Intesa ad Beograd, jer se kompletni proces plaćanja vrši na stranicama banke. &lt;/strong&gt;Naš sistem ni u jednom trenutku nema dodira sa podacima vezanim za platne kartice.&lt;br /&gt;\r\n&amp;nbsp;&lt;/p&gt;\r\n\r\n&lt;p&gt;&lt;strong&gt;Zaštita privatnosti&lt;/strong&gt;&lt;/p&gt;\r\n\r\n&lt;p&gt;&lt;strong&gt;Termorad Group doo&lt;/strong&gt; se obavezuje da će čuvati privatne podatke svih naših kupaca. U cilju pružanja kvalitetne usluge prikupljamo samo neophodne, osnovne podatke o korisnicima i podatke neophodne za poslovanje i informisanje korisnika u skladu sa dobrim poslovnim običajima. Svakom korisniku se daje mogućnost odluke da li žele ili ne žele da budu izbrisani sa mailing liste koja se koristi za promocije novih proizvoda i marketinške kampanje. Svi zaposleni u Termorad Group doo,&amp;nbsp; odgovorni su za poštovanje načela zaštite privatnosti.&lt;/p&gt;\r\n','','',''),(8,1,'Preuzimanje kataloga','&lt;p&gt;&amp;nbsp;&lt;/p&gt;\r\n\r\n&lt;p style=&quot;font-size: 13px;&quot;&gt;&lt;a href=&quot;http://termorad.com/upload/katalog_dimnjaka_2012.pdf&quot; id=&quot;Preuzmite katalog dimnjaka&quot; name=&quot;Preuzmite katalog dimnjaka&quot; target=&quot;_blank&quot;&gt;&lt;img alt=&quot;Preuzmite katalog dimnjaka&quot; id=&quot;Preuzmite katalog dimnjaka&quot; name=&quot;Preuzmite katalog dimnjaka&quot; src=&quot;http://termorad.com/image/data/katalog-dimnjaka-mala.jpg&quot; style=&quot;width: 128px; height: 180px;&quot; /&gt;&lt;/a&gt;&lt;/p&gt;\r\n\r\n&lt;p style=&quot;font-size: 13px;&quot;&gt;&amp;nbsp; &amp;nbsp; &amp;nbsp; &amp;nbsp;&lt;strong&gt;Katalog dimnjaka&lt;/strong&gt;&lt;/p&gt;\r\n\r\n&lt;p&gt;&amp;nbsp;&lt;/p&gt;\r\n','','Katalozi','Katalozi'),(9,7,'Konkursi za posao','&lt;p style=&quot;font-size: 13px;&quot;&gt;Trenutno nema otvorenih konkursa.&lt;/p&gt;\r\n\r\n&lt;p style=&quot;font-size: 13px;&quot;&gt;Preporučujemo da redovno proveravate ovu stranicu.&amp;nbsp;&lt;/p&gt;\r\n\r\n&lt;p style=&quot;font-size: 13px;&quot;&gt;Kokursi će biti objavljeni, kada budemo imali slobodnih radnih mesta.&lt;/p&gt;\r\n','','Konkursi za posao','Konkursi za posao'),(9,1,'Konkursi za posao','&lt;p&gt;Trenutno nema otvorenih konkursa.&lt;/p&gt;\r\n\r\n&lt;p&gt;Preporučujemo da redovno proveravate ovu stranicu.&lt;/p&gt;\r\n\r\n&lt;p&gt;Kokursi će biti objavljeni, kada budemo imali slobodnih radnih mesta.&lt;/p&gt;\r\n','','Konkursi za posao','Konkursi za posao'),(10,7,'Kako naručiti','&lt;p&gt;&lt;strong&gt;1. Klikom na crveno dugme &lt;u&gt;U KORPU&lt;/u&gt;&amp;nbsp;odabrani proizvod ubacuje te u Vašu korpu.&lt;/strong&gt;&lt;/p&gt;\r\n\r\n&lt;hr /&gt;\r\n&lt;p&gt;&lt;img alt=&quot;&quot; src=&quot;http://termorad.com/image/data/kako-naruciti/1.png&quot; style=&quot;width: 600px; height: 239px;&quot; /&gt;&lt;/p&gt;\r\n\r\n&lt;p&gt;&lt;strong&gt;2.&amp;nbsp;Na vrhu strane pojaviće se obaveštenje koje kaže da ste uspešno dodali&amp;nbsp;proizvod u korpu, takođe će se pojaviti ukupan broj proizvoda i ukupna cena proizvoda koje&amp;nbsp;imate u Vašoj korpi.&lt;/strong&gt;&lt;/p&gt;\r\n\r\n&lt;hr /&gt;\r\n&lt;p&gt;&lt;img alt=&quot;&quot; src=&quot;http://termorad.com/image/data/kako-naruciti/2.png&quot; style=&quot;width: 600px; height: 106px;&quot; /&gt;&lt;/p&gt;\r\n\r\n&lt;p&gt;&lt;strong&gt;3. Klikom na strelicu pored broja proizvoda i cene otvoriće se padajući meni koji sadrži spisak proizvoda koji se nalaze u Vašoj korpi, klikom na &lt;u&gt;NARUČI&lt;/u&gt;&amp;nbsp;nastavljate proces narudžbine.&lt;/strong&gt;&lt;/p&gt;\r\n\r\n&lt;hr /&gt;\r\n&lt;p&gt;&lt;img alt=&quot;&quot; src=&quot;http://termorad.com/image/data/kako-naruciti/3.png&quot; style=&quot;width: 600px; height: 187px;&quot; /&gt;&lt;/p&gt;\r\n\r\n&lt;p&gt;&lt;strong&gt;4. U sledećem koraku potrebno je da se registrujete ili ukoliko ste već ranije kupovali na našem sajtu možete se prijaviti sa Vašom email adresom i lozinkom.&lt;/strong&gt;&lt;/p&gt;\r\n\r\n&lt;hr /&gt;\r\n&lt;p&gt;&lt;img alt=&quot;&quot; src=&quot;http://termorad.com/image/data/kako-naruciti/4.png&quot; style=&quot;width: 600px; height: 217px;&quot; /&gt;&lt;/p&gt;\r\n\r\n&lt;p&gt;&lt;strong&gt;5. U slučaju da ste odabrali novu registraciju otvoriće vam se forma koju treba popuniti ispravnim podacima. Sva polja označena crvenom (*)&amp;nbsp;su obavezna.&lt;/strong&gt;&lt;/p&gt;\r\n\r\n&lt;hr /&gt;\r\n&lt;p&gt;&lt;img alt=&quot;&quot; src=&quot;http://termorad.com/image/data/kako-naruciti/5.png&quot; style=&quot;width: 600px; height: 470px;&quot; /&gt;&lt;/p&gt;\r\n\r\n&lt;p&gt;&lt;strong&gt;6. Nakon klika na &lt;u&gt;POTVRDI&lt;/u&gt; Vaša registracija biće završena i sistem će Vas preusmeriti na korak 3, roba se isporučuje DExpress-om, prema standardnom cenovniku za narudžbine ispod 3000,00 dinara. Za&amp;nbsp;narudžbine preko 3000,00 dinara dostava je besplatna.&lt;/strong&gt;&lt;/p&gt;\r\n\r\n&lt;hr /&gt;\r\n&lt;p&gt;&lt;img alt=&quot;&quot; src=&quot;http://termorad.com/image/data/kako-naruciti/6.png&quot; style=&quot;width: 600px; height: 374px;&quot; /&gt;&lt;/p&gt;\r\n\r\n&lt;p&gt;&lt;strong&gt;7. Nakon &lt;u&gt;POTVRDE&lt;/u&gt; prelazite na način plaćanja, možete izabrati plaćanjem pouzećem ili platnom karticom.&lt;/strong&gt;&lt;/p&gt;\r\n\r\n&lt;hr /&gt;\r\n&lt;p&gt;&lt;img alt=&quot;&quot; src=&quot;http://termorad.com/image/data/kako-naruciti/7.png&quot; style=&quot;width: 600px; height: 369px;&quot; /&gt;&lt;/p&gt;\r\n\r\n&lt;p&gt;&lt;strong&gt;8. Nakon odabira načina plaćanja i klikom na &lt;u&gt;POTVRD&lt;/u&gt;I otvoriće se poslednji korak sa nazivima i cenama proizvoda koji se nalaze u Vašoj korpi.&lt;/strong&gt;&lt;/p&gt;\r\n\r\n&lt;hr /&gt;\r\n&lt;p&gt;&lt;img alt=&quot;&quot; src=&quot;http://termorad.com/image/data/kako-naruciti/8.png&quot; style=&quot;width: 600px; height: 317px;&quot; /&gt;&lt;/p&gt;\r\n\r\n&lt;p&gt;&lt;strong&gt;9. Klikom na &lt;u&gt;ZAVRŠI NARUDŽBINU&lt;/u&gt; Vaša narudžbina će biti snimljena i prosleđena sektoru prodaje koji će Vas kontaktirati. U slučaju da ste izabrali plaćanje putem platne kartice neophodno je da upišete podatke Vaše kartice u narednom koraku.&lt;/strong&gt;&lt;/p&gt;\r\n\r\n&lt;hr /&gt;\r\n&lt;p&gt;&lt;strong&gt;10. Nakon uspešneili neuspešne kupovine otvoriće Vam se prozor sa detaljima i statusom narudžbine, takođe primićete i email o ishodu narudžbine.&lt;/strong&gt;&lt;/p&gt;\r\n\r\n&lt;hr /&gt;\r\n&lt;p&gt;&lt;img alt=&quot;&quot; src=&quot;http://termorad.com/image/data/kako-naruciti/9.png&quot; style=&quot;width: 600px; height: 505px;&quot; /&gt;&lt;/p&gt;\r\n','','',''),(11,7,'Reklamacije','&lt;div&gt;\r\n&lt;p&gt;&lt;a href=&quot;http://www.termorad.com/&quot; target=&quot;_blank&quot;&gt;www.termorad.com&lt;/a&gt;&amp;nbsp;&amp;nbsp;je dužan da bez odlaganja, a najkasnije u roku od 15 dana od prijema reklamacije, odgovori potrošaču sa izjašnjenjem o podnetom zahtevu i predlogom njegovog rešavanja.&lt;/p&gt;\r\n\r\n&lt;p&gt;Kupac ima pravo da zahteva od trgovca da se otkloni nesaobraznost proizvoda, bez naknade, opravkom ili zamenom, odnosno da zahteva odgovarajuće umanjenje cene ili da raskine ugovor. Potrošač prvo može da bira između opravke ili zamene proizvoda. Ako to nije moguće ili ako predstavlja nesrazmerno opterećenje za trgovca, potrošač može da zahteva umanjenje cene ili da izjavi da raskida ugovor.&lt;/p&gt;\r\n\r\n&lt;hr /&gt;\r\n&lt;p&gt;&lt;strong&gt;Hitnost postupka:&lt;/strong&gt;&lt;/p&gt;\r\n\r\n&lt;p&gt;Opravka ili zamena u primerenom roku mora se izvršiti i bez značajnih neugodnosti za potrošača.&lt;/p&gt;\r\n\r\n&lt;p&gt;&lt;span style=&quot;line-height: 1.6em;&quot;&gt;Sve troškove koji su neophodni da bi se roba saobrazila ugovoru snosi trgovac&lt;/span&gt;&lt;/p&gt;\r\n\r\n&lt;p&gt;(troškovi rada, materijala, preuzimanja i isporuke).&lt;/p&gt;\r\n\r\n&lt;hr /&gt;\r\n&lt;p&gt;&lt;strong style=&quot;line-height: 1.6em;&quot;&gt;Pravo potrošača da raskine ugovor:&lt;/strong&gt;&lt;/p&gt;\r\n\r\n&lt;p&gt;Ako ne može da ostvari pravo na opravku ili zamenu&lt;/p&gt;\r\n\r\n&lt;p&gt;Ako trogovac nije izvršio opravku ili zamenu u primerenom roku&lt;/p&gt;\r\n\r\n&lt;p&gt;Ili ako to nije izvršio bez značajnih nepogodnosti za potrošača&lt;/p&gt;\r\n&lt;/div&gt;\r\n\r\n&lt;div&gt;&lt;span style=&quot;line-height: 1.6em;&quot;&gt;Potrošač nema pravo da raskine ugovor ako je nesaobraznost robe neznatna.&lt;/span&gt;&lt;/div&gt;\r\n\r\n&lt;div&gt;\r\n&lt;hr /&gt;&lt;/div&gt;\r\n\r\n&lt;div&gt;&lt;strong style=&quot;line-height: 1.6em;&quot;&gt;Oštećenja u transportu, slanjem brzom poštom:&lt;/strong&gt;&lt;/div&gt;\r\n\r\n&lt;div&gt;\r\n&lt;p&gt;Svaki kupac je dužan, da odmah prilikom prijema dobro pregleda pakovanje (kutiju) proizvoda.&lt;/p&gt;\r\n\r\n&lt;p&gt;Ako kupac primeti neko oštećenje, na licu mesta pred kurirom, dužan je da otvori pakovanje i pregleda da li postoje fizička oštećenja na samom proizvodu.&lt;/p&gt;\r\n\r\n&lt;p&gt;Pri pregledu proizvoda, ako kupac i kurir primate oštećenje ili neku nepravilnost, kurir je dužan da napravi zapisnik o tome.&lt;/p&gt;\r\n\r\n&lt;p&gt;Ako se ispoštuje ova procedura i time se ustanovi da je služba brze pošte odgovorna za oštećenje proizvoda, kupac će u najkraćem mogućem roku dobiti novi primerak proizvoda, a od službe brze pošte&lt;/p&gt;\r\n\r\n&lt;p&gt;će se tražiti naknada za načinjenu štetu prilikom transporta.&lt;/p&gt;\r\n\r\n&lt;p&gt;&amp;nbsp;&lt;/p&gt;\r\n\r\n&lt;p&gt;Svaka šteta, koja nije izazvana od strane brze pošte, pada na teret pošiljaoca ili kupca u zavisnosti na čijoj strani je nastala.&lt;/p&gt;\r\n\r\n&lt;p&gt;&amp;nbsp;&lt;/p&gt;\r\n\r\n&lt;p&gt;&amp;nbsp;&lt;/p&gt;\r\n\r\n&lt;p&gt;&amp;nbsp;&lt;/p&gt;\r\n\r\n&lt;p&gt;&amp;nbsp;&lt;/p&gt;\r\n\r\n&lt;p&gt;&lt;strong&gt;Povraćaj sredstava&lt;/strong&gt;&lt;/p&gt;\r\n\r\n&lt;p&gt;&amp;nbsp;&lt;/p&gt;\r\n\r\n&lt;p&gt;U slu&lt;em&gt;č&lt;/em&gt;aju vra&lt;em&gt;ć&lt;/em&gt;anja robe i povra&lt;em&gt;ć&lt;/em&gt;aja sredstava kupcu koji je prethodno platio nekom od&lt;/p&gt;\r\n\r\n&lt;p&gt;platnih kartica, delimi&lt;em&gt;č&lt;/em&gt;no ili u celosti, a bez obzira na razlog vra&lt;em&gt;ć&lt;/em&gt;anja,&amp;nbsp;&lt;strong&gt;&lt;a href=&quot;http://www.termorad.com/&quot; target=&quot;_blank&quot;&gt;www.termorad.com&lt;/a&gt;&lt;/strong&gt;&amp;nbsp;je u obavezi da povra&lt;em&gt;ć&lt;/em&gt;aj vrši isklju&lt;em&gt;č&lt;/em&gt;ivo preko VISA, EC/MC i&lt;/p&gt;\r\n\r\n&lt;p&gt;Maestro metoda pla&lt;em&gt;ć&lt;/em&gt;anja, što zna&lt;em&gt;č&lt;/em&gt;i da&amp;nbsp;&lt;em&gt;ć&lt;/em&gt;e banka na zahtev prodavca obaviti povra&lt;em&gt;ć&lt;/em&gt;aj sredstava na ra&lt;em&gt;č&lt;/em&gt;un korisnika kartice.&lt;/p&gt;\r\n&lt;/div&gt;\r\n','','',''),(11,1,'Reklamacije','&lt;div style=&quot;font-size: 13px;&quot;&gt;\r\n&lt;p&gt;&lt;a href=&quot;http://www.termorad.com/&quot; target=&quot;_blank&quot;&gt;www.termorad.com&lt;/a&gt;&amp;nbsp;&amp;nbsp;je dužan da bez odlaganja, a najkasnije u roku od 15 dana od prijema reklamacije, odgovori potrošaču sa izjašnjenjem o podnetom zahtevu i predlogom njegovog rešavanja.&lt;/p&gt;\r\n\r\n&lt;p&gt;Kupac ima pravo da zahteva od trgovca da se otkloni nesaobraznost proizvoda, bez naknade, opravkom ili zamenom, odnosno da zahteva odgovarajuće umanjenje cene ili da raskine ugovor. Potrošač prvo može da bira između opravke ili zamene proizvoda. Ako to nije moguće ili ako predstavlja nesrazmerno opterećenje za trgovca, potrošač može da zahteva umanjenje cene ili da izjavi da raskida ugovor.&lt;/p&gt;\r\n\r\n&lt;hr /&gt;\r\n&lt;p&gt;&lt;strong&gt;Hitnost postupka:&lt;/strong&gt;&lt;/p&gt;\r\n\r\n&lt;p&gt;Opravka ili zamena u primerenom roku mora se izvršiti i bez značajnih neugodnosti za potrošača.&lt;/p&gt;\r\n\r\n&lt;p&gt;&lt;span style=&quot;line-height: 1.6em;&quot;&gt;Sve troškove koji su neophodni da bi se roba saobrazila ugovoru snosi trgovac&lt;/span&gt;&lt;/p&gt;\r\n\r\n&lt;p&gt;(troškovi rada, materijala, preuzimanja i isporuke).&lt;/p&gt;\r\n\r\n&lt;hr /&gt;\r\n&lt;p&gt;&lt;strong style=&quot;line-height: 1.6em;&quot;&gt;Pravo potrošača da raskine ugovor:&lt;/strong&gt;&lt;/p&gt;\r\n\r\n&lt;p&gt;Ako ne može da ostvari pravo na opravku ili zamenu&lt;/p&gt;\r\n\r\n&lt;p&gt;Ako trogovac nije izvršio opravku ili zamenu u primerenom roku&lt;/p&gt;\r\n\r\n&lt;p&gt;Ili ako to nije izvršio bez značajnih nepogodnosti za potrošača&lt;/p&gt;\r\n&lt;/div&gt;\r\n\r\n&lt;div style=&quot;font-size: 13px;&quot;&gt;&lt;span style=&quot;line-height: 1.6em;&quot;&gt;Potrošač nema pravo da raskine ugovor ako je nesaobraznost robe neznatna.&lt;/span&gt;&lt;/div&gt;\r\n\r\n&lt;div style=&quot;font-size: 13px;&quot;&gt;\r\n&lt;hr /&gt;&lt;/div&gt;\r\n\r\n&lt;div style=&quot;font-size: 13px;&quot;&gt;&lt;strong style=&quot;line-height: 1.6em;&quot;&gt;Oštećenja u transportu, slanjem brzom poštom:&lt;/strong&gt;&lt;/div&gt;\r\n\r\n&lt;div style=&quot;font-size: 13px;&quot;&gt;\r\n&lt;p&gt;Svaki kupac je dužan, da odmah prilikom prijema dobro pregleda pakovanje (kutiju) proizvoda.&lt;/p&gt;\r\n\r\n&lt;p&gt;Ako kupac primeti neko oštećenje, na licu mesta pred kurirom, dužan je da otvori pakovanje i pregleda da li postoje fizička oštećenja na samom proizvodu.&lt;/p&gt;\r\n\r\n&lt;p&gt;Pri pregledu proizvoda, ako kupac i kurir primate oštećenje ili neku nepravilnost, kurir je dužan da napravi zapisnik o tome.&lt;/p&gt;\r\n\r\n&lt;p&gt;Ako se ispoštuje ova procedura i time se ustanovi da je služba brze pošte odgovorna za oštećenje proizvoda, kupac će u najkraćem mogućem roku dobiti novi primerak proizvoda, a od službe brze pošte&lt;/p&gt;\r\n\r\n&lt;p&gt;će se tražiti naknada za načinjenu štetu prilikom transporta.&lt;/p&gt;\r\n\r\n&lt;p&gt;&amp;nbsp;&lt;/p&gt;\r\n\r\n&lt;p&gt;Svaka šteta, koja nije izazvana od strane brze pošte, pada na teret pošiljaoca ili kupca u zavisnosti na čijoj strani je nastala.&lt;/p&gt;\r\n\r\n&lt;p&gt;&amp;nbsp;&lt;/p&gt;\r\n\r\n&lt;p&gt;&amp;nbsp;&lt;/p&gt;\r\n\r\n&lt;p&gt;&amp;nbsp;&lt;/p&gt;\r\n\r\n&lt;p&gt;&amp;nbsp;&lt;/p&gt;\r\n\r\n&lt;p&gt;&lt;strong&gt;Povraćaj sredstava&lt;/strong&gt;&lt;/p&gt;\r\n\r\n&lt;p&gt;&amp;nbsp;&lt;/p&gt;\r\n\r\n&lt;p&gt;U slu&lt;em&gt;č&lt;/em&gt;aju vra&lt;em&gt;ć&lt;/em&gt;anja robe i povra&lt;em&gt;ć&lt;/em&gt;aja sredstava kupcu koji je prethodno platio nekom od&lt;/p&gt;\r\n\r\n&lt;p&gt;platnih kartica, delimi&lt;em&gt;č&lt;/em&gt;no ili u celosti, a bez obzira na razlog vra&lt;em&gt;ć&lt;/em&gt;anja,&amp;nbsp;&lt;strong&gt;&lt;a href=&quot;http://www.termorad.com/&quot; target=&quot;_blank&quot;&gt;www.termorad.com&lt;/a&gt;&lt;/strong&gt;&amp;nbsp;je u obavezi da povra&lt;em&gt;ć&lt;/em&gt;aj vrši isklju&lt;em&gt;č&lt;/em&gt;ivo preko VISA, EC/MC i&lt;/p&gt;\r\n\r\n&lt;p&gt;Maestro metoda pla&lt;em&gt;ć&lt;/em&gt;anja, što zna&lt;em&gt;č&lt;/em&gt;i da&amp;nbsp;&lt;em&gt;ć&lt;/em&gt;e banka na zahtev prodavca obaviti povra&lt;em&gt;ć&lt;/em&gt;aj sredstava na ra&lt;em&gt;č&lt;/em&gt;un korisnika kartice.&lt;/p&gt;\r\n&lt;/div&gt;\r\n','','',''),(12,7,'Povraćaj sredstava','&lt;p&gt;U slu&lt;em&gt;č&lt;/em&gt;aju vra&lt;em&gt;ć&lt;/em&gt;anja robe i povra&lt;em&gt;ć&lt;/em&gt;aja sredstava kupcu koji je prethodno platio nekom od&lt;/p&gt;\r\n\r\n&lt;p&gt;platnih kartica, delimi&lt;em&gt;č&lt;/em&gt;no ili u celosti, a bez obzira na razlog vra&lt;em&gt;ć&lt;/em&gt;anja,&amp;nbsp;&lt;strong&gt;&lt;a href=&quot;http://www.termorad.com/&quot; target=&quot;_blank&quot;&gt;www.termorad.com&lt;/a&gt;&lt;/strong&gt;&amp;nbsp;je u obavezi da povra&lt;em&gt;ć&lt;/em&gt;aj vrši isklju&lt;em&gt;č&lt;/em&gt;ivo preko VISA, EC/MC i&lt;/p&gt;\r\n\r\n&lt;p&gt;Maestro metoda pla&lt;em&gt;ć&lt;/em&gt;anja, što zna&lt;em&gt;č&lt;/em&gt;i da&amp;nbsp;&lt;em&gt;ć&lt;/em&gt;e banka na zahtev prodavca obaviti povra&lt;em&gt;ć&lt;/em&gt;aj sredstava na ra&lt;em&gt;č&lt;/em&gt;un korisnika kartice.&lt;/p&gt;\r\n','','',''),(12,1,'Povraćaj sredstava','&lt;p&gt;U slu&lt;em&gt;č&lt;/em&gt;aju vra&lt;em&gt;ć&lt;/em&gt;anja robe i povra&lt;em&gt;ć&lt;/em&gt;aja sredstava kupcu koji je prethodno platio nekom od&lt;/p&gt;\r\n\r\n&lt;p&gt;platnih kartica, delimi&lt;em&gt;č&lt;/em&gt;no ili u celosti, a bez obzira na razlog vra&lt;em&gt;ć&lt;/em&gt;anja,&amp;nbsp;&lt;strong&gt;&lt;a href=&quot;http://www.termorad.com/&quot; target=&quot;_blank&quot;&gt;www.termorad.com&lt;/a&gt;&lt;/strong&gt;&amp;nbsp;je u obavezi da povra&lt;em&gt;ć&lt;/em&gt;aj vrši isklju&lt;em&gt;č&lt;/em&gt;ivo preko VISA, EC/MC i&lt;/p&gt;\r\n\r\n&lt;p&gt;Maestro metoda pla&lt;em&gt;ć&lt;/em&gt;anja, što zna&lt;em&gt;č&lt;/em&gt;i da&amp;nbsp;&lt;em&gt;ć&lt;/em&gt;e banka na zahtev prodavca obaviti povra&lt;em&gt;ć&lt;/em&gt;aj sredstava na ra&lt;em&gt;č&lt;/em&gt;un korisnika kartice.&lt;/p&gt;\r\n','','',''),(10,1,'Kako naručiti','&lt;p&gt;&lt;strong&gt;Klikom na crveno dugme &lt;u&gt;U korpu&lt;/u&gt; odabrani proizvod ubacuje te u Vašu korpu.&lt;/strong&gt;&lt;/p&gt;\r\n\r\n&lt;p&gt;&lt;img alt=&quot;&quot; src=&quot;http://termorad.com/image/data/kako-naruciti/1.png&quot; style=&quot;width: 600px; height: 239px;&quot; /&gt;&lt;/p&gt;\r\n\r\n&lt;p&gt;&lt;strong&gt;Na vrhu strane pojaviće se obaveštenje koje kaže da ste uspešno dodali&amp;nbsp;proizvod u korpu, takođe će se pojaviti ukupan broj proizvoda i ukupna cena proizvoda koje&amp;nbsp;imate u Vašoj korpi.&lt;/strong&gt;&lt;/p&gt;\r\n\r\n&lt;p&gt;&lt;img alt=&quot;&quot; src=&quot;http://termorad.com/image/data/kako-naruciti/2.png&quot; style=&quot;width: 600px; height: 106px;&quot; /&gt;&lt;/p&gt;\r\n\r\n&lt;p&gt;&lt;strong&gt;Klikom na strelicu pored broja proizvoda i cene otvoriće se padajući meni koji sadrži spisak proizvoda koji se nalaze u Vašoj korpi, klikom na &lt;u&gt;Naruči&lt;/u&gt; nastavljate proces narudžbine.&lt;/strong&gt;&lt;/p&gt;\r\n','','',''),(13,7,'Zaštita podataka','&lt;p&gt;Da bismo uspešno obradili Vašu narudžbu potrebni su nam Vaše ime i prezime, adresa, e-mail i telefon. Uz pomoć tih podataka bićemo u mogućnosti da Vam isporučimo željenu robu, kao i da Vas obavestimo o trenutnom statusu narudžbe.&lt;/p&gt;\r\n\r\n&lt;p&gt;U ime Termorad Group obavezujemo se da ćemo čuvati privatnost svih naših kupaca. Prikupljamo samo neophodne, osnovne podatke o kupcima/korisnicima i podatke neophodne za poslovanje i informisanje korisnika u skladu sa dobrim poslovnim običajima i u cilju pružanja kvalitetne usluge. Svi podaci o kupcima/korisnicima se strogo čuvaju i dostupni su samo zaposlenima kojima su podaci nužni za obavljanje posla. Svi zaposleni &lt;span style=&quot;font-size: 13px;&quot;&gt;Termorad Group&amp;nbsp;&lt;/span&gt;odgovorni su za poštovanje načela zaštite privatnosti.&lt;/p&gt;\r\n\r\n&lt;p&gt;Pored navedenih prikupljamo, analiziramo i obrađujemo podatke o proizvodima koje naši posetioci traže i kupuju, kao i o stranicama koje posećuju. Te podatke koristimo da bismo poboljšali ponudu i izgled naših stranica, i omogućili Vam jednostavnije korišćenje, sigurniju i udobniju kupovinu. Obavezujemo se da prikupljene podatke ne koristimo ni u koje druge svrhe.&lt;/p&gt;\r\n','','',''),(13,1,'Zaštita podataka','&lt;p&gt;Da bismo uspešno obradili Vašu narudžbu potrebni su nam Vaše ime i prezime, adresa, e-mail i telefon. Uz pomoć tih podataka bićemo u mogućnosti da Vam isporučimo željenu robu, kao i da Vas obavestimo o trenutnom statusu narudžbe.&lt;/p&gt;\r\n\r\n&lt;p&gt;U ime Termorad Group obavezujemo se da ćemo čuvati privatnost svih naših kupaca. Prikupljamo samo neophodne, osnovne podatke o kupcima/korisnicima i podatke neophodne za poslovanje i informisanje korisnika u skladu sa dobrim poslovnim običajima i u cilju pružanja kvalitetne usluge. Svi podaci o kupcima/korisnicima se strogo čuvaju i dostupni su samo zaposlenima kojima su podaci nužni za obavljanje posla. Svi zaposleni &lt;span style=&quot;font-size: 13px;&quot;&gt;Termorad Group&amp;nbsp;&lt;/span&gt;odgovorni su za poštovanje načela zaštite privatnosti.&lt;/p&gt;\r\n\r\n&lt;p&gt;Pored navedenih prikupljamo, analiziramo i obrađujemo podatke o proizvodima koje naši posetioci traže i kupuju, kao i o stranicama koje posećuju. Te podatke koristimo da bismo poboljšali ponudu i izgled naših stranica, i omogućili Vam jednostavnije korišćenje, sigurniju i udobniju kupovinu. Obavezujemo se da prikupljene podatke ne koristimo ni u koje druge svrhe.&lt;/p&gt;\r\n','','',''),(14,7,'Termorad lokacije','&lt;p style=&quot;font-size: 13px;&quot;&gt;Lokacije svih Termorad objekata, sa adresama i kontakt podacima.&lt;/p&gt;\r\n\r\n&lt;p style=&quot;font-size: 13px;&quot;&gt;&lt;strong&gt;Sedište firme&lt;/strong&gt;&lt;/p&gt;\r\n\r\n&lt;p style=&quot;font-size: 13px;&quot;&gt;&lt;img alt=&quot;Sedište Termorad Group&quot; src=&quot;http://www.termorad.com/image/data/panorama_Termorad_3.jpg&quot; style=&quot;width: 651px; height: 239px; float: left;&quot; /&gt;&lt;/p&gt;\r\n\r\n&lt;p style=&quot;font-size: 13px;&quot;&gt;&amp;nbsp;&lt;/p&gt;\r\n\r\n&lt;p style=&quot;font-size: 13px;&quot;&gt;&amp;nbsp;&lt;/p&gt;\r\n\r\n&lt;p style=&quot;font-size: 13px;&quot;&gt;&amp;nbsp;&lt;/p&gt;\r\n\r\n&lt;p style=&quot;font-size: 13px;&quot;&gt;&amp;nbsp;&lt;/p&gt;\r\n\r\n&lt;p style=&quot;font-size: 13px;&quot;&gt;&amp;nbsp;&lt;/p&gt;\r\n\r\n&lt;p style=&quot;font-size: 13px;&quot;&gt;&amp;nbsp;&lt;/p&gt;\r\n\r\n&lt;p style=&quot;font-size: 13px;&quot;&gt;&amp;nbsp;&lt;/p&gt;\r\n\r\n&lt;p style=&quot;font-size: 13px;&quot;&gt;&amp;nbsp;&lt;/p&gt;\r\n\r\n&lt;table align=&quot;left&quot; border=&quot;0&quot; cellpadding=&quot;2&quot; cellspacing=&quot;2&quot; style=&quot;font-size: 13px; width: 500px;&quot;&gt;\r\n	&lt;tbody&gt;\r\n		&lt;tr&gt;\r\n			&lt;td&gt;&lt;span style=&quot;line-height: 1.6em;&quot;&gt;Srbija&lt;/span&gt;&lt;br /&gt;\r\n			&lt;span style=&quot;line-height: 1.6em;&quot;&gt;Požega 31210, Čestobrodica bb&lt;/span&gt;&lt;br /&gt;\r\n			&lt;span style=&quot;line-height: 1.6em;&quot;&gt;+381 0(31) 3819 150&amp;nbsp;&lt;/span&gt;&lt;strong style=&quot;line-height: 1.6em;&quot;&gt;tel&lt;/strong&gt;&lt;br /&gt;\r\n			&lt;span style=&quot;line-height: 1.6em;&quot;&gt;+381 0(31) 3819 210&amp;nbsp;&lt;/span&gt;&lt;strong style=&quot;line-height: 1.6em;&quot;&gt;fax&lt;/strong&gt;&lt;br /&gt;\r\n			&lt;span style=&quot;line-height: 1.6em;&quot;&gt;&lt;a href=&quot;mailto:office@termorad.rs?subject=Upit%20sa%20sajta%20termorad.com&quot;&gt;office@termorad.rs&lt;/a&gt;&amp;nbsp;&lt;/span&gt;&lt;strong style=&quot;line-height: 1.6em;&quot;&gt;e-mail&lt;/strong&gt;&lt;/td&gt;\r\n			&lt;td&gt;&amp;nbsp;&lt;/td&gt;\r\n		&lt;/tr&gt;\r\n	&lt;/tbody&gt;\r\n&lt;/table&gt;\r\n\r\n&lt;p style=&quot;font-size: 13px;&quot;&gt;&lt;a href=&quot;http://goo.gl/maps/0nmd5&quot; style=&quot;line-height: 1.6em;&quot; target=&quot;_blank&quot;&gt;&lt;img alt=&quot;&quot; src=&quot;http://www.termorad.com/image/data/google-maps.png&quot; style=&quot;width: 86px; height: 86px;&quot; /&gt;&lt;/a&gt;&lt;/p&gt;\r\n\r\n&lt;p style=&quot;font-size: 13px;&quot;&gt;&amp;nbsp;&lt;/p&gt;\r\n\r\n&lt;p style=&quot;font-size: 13px;&quot;&gt;&lt;strong style=&quot;line-height: 1.6em;&quot;&gt;Predstavništvo i prodajni salon u Beogradu&lt;/strong&gt;&lt;/p&gt;\r\n\r\n&lt;p style=&quot;font-size: 13px;&quot;&gt;&lt;br /&gt;\r\n&lt;span style=&quot;line-height: 1.6em;&quot;&gt;&lt;img alt=&quot;Predstavništvo i prodajni salon&quot; src=&quot;http://www.termorad.com/image/data/panorama_Termorad_salon_3.jpg&quot; style=&quot;width: 652px; height: 229px;&quot; /&gt;&lt;/span&gt;&lt;br /&gt;\r\n&amp;nbsp;&lt;/p&gt;\r\n\r\n&lt;table align=&quot;left&quot; border=&quot;0&quot; cellpadding=&quot;2&quot; cellspacing=&quot;2&quot; style=&quot;font-size: 13px; width: 500px;&quot;&gt;\r\n	&lt;tbody&gt;\r\n		&lt;tr&gt;\r\n			&lt;td&gt;Srbija&lt;br /&gt;\r\n			Beograd 11000, Sarajevska 76-78&lt;br /&gt;\r\n			&lt;span style=&quot;line-height: 1.6em;&quot;&gt;+381 0(11) 3660&amp;nbsp;519&amp;nbsp;&lt;/span&gt;&lt;strong style=&quot;line-height: 1.6em;&quot;&gt;tel&lt;/strong&gt;&lt;br /&gt;\r\n			&lt;span style=&quot;line-height: 1.6em;&quot;&gt;+381 0(11) 2684 340&amp;nbsp;&lt;/span&gt;&lt;strong style=&quot;line-height: 1.6em;&quot;&gt;fax&lt;/strong&gt;&lt;br /&gt;\r\n			&lt;span style=&quot;line-height: 1.6em;&quot;&gt;&lt;a href=&quot;mailto:beograd@termorad.rs?subject=Upit%20sa%20sajta%20termorad.com&quot;&gt;beograd@termorad.rs&lt;/a&gt;&amp;nbsp;&lt;/span&gt;&lt;strong style=&quot;line-height: 1.6em;&quot;&gt;e-mail&lt;/strong&gt;&lt;/td&gt;\r\n			&lt;td&gt;&amp;nbsp;&lt;/td&gt;\r\n		&lt;/tr&gt;\r\n	&lt;/tbody&gt;\r\n&lt;/table&gt;\r\n\r\n&lt;p style=&quot;font-size: 13px;&quot;&gt;&lt;a href=&quot;http://goo.gl/maps/Oz2xb&quot; style=&quot;line-height: 1.6em;&quot; target=&quot;_blank&quot;&gt;&lt;img alt=&quot;&quot; src=&quot;http://www.termorad.com/image/data/google-maps.png&quot; style=&quot;width: 86px; height: 86px;&quot; /&gt;&lt;/a&gt;&lt;/p&gt;\r\n\r\n&lt;p style=&quot;font-size: 13px;&quot;&gt;&amp;nbsp;&lt;/p&gt;\r\n\r\n&lt;p style=&quot;font-size: 13px;&quot;&gt;&lt;strong style=&quot;line-height: 1.6em;&quot;&gt;Magacin u Beogradu&lt;/strong&gt;&lt;/p&gt;\r\n\r\n&lt;table align=&quot;left&quot; border=&quot;0&quot; cellpadding=&quot;2&quot; cellspacing=&quot;2&quot; style=&quot;font-size: 13px; width: 500px;&quot;&gt;\r\n	&lt;tbody&gt;\r\n		&lt;tr&gt;\r\n			&lt;td&gt;\r\n			&lt;p&gt;Srbija&lt;br /&gt;\r\n			&lt;span style=&quot;line-height: 1.6em;&quot;&gt;Beograd 11000, Zemunska 305a (Ugrinovci)&lt;/span&gt;&lt;br /&gt;\r\n			&lt;span style=&quot;line-height: 1.6em;&quot;&gt;+381 0(62) 277 452&amp;nbsp;&lt;/span&gt;&lt;strong style=&quot;line-height: 1.6em;&quot;&gt;tel&lt;/strong&gt;&lt;/p&gt;\r\n\r\n			&lt;p&gt;&amp;nbsp;&lt;/p&gt;\r\n			&lt;/td&gt;\r\n			&lt;td&gt;&amp;nbsp;&lt;/td&gt;\r\n		&lt;/tr&gt;\r\n	&lt;/tbody&gt;\r\n&lt;/table&gt;\r\n\r\n&lt;p style=&quot;font-size: 13px;&quot;&gt;&lt;a href=&quot;http://goo.gl/maps/dEMpk&quot; style=&quot;line-height: 1.6em;&quot; target=&quot;_blank&quot;&gt;&lt;img alt=&quot;&quot; src=&quot;http://www.termorad.com/image/data/google-maps.png&quot; style=&quot;opacity: 0.9; width: 86px; height: 86px;&quot; /&gt;&lt;/a&gt;&lt;/p&gt;\r\n','','Lokacije','Lokacije'),(14,1,'Termorad lokacije','&lt;p style=&quot;font-size: 13px;&quot;&gt;Lokacije svih Termorad objekata, sa adresama i kontakt podacima.&lt;/p&gt;\r\n\r\n&lt;p style=&quot;font-size: 13px;&quot;&gt;&lt;strong&gt;Sedište firme&lt;/strong&gt;&lt;/p&gt;\r\n\r\n&lt;p style=&quot;font-size: 13px;&quot;&gt;&lt;img alt=&quot;Sedište Termorad Group&quot; src=&quot;http://www.termorad.com/image/data/panorama_Termorad_3.jpg&quot; style=&quot;width: 651px; height: 239px; float: left;&quot; /&gt;&lt;/p&gt;\r\n\r\n&lt;p style=&quot;font-size: 13px;&quot;&gt;&amp;nbsp;&lt;/p&gt;\r\n\r\n&lt;p style=&quot;font-size: 13px;&quot;&gt;&amp;nbsp;&lt;/p&gt;\r\n\r\n&lt;p style=&quot;font-size: 13px;&quot;&gt;&amp;nbsp;&lt;/p&gt;\r\n\r\n&lt;p style=&quot;font-size: 13px;&quot;&gt;&amp;nbsp;&lt;/p&gt;\r\n\r\n&lt;p style=&quot;font-size: 13px;&quot;&gt;&amp;nbsp;&lt;/p&gt;\r\n\r\n&lt;p style=&quot;font-size: 13px;&quot;&gt;&amp;nbsp;&lt;/p&gt;\r\n\r\n&lt;p style=&quot;font-size: 13px;&quot;&gt;&amp;nbsp;&lt;/p&gt;\r\n\r\n&lt;p style=&quot;font-size: 13px;&quot;&gt;&amp;nbsp;&lt;/p&gt;\r\n\r\n&lt;table align=&quot;left&quot; border=&quot;0&quot; cellpadding=&quot;2&quot; cellspacing=&quot;2&quot; style=&quot;font-size: 13px; width: 500px;&quot;&gt;\r\n	&lt;tbody&gt;\r\n		&lt;tr&gt;\r\n			&lt;td&gt;&lt;span style=&quot;line-height: 1.6em;&quot;&gt;Srbija&lt;/span&gt;&lt;br /&gt;\r\n			&lt;span style=&quot;line-height: 1.6em;&quot;&gt;Požega 31210, Čestobrodica bb&lt;/span&gt;&lt;br /&gt;\r\n			&lt;span style=&quot;line-height: 1.6em;&quot;&gt;+381 0(31) 3819 150&amp;nbsp;&lt;/span&gt;&lt;strong style=&quot;line-height: 1.6em;&quot;&gt;tel&lt;/strong&gt;&lt;br /&gt;\r\n			&lt;span style=&quot;line-height: 1.6em;&quot;&gt;+381 0(31) 3819 210&amp;nbsp;&lt;/span&gt;&lt;strong style=&quot;line-height: 1.6em;&quot;&gt;fax&lt;/strong&gt;&lt;br /&gt;\r\n			&lt;span style=&quot;line-height: 1.6em;&quot;&gt;&lt;a href=&quot;mailto:office@termorad.rs?subject=Upit%20sa%20sajta%20termorad.com&quot;&gt;office@termorad.rs&lt;/a&gt;&amp;nbsp;&lt;/span&gt;&lt;strong style=&quot;line-height: 1.6em;&quot;&gt;e-mail&lt;/strong&gt;&lt;/td&gt;\r\n			&lt;td&gt;&amp;nbsp;&lt;/td&gt;\r\n		&lt;/tr&gt;\r\n	&lt;/tbody&gt;\r\n&lt;/table&gt;\r\n\r\n&lt;p style=&quot;font-size: 13px;&quot;&gt;&lt;a href=&quot;http://goo.gl/maps/0nmd5&quot; style=&quot;line-height: 1.6em;&quot; target=&quot;_blank&quot;&gt;&lt;img alt=&quot;&quot; src=&quot;http://www.termorad.com/image/data/google-maps.png&quot; style=&quot;width: 86px; height: 86px;&quot; /&gt;&lt;/a&gt;&lt;/p&gt;\r\n\r\n&lt;p style=&quot;font-size: 13px;&quot;&gt;&amp;nbsp;&lt;/p&gt;\r\n\r\n&lt;p style=&quot;font-size: 13px;&quot;&gt;&lt;strong style=&quot;line-height: 1.6em;&quot;&gt;Predstavništvo i prodajni salon u Beogradu&lt;/strong&gt;&lt;/p&gt;\r\n\r\n&lt;p style=&quot;font-size: 13px;&quot;&gt;&lt;br /&gt;\r\n&lt;span style=&quot;line-height: 1.6em;&quot;&gt;&lt;img alt=&quot;Predstavništvo i prodajni salon&quot; src=&quot;http://www.termorad.com/image/data/panorama_Termorad_salon_3.jpg&quot; style=&quot;width: 652px; height: 229px;&quot; /&gt;&lt;/span&gt;&lt;br /&gt;\r\n&amp;nbsp;&lt;/p&gt;\r\n\r\n&lt;table align=&quot;left&quot; border=&quot;0&quot; cellpadding=&quot;2&quot; cellspacing=&quot;2&quot; style=&quot;font-size: 13px; width: 500px;&quot;&gt;\r\n	&lt;tbody&gt;\r\n		&lt;tr&gt;\r\n			&lt;td&gt;Srbija&lt;br /&gt;\r\n			Beograd 11000, Sarajevska 76-78&lt;br /&gt;\r\n			&lt;span style=&quot;line-height: 1.6em;&quot;&gt;+381 0(11) 3660&amp;nbsp;519&amp;nbsp;&lt;/span&gt;&lt;strong style=&quot;line-height: 1.6em;&quot;&gt;tel&lt;/strong&gt;&lt;br /&gt;\r\n			&lt;span style=&quot;line-height: 1.6em;&quot;&gt;+381 0(11) 2684 340&amp;nbsp;&lt;/span&gt;&lt;strong style=&quot;line-height: 1.6em;&quot;&gt;fax&lt;/strong&gt;&lt;br /&gt;\r\n			&lt;span style=&quot;line-height: 1.6em;&quot;&gt;&lt;a href=&quot;mailto:beograd@termorad.rs?subject=Upit%20sa%20sajta%20termorad.com&quot;&gt;beograd@termorad.rs&lt;/a&gt;&amp;nbsp;&lt;/span&gt;&lt;strong style=&quot;line-height: 1.6em;&quot;&gt;e-mail&lt;/strong&gt;&lt;/td&gt;\r\n			&lt;td&gt;&amp;nbsp;&lt;/td&gt;\r\n		&lt;/tr&gt;\r\n	&lt;/tbody&gt;\r\n&lt;/table&gt;\r\n\r\n&lt;p style=&quot;font-size: 13px;&quot;&gt;&lt;a href=&quot;http://goo.gl/maps/Oz2xb&quot; style=&quot;line-height: 1.6em;&quot; target=&quot;_blank&quot;&gt;&lt;img alt=&quot;&quot; src=&quot;http://www.termorad.com/image/data/google-maps.png&quot; style=&quot;width: 86px; height: 86px;&quot; /&gt;&lt;/a&gt;&lt;/p&gt;\r\n\r\n&lt;p style=&quot;font-size: 13px;&quot;&gt;&amp;nbsp;&lt;/p&gt;\r\n\r\n&lt;p style=&quot;font-size: 13px;&quot;&gt;&lt;strong style=&quot;line-height: 1.6em;&quot;&gt;Magacin u Beogradu&lt;/strong&gt;&lt;/p&gt;\r\n\r\n&lt;table align=&quot;left&quot; border=&quot;0&quot; cellpadding=&quot;2&quot; cellspacing=&quot;2&quot; style=&quot;font-size: 13px; width: 500px;&quot;&gt;\r\n	&lt;tbody&gt;\r\n		&lt;tr&gt;\r\n			&lt;td&gt;Srbija&lt;br /&gt;\r\n			Beograd 11000, Zemunska 305a (Ugrinovci)&lt;br /&gt;\r\n			&lt;span style=&quot;line-height: 1.6em;&quot;&gt;+381 0(62) 277 452&amp;nbsp;&lt;/span&gt;&lt;strong style=&quot;line-height: 1.6em;&quot;&gt;tel&lt;/strong&gt;&lt;br /&gt;\r\n			&amp;nbsp;&lt;/td&gt;\r\n			&lt;td&gt;&amp;nbsp;&lt;/td&gt;\r\n		&lt;/tr&gt;\r\n	&lt;/tbody&gt;\r\n&lt;/table&gt;\r\n\r\n&lt;p style=&quot;font-size: 13px;&quot;&gt;&lt;a href=&quot;http://goo.gl/maps/dEMpk&quot; style=&quot;line-height: 1.6em;&quot; target=&quot;_blank&quot;&gt;&lt;img alt=&quot;&quot; src=&quot;http://www.termorad.com/image/data/google-maps.png&quot; style=&quot;opacity: 0.9; width: 86px; height: 86px;&quot; /&gt;&lt;/a&gt;&lt;/p&gt;\r\n','','Lokacije','Lokacije'),(4,1,'O nama','&lt;p&gt;About Us&lt;/p&gt;\r\n','','',''),(8,7,'Preuzimanje kataloga','&lt;p&gt;&lt;a href=&quot;http://termorad.com/upload/katalog_dimnjaka_2013.pdf&quot; id=&quot;Preuzmite katalog dimnjaka&quot; name=&quot;Preuzmite katalog dimnjaka&quot; style=&quot;font-size: 13px;&quot; target=&quot;_blank&quot;&gt;&lt;img alt=&quot;Preuzmite katalog dimnjaka&quot; id=&quot;Preuzmite katalog dimnjaka&quot; name=&quot;Preuzmite katalog dimnjaka&quot; src=&quot;http://termorad.com/image/data/katalog-dimnjaka-mala.jpg&quot; style=&quot;width: 128px; height: 180px;&quot; /&gt;&lt;/a&gt;&amp;nbsp;&lt;a href=&quot;/upload/Katalog_bojlera_SRB.pdf&quot; name=&quot;Preuzmite katalog bojlera&quot; target=&quot;_blank&quot;&gt;&lt;img alt=&quot;Katalog bojlera&quot; id=&quot;Katalog bojlera&quot; name=&quot;Katalog bojlera&quot; src=&quot;http://www.termorad.com/image/data/Katalog_bojler_SRB_mala.jpg&quot; style=&quot;width: 128px; height: 182px;&quot; /&gt;&lt;/a&gt;&amp;nbsp;&lt;a href=&quot;/upload/Katalog_hidroforskih_posuda_SRB.pdf&quot; target=&quot;_blank&quot;&gt;&lt;img alt=&quot;Katalog hidroforskih i ekspanzionih posuda&quot; id=&quot;Katalog hidroforskih i ekspanzionih posuda&quot; name=&quot;Katalog hidroforskih i ekspanzionih posuda&quot; src=&quot;http://www.termorad.com/image/data/Katalog_hidroforskih_posuda_mala.jpg&quot; style=&quot;width: 139px; height: 183px;&quot; /&gt;&lt;/a&gt;&amp;nbsp;&lt;a href=&quot;/upload/flajer_ekspanzionih_posuda_2013.pdf&quot; target=&quot;_blank&quot;&gt;&lt;img alt=&quot;&quot; src=&quot;http://termorad.com/image/data/flajer-ekspanzionih-posuda-mala.jpg&quot; style=&quot;width: 127px; height: 179px;&quot; /&gt;&lt;/a&gt;&amp;nbsp;&lt;a href=&quot;/upload/katalog_vinskih_posuda_2013_SRB-ENG.pdf&quot; target=&quot;_blank&quot;&gt;&lt;img alt=&quot;&quot; id=&quot;Katalog posuda za vino&quot; name=&quot;Katalog posuda za vino&quot; src=&quot;http://termorad.com/image/data/katalog-posuda-za-vino-mala.jpg&quot; style=&quot;width: 128px; height: 182px;&quot; /&gt;&lt;/a&gt;&amp;nbsp;&lt;/p&gt;\r\n\r\n&lt;table align=&quot;left&quot; border=&quot;0&quot; cellpadding=&quot;1&quot; cellspacing=&quot;1&quot; style=&quot;width: 900px; height: 50px;&quot;&gt;\r\n	&lt;tbody&gt;\r\n		&lt;tr&gt;\r\n			&lt;td style=&quot;width: 150px; text-align: center;&quot;&gt;&lt;strong style=&quot;font-size: 13px;&quot;&gt;Katalog dimnjaka&lt;/strong&gt;&lt;/td&gt;\r\n			&lt;td style=&quot;width: 155px; text-align: center;&quot;&gt;&lt;strong style=&quot;font-size: 13px;&quot;&gt;Katalog bojlera&lt;/strong&gt;&lt;/td&gt;\r\n			&lt;td style=&quot;text-align: center; width: 160px;&quot;&gt;\r\n			&lt;p&gt;&lt;strong style=&quot;font-size: 13px;&quot;&gt;&amp;nbsp;Katalog hidroforskih&lt;br /&gt;\r\n			&amp;nbsp;posuda&lt;/strong&gt;&lt;/p&gt;\r\n			&lt;/td&gt;\r\n			&lt;td style=&quot;text-align: center; width: 150px;&quot;&gt;\r\n			&lt;p&gt;&lt;strong style=&quot;font-size: 13px;&quot;&gt;&amp;nbsp; Flajer ekspanzionih&lt;/strong&gt;&lt;strong style=&quot;font-size: 13px;&quot;&gt;&amp;nbsp;&lt;/strong&gt;&lt;br /&gt;\r\n			&lt;strong style=&quot;line-height: 1.6em;&quot;&gt;&amp;nbsp; posuda&lt;/strong&gt;&lt;/p&gt;\r\n			&lt;/td&gt;\r\n			&lt;td style=&quot;text-align: center; width: 150px;&quot;&gt;\r\n			&lt;p&gt;&lt;strong&gt;&amp;nbsp; &amp;nbsp; &amp;nbsp; &amp;nbsp;Katalog posuda&amp;nbsp;&lt;br /&gt;\r\n			&amp;nbsp; &amp;nbsp; &amp;nbsp;za vino&lt;/strong&gt;&lt;/p&gt;\r\n			&lt;/td&gt;\r\n			&lt;td style=&quot;text-align: center; width: 120px;&quot;&gt;&lt;strong&gt;&amp;nbsp; &amp;nbsp; &amp;nbsp; &amp;nbsp;&lt;/strong&gt;&lt;/td&gt;\r\n			&lt;td&gt;&amp;nbsp;&lt;/td&gt;\r\n		&lt;/tr&gt;\r\n	&lt;/tbody&gt;\r\n&lt;/table&gt;\r\n\r\n&lt;p&gt;&amp;nbsp;&lt;/p&gt;\r\n\r\n&lt;p&gt;&amp;nbsp;&lt;/p&gt;\r\n\r\n&lt;p&gt;&amp;nbsp;&lt;/p&gt;\r\n\r\n&lt;p&gt;&lt;a href=&quot;/upload/flajer_160L_2012.pdf&quot; style=&quot;line-height: 1.6em;&quot; target=&quot;_blank&quot;&gt;&lt;img alt=&quot;&quot; src=&quot;http://termorad.com/image/data/flajer-novih-proizvoda-mala.jpg&quot; style=&quot;width: 129px; height: 179px;&quot; /&gt;&lt;/a&gt;&lt;span style=&quot;line-height: 1.6em;&quot;&gt;&amp;nbsp; &amp;nbsp;&amp;nbsp;&lt;/span&gt;&lt;a href=&quot;/upload/katalog_posude_za_vino_i_rakiju.pdf&quot; style=&quot;line-height: 1.6em;&quot; target=&quot;_blank&quot;&gt;&lt;img alt=&quot;Katalog posuda za vino i rakiju&quot; id=&quot;Katalog - Posude za vino i rakiju&quot; name=&quot;Katalog - Posude za vino i rakiju&quot; src=&quot;http://www.termorad.com/image/data/Katalog_posude_za_vino_i_rakiju.jpg&quot; style=&quot;width: 196px; height: 182px;&quot; /&gt;&lt;/a&gt;&amp;nbsp; &amp;nbsp;&lt;a href=&quot;/upload/Flajer_novi_proizvodi_SRB.pdf&quot;&gt;&lt;img alt=&quot;&quot; src=&quot;http://www.termorad.com/image/data/Flajer_novi_proizvodi_mala.jpg&quot; style=&quot;width: 130px; height: 183px;&quot; /&gt;&lt;/a&gt;&amp;nbsp; &amp;nbsp;&lt;a href=&quot;/upload/flajer_Zlatiborski pekač_Talandara.pdf&quot;&gt;&lt;img alt=&quot;&quot; src=&quot;http://www.termorad.com/image/data/flajer_talandara_small.jpg&quot; style=&quot;width: 126px; height: 183px;&quot; /&gt;&lt;/a&gt;&lt;/p&gt;\r\n\r\n&lt;table border=&quot;0&quot; cellpadding=&quot;1&quot; cellspacing=&quot;10&quot; style=&quot;width: 340px; height: 15px;&quot;&gt;\r\n	&lt;tbody&gt;\r\n		&lt;tr&gt;\r\n			&lt;td style=&quot;white-space: nowrap; text-align: center;&quot;&gt;&lt;strong style=&quot;color: rgb(51, 51, 51); font-family: sans-serif, Arial, Verdana, \'Trebuchet MS\'; font-size: 13px; line-height: 20.799999237060547px; text-align: center; background-color: rgb(255, 255, 255);&quot;&gt;Flajer 160 L bojler&lt;/strong&gt;&lt;/td&gt;\r\n			&lt;td style=&quot;white-space: nowrap; text-align: center;&quot;&gt;&lt;strong style=&quot;font-size: 13px; line-height: 1.6em;&quot;&gt;&amp;nbsp; &amp;nbsp; &amp;nbsp; &amp;nbsp; Katalog - Posude za vino i rakiju&lt;/strong&gt;&lt;/td&gt;\r\n			&lt;td style=&quot;white-space: nowrap; text-align: center;&quot;&gt;&lt;strong style=&quot;font-size: 13px; text-align: center; white-space: nowrap;&quot;&gt;&amp;nbsp; &amp;nbsp; Flajer - novi proizvod&lt;/strong&gt;&lt;/td&gt;\r\n			&lt;td style=&quot;white-space: nowrap; text-align: center;&quot;&gt;\r\n			&lt;p&gt;&lt;strong&gt;&amp;nbsp; &amp;nbsp; &amp;nbsp; Katalog - Zlatiborski pekač&lt;/strong&gt;&lt;br /&gt;\r\n			&lt;strong style=&quot;line-height: 1.6em;&quot;&gt;Talandara&lt;/strong&gt;&lt;/p&gt;\r\n			&lt;/td&gt;\r\n		&lt;/tr&gt;\r\n	&lt;/tbody&gt;\r\n&lt;/table&gt;\r\n\r\n&lt;p&gt;&amp;nbsp;&lt;/p&gt;\r\n','','Katalozi','Katalozi'),(5,1,'Opšti uslovi korišćenja','&lt;p&gt;Terms &amp;amp; Conditions&lt;/p&gt;\r\n','','',''),(6,1,'Detalji isporuke','&lt;p&gt;Delivery Information&lt;/p&gt;\r\n','','',''),(4,7,'O Nama','&lt;h2&gt;&lt;strong&gt;O Termorad Group&lt;/strong&gt;&lt;/h2&gt;\r\n\r\n&lt;p&gt;&lt;img alt=&quot;&quot; src=&quot;http://www.termorad.com/image/data/fabrika-bojlera-termorad-group-17.jpg&quot; style=&quot;width: 640px; height: 371px;&quot; /&gt;&lt;/p&gt;\r\n\r\n&lt;table border=&quot;0&quot; cellpadding=&quot;1&quot; cellspacing=&quot;1&quot; style=&quot;table-layout: fixed; width: 708px; border: 0px; padding: 0px; border-collapse: collapse; border-spacing: 0px; font-family: verdana, arial, sans-serif; font-size: 11px; line-height: normal;&quot;&gt;\r\n	&lt;tbody&gt;\r\n		&lt;tr&gt;\r\n			&lt;td colspan=&quot;7&quot; style=&quot;font-size: 12px; border: 0px; vertical-align: top; word-wrap: break-word;&quot;&gt;\r\n			&lt;ul style=&quot;margin: 0px; padding-right: 0px; padding-left: 0px; list-style: none;&quot;&gt;\r\n				&lt;li style=&quot;line-height: 15px; padding-left: 15px; padding-top: 0px; background-image: url(http://www.portal-srbija.com/images/arrow.png); background-position: 0px 2px; background-repeat: no-repeat;&quot;&gt;Privredno društvo Termorad Group doo osnovano je 1994.godine u mestu Čestobrodica, kraj Požege.&lt;/li&gt;\r\n				&lt;li style=&quot;line-height: 15px; padding-left: 15px; padding-top: 0px; background-image: url(http://www.portal-srbija.com/images/arrow.png); background-position: 0px 2px; background-repeat: no-repeat;&quot;&gt;Entuzijazam, ideologija i jasna vizija vlasnika usmeravali su ovo porodično preduzeće dugogodišnjim putem uspeha, stoga Termorad Grupa danas predstavlja preduzeće srednje veličine sa preko 100 zaposlenih, koje posluje na preko 8.500m₂ zatvorenog poslovnog prostora.&amp;nbsp;&lt;/li&gt;\r\n			&lt;/ul&gt;\r\n			&lt;/td&gt;\r\n		&lt;/tr&gt;\r\n		&lt;tr&gt;\r\n			&lt;td colspan=&quot;7&quot; style=&quot;font-size: 12px; border: 0px; vertical-align: top; word-wrap: break-word;&quot;&gt;&amp;nbsp;&lt;/td&gt;\r\n		&lt;/tr&gt;\r\n		&lt;tr&gt;\r\n			&lt;td colspan=&quot;7&quot; style=&quot;font-size: 12px; border: 0px; vertical-align: top; word-wrap: break-word;&quot;&gt;\r\n			&lt;ul style=&quot;margin: 0px; padding-right: 0px; padding-left: 0px; list-style: none;&quot;&gt;\r\n				&lt;li style=&quot;line-height: 15px; padding-left: 15px; padding-top: 0px; background-image: url(http://www.portal-srbija.com/images/arrow.png); background-position: 0px 2px; background-repeat: no-repeat;&quot;&gt;Dvadesetogodišnje poslovno iskustvo, neprekidno usavršavanje ljudskog kadra i modernizacija tehnološkog procesa proizvodnje dali su nam sigurnost da stanemo čvrsto iza kvaliteta svih Termorad proizvoda, poštujući imperativ maksimalnog zadovoljstva potrošača.&lt;/li&gt;\r\n			&lt;/ul&gt;\r\n			&lt;/td&gt;\r\n		&lt;/tr&gt;\r\n		&lt;tr&gt;\r\n			&lt;td colspan=&quot;7&quot; style=&quot;font-size: 12px; border: 0px; vertical-align: top; word-wrap: break-word;&quot;&gt;&amp;nbsp;&lt;/td&gt;\r\n		&lt;/tr&gt;\r\n		&lt;tr&gt;\r\n			&lt;td colspan=&quot;7&quot; style=&quot;font-size: 12px; border: 0px; vertical-align: top; word-wrap: break-word;&quot;&gt;\r\n			&lt;ul style=&quot;margin: 0px; padding-right: 0px; padding-left: 0px; list-style: none;&quot;&gt;\r\n				&lt;li style=&quot;line-height: 15px; padding-left: 15px; padding-top: 0px; background-image: url(http://www.portal-srbija.com/images/arrow.png); background-position: 0px 2px; background-repeat: no-repeat;&quot;&gt;Termorad Grupa izgradila je svoju politiku kvaliteta i sistem poslovanja u saglasnosti sa regulativama standarda ISO 9001:2008.&lt;/li&gt;\r\n				&lt;li style=&quot;line-height: 15px; padding-left: 15px; padding-top: 0px; background-image: url(http://www.portal-srbija.com/images/arrow.png); background-position: 0px 2px; background-repeat: no-repeat;&quot;&gt;Od 2011. godine svi proizvodi usklađeni su sa evropskim normama (CE znak), a od sredine 2013. kompanija poseduje i GostR sertifikat neophodan za plasman proizvoda na tržište Ruske Federacije.&lt;/li&gt;\r\n			&lt;/ul&gt;\r\n			&lt;/td&gt;\r\n		&lt;/tr&gt;\r\n		&lt;tr&gt;\r\n			&lt;td colspan=&quot;7&quot; style=&quot;font-size: 12px; border: 0px; vertical-align: top; word-wrap: break-word;&quot;&gt;&amp;nbsp;&lt;/td&gt;\r\n		&lt;/tr&gt;\r\n		&lt;tr&gt;\r\n			&lt;td colspan=&quot;7&quot; style=&quot;font-size: 12px; border: 0px; vertical-align: top; word-wrap: break-word;&quot;&gt;\r\n			&lt;ul style=&quot;margin: 0px; padding-right: 0px; padding-left: 0px; list-style: none;&quot;&gt;\r\n				&lt;li style=&quot;line-height: 15px; padding-left: 15px; padding-top: 0px; background-image: url(http://www.portal-srbija.com/images/arrow.png); background-position: 0px 2px; background-repeat: no-repeat;&quot;&gt;Pouzdanost, efikasnost i ekologija su tri osnovna postulata na čijim temeljima je izgrađena prepoznatljivost ove fabrike, koja Termorad Grupu svrstava u lidere među proizvođačima bojlera na domaćem tržištu.&lt;/li&gt;\r\n			&lt;/ul&gt;\r\n			&lt;/td&gt;\r\n		&lt;/tr&gt;\r\n	&lt;/tbody&gt;\r\n&lt;/table&gt;\r\n\r\n&lt;p&gt;&amp;nbsp;&lt;/p&gt;\r\n\r\n&lt;h2&gt;&lt;strong&gt;Termorad tim zaposlenih&lt;/strong&gt;&lt;br /&gt;\r\nNajkvalitetniji kadar u svojim oblastima&lt;/h2&gt;\r\n\r\n&lt;p&gt;&amp;nbsp;&lt;/p&gt;\r\n\r\n&lt;p&gt;&lt;img alt=&quot;&quot; src=&quot;http://www.termorad.com/images/img/termorad-pozega_.jpg&quot; style=&quot;opacity: 0.9; font-size: 13px; float: left; height: 204px; width: 450px;&quot; /&gt;&lt;/p&gt;\r\n\r\n&lt;p&gt;Snagu Termorada čini spoj savremenog proizvodnog pogona i kvalifikovanog kadra,&amp;nbsp;koji mogu da proizvedu do 400 kompletnih bojlera dnevno. Pored bojlera, iz proizvodnih hala, svakodnevno izlaze dimnjaci i&amp;nbsp;dimni sistemi, hidroforske i ekspanzione posude, posude za vino i rakiju, izmenjivači toplote... Naravno, pored visokog nivoa proizvodnje, velika se pažnja poklanja strogoj kontroli,&amp;nbsp;što znači da se svaki proizvod posebno kontroliše uređajima na vodeni pritisak, površinsku zaštitu, granične temperature...&lt;/p&gt;\r\n\r\n&lt;p&gt;&amp;nbsp;&lt;/p&gt;\r\n\r\n&lt;p&gt;&amp;nbsp;&lt;/p&gt;\r\n\r\n&lt;p&gt;&amp;nbsp;&lt;/p&gt;\r\n\r\n&lt;p&gt;&amp;nbsp;&lt;/p&gt;\r\n\r\n&lt;p&gt;&amp;nbsp;&lt;/p&gt;\r\n\r\n&lt;h2&gt;&lt;strong&gt;Konstantno ulaganje u unapređenje poslovanja i proizvodnje&lt;/strong&gt;&lt;br /&gt;\r\nOrganizacija &lt;em&gt;in-house&lt;/em&gt; seminara i obuke zaposlenih&lt;/h2&gt;\r\n\r\n&lt;p&gt;&lt;img alt=&quot;&quot; src=&quot;http://www.termorad.com/image/data/inov.jpg&quot; style=&quot;width: 1199px; height: 483px;&quot; /&gt;&lt;/p&gt;\r\n\r\n&lt;p&gt;Program Integrisane Podrške Inovacijama (IISP – Seminar) održan u martu 2013-e godine u sedištu firme u Požegi.&lt;/p&gt;\r\n','','','');

--
-- Table structure for table `oc_information_to_layout`
--

CREATE TABLE `oc_information_to_layout` (
  `information_id` int(11) NOT NULL,
  `store_id` int(11) NOT NULL,
  `layout_id` int(11) NOT NULL,
  PRIMARY KEY (`information_id`,`store_id`)
) ENGINE=MyISAM DEFAULT CHARSET=utf8;

--
-- Dumping data for table `oc_information_to_layout`
--

INSERT INTO `oc_information_to_layout` VALUES (9,0,0),(11,0,0),(12,0,0);

--
-- Table structure for table `oc_information_to_store`
--

CREATE TABLE `oc_information_to_store` (
  `information_id` int(11) NOT NULL,
  `store_id` int(11) NOT NULL,
  PRIMARY KEY (`information_id`,`store_id`)
) ENGINE=MyISAM DEFAULT CHARSET=utf8;

--
-- Dumping data for table `oc_information_to_store`
--

INSERT INTO `oc_information_to_store` VALUES (3,0),(4,0),(5,0),(6,0),(8,0),(9,0),(10,0),(11,0),(12,0),(13,0),(14,0);

--
-- Table structure for table `oc_language`
--

CREATE TABLE `oc_language` (
  `language_id` int(11) NOT NULL AUTO_INCREMENT,
  `name` varchar(32) NOT NULL,
  `code` varchar(5) NOT NULL,
  `locale` varchar(255) NOT NULL,
  `image` varchar(64) NOT NULL,
  `directory` varchar(32) NOT NULL,
  `filename` varchar(64) NOT NULL,
  `sort_order` int(3) NOT NULL DEFAULT '0',
  `status` tinyint(1) NOT NULL,
  PRIMARY KEY (`language_id`),
  KEY `name` (`name`)
) ENGINE=MyISAM AUTO_INCREMENT=8 DEFAULT CHARSET=utf8;

--
-- Dumping data for table `oc_language`
--

INSERT INTO `oc_language` VALUES (1,'English','en','en_US.UTF-8,en_US,en-gb,english','gb.png','english','english',2,0),(7,'Serbian','srb','UTF-8','rs.png','srb','srb',1,1);

--
-- Table structure for table `oc_layout`
--

CREATE TABLE `oc_layout` (
  `layout_id` int(11) NOT NULL AUTO_INCREMENT,
  `name` varchar(64) NOT NULL,
  PRIMARY KEY (`layout_id`)
) ENGINE=MyISAM AUTO_INCREMENT=16 DEFAULT CHARSET=utf8;

--
-- Dumping data for table `oc_layout`
--

INSERT INTO `oc_layout` VALUES (1,'Home'),(2,'Product'),(3,'Category'),(4,'Default'),(5,'Manufacturer'),(6,'Account'),(7,'Checkout'),(8,'Contact'),(9,'Sitemap'),(10,'Affiliate'),(11,'Information'),(12,'Register'),(15,'Vesti');

--
-- Table structure for table `oc_layout_route`
--

CREATE TABLE `oc_layout_route` (
  `layout_route_id` int(11) NOT NULL AUTO_INCREMENT,
  `layout_id` int(11) NOT NULL,
  `store_id` int(11) NOT NULL,
  `route` varchar(255) NOT NULL,
  PRIMARY KEY (`layout_route_id`)
) ENGINE=MyISAM AUTO_INCREMENT=40 DEFAULT CHARSET=utf8;

--
-- Dumping data for table `oc_layout_route`
--

INSERT INTO `oc_layout_route` VALUES (30,6,0,'account'),(17,10,0,'affiliate/'),(29,3,0,'product/category'),(26,1,0,'common/home'),(20,2,0,'product/product'),(24,11,0,'information/information'),(22,5,0,'product/manufacturer'),(23,7,0,'checkout/'),(31,8,0,'information/contact'),(32,9,0,'information/sitemap'),(33,12,0,'account/register'),(39,15,0,'blog/post');

--
-- Table structure for table `oc_length_class`
--

CREATE TABLE `oc_length_class` (
  `length_class_id` int(11) NOT NULL AUTO_INCREMENT,
  `value` decimal(15,8) NOT NULL,
  PRIMARY KEY (`length_class_id`)
) ENGINE=MyISAM AUTO_INCREMENT=4 DEFAULT CHARSET=utf8;

--
-- Dumping data for table `oc_length_class`
--

INSERT INTO `oc_length_class` VALUES (1,'1.00000000'),(2,'10.00000000'),(3,'0.39370000');

--
-- Table structure for table `oc_length_class_description`
--

CREATE TABLE `oc_length_class_description` (
  `length_class_id` int(11) NOT NULL AUTO_INCREMENT,
  `language_id` int(11) NOT NULL,
  `title` varchar(32) NOT NULL,
  `unit` varchar(4) NOT NULL,
  PRIMARY KEY (`length_class_id`,`language_id`)
) ENGINE=MyISAM AUTO_INCREMENT=4 DEFAULT CHARSET=utf8;

--
-- Dumping data for table `oc_length_class_description`
--

INSERT INTO `oc_length_class_description` VALUES (1,1,'Centimeter','cm'),(2,1,'Millimeter','mm'),(3,1,'Inch','in'),(1,7,'Centimeter','cm'),(2,7,'Millimeter','mm'),(3,7,'Inch','in');

--
-- Table structure for table `oc_manufacturer`
--

CREATE TABLE `oc_manufacturer` (
  `manufacturer_id` int(11) NOT NULL AUTO_INCREMENT,
  `name` varchar(64) NOT NULL,
  `image` varchar(255) DEFAULT NULL,
  `sort_order` int(3) NOT NULL,
  PRIMARY KEY (`manufacturer_id`)
) ENGINE=MyISAM AUTO_INCREMENT=11 DEFAULT CHARSET=utf8;

--
-- Dumping data for table `oc_manufacturer`
--


--
-- Table structure for table `oc_manufacturer_description`
--

CREATE TABLE `oc_manufacturer_description` (
  `manufacturer_id` int(11) NOT NULL,
  `language_id` int(11) NOT NULL,
  `description` text COLLATE utf8_bin NOT NULL,
  `meta_description` varchar(255) COLLATE utf8_bin NOT NULL,
  `meta_keyword` varchar(255) COLLATE utf8_bin NOT NULL,
  `custom_title` varchar(255) COLLATE utf8_bin DEFAULT '',
  PRIMARY KEY (`manufacturer_id`,`language_id`)
) ENGINE=MyISAM DEFAULT CHARSET=utf8 COLLATE=utf8_bin;

--
-- Dumping data for table `oc_manufacturer_description`
--


--
-- Table structure for table `oc_manufacturer_to_store`
--

CREATE TABLE `oc_manufacturer_to_store` (
  `manufacturer_id` int(11) NOT NULL,
  `store_id` int(11) NOT NULL,
  PRIMARY KEY (`manufacturer_id`,`store_id`)
) ENGINE=MyISAM DEFAULT CHARSET=utf8;

--
-- Dumping data for table `oc_manufacturer_to_store`
--


--
-- Table structure for table `oc_option`
--

CREATE TABLE `oc_option` (
  `option_id` int(11) NOT NULL AUTO_INCREMENT,
  `type` varchar(32) NOT NULL,
  `sort_order` int(3) NOT NULL,
  PRIMARY KEY (`option_id`)
) ENGINE=MyISAM AUTO_INCREMENT=14 DEFAULT CHARSET=utf8;

--
-- Dumping data for table `oc_option`
--

INSERT INTO `oc_option` VALUES (1,'radio',2),(2,'checkbox',3),(4,'text',4),(5,'select',1),(6,'textarea',5),(7,'file',6),(8,'date',7),(9,'time',8),(10,'datetime',9),(11,'select',1),(12,'date',1),(13,'radio',0);

--
-- Table structure for table `oc_option_description`
--

CREATE TABLE `oc_option_description` (
  `option_id` int(11) NOT NULL,
  `language_id` int(11) NOT NULL,
  `name` varchar(128) NOT NULL,
  PRIMARY KEY (`option_id`,`language_id`)
) ENGINE=MyISAM DEFAULT CHARSET=utf8;

--
-- Dumping data for table `oc_option_description`
--

INSERT INTO `oc_option_description` VALUES (1,1,'Radio'),(2,1,'Checkbox'),(4,1,'Text'),(6,1,'Textarea'),(8,1,'Date'),(7,1,'File'),(5,1,'Select'),(9,1,'Time'),(10,1,'Date &amp; Time'),(12,1,'Delivery Date'),(11,1,'Size'),(1,7,'Radio'),(2,7,'Checkbox'),(4,7,'Text'),(6,7,'Textarea'),(8,7,'Date'),(7,7,'File'),(5,7,'Select'),(9,7,'Time'),(10,7,'Date &amp; Time'),(12,7,'Delivery Date'),(11,7,'Size'),(13,7,'Montaža'),(13,1,'Montaža');

--
-- Table structure for table `oc_option_value`
--

CREATE TABLE `oc_option_value` (
  `option_value_id` int(11) NOT NULL AUTO_INCREMENT,
  `option_id` int(11) NOT NULL,
  `image` varchar(255) NOT NULL,
  `sort_order` int(3) NOT NULL,
  PRIMARY KEY (`option_value_id`)
) ENGINE=MyISAM AUTO_INCREMENT=51 DEFAULT CHARSET=utf8;

--
-- Dumping data for table `oc_option_value`
--

INSERT INTO `oc_option_value` VALUES (43,1,'',3),(32,1,'',1),(45,2,'',4),(44,2,'',3),(42,5,'',4),(41,5,'',3),(39,5,'',1),(40,5,'',2),(31,1,'',2),(23,2,'',1),(24,2,'',2),(46,11,'',1),(47,11,'',2),(48,11,'',3),(50,13,'no_image.jpg',1),(49,13,'no_image.jpg',0);

--
-- Table structure for table `oc_option_value_description`
--

CREATE TABLE `oc_option_value_description` (
  `option_value_id` int(11) NOT NULL,
  `language_id` int(11) NOT NULL,
  `option_id` int(11) NOT NULL,
  `name` varchar(128) NOT NULL,
  PRIMARY KEY (`option_value_id`,`language_id`)
) ENGINE=MyISAM DEFAULT CHARSET=utf8;

--
-- Dumping data for table `oc_option_value_description`
--

INSERT INTO `oc_option_value_description` VALUES (43,1,1,'Large'),(32,1,1,'Small'),(45,1,2,'Checkbox 4'),(44,1,2,'Checkbox 3'),(31,1,1,'Medium'),(42,1,5,'Yellow'),(41,1,5,'Green'),(39,1,5,'Red'),(40,1,5,'Blue'),(23,1,2,'Checkbox 1'),(24,1,2,'Checkbox 2'),(48,1,11,'Large'),(47,1,11,'Medium'),(46,1,11,'Small'),(43,7,1,'Large'),(32,7,1,'Small'),(45,7,2,'Checkbox 4'),(44,7,2,'Checkbox 3'),(31,7,1,'Medium'),(42,7,5,'Yellow'),(41,7,5,'Green'),(39,7,5,'Red'),(40,7,5,'Blue'),(23,7,2,'Checkbox 1'),(24,7,2,'Checkbox 2'),(48,7,11,'Large'),(47,7,11,'Medium'),(46,7,11,'Small'),(50,1,13,'Sa montažom'),(50,7,13,'Sa montažom'),(49,1,13,'Bez montaže'),(49,7,13,'Bez montaže');

--
-- Table structure for table `oc_order`
--

CREATE TABLE `oc_order` (
  `order_id` int(11) NOT NULL AUTO_INCREMENT,
  `invoice_no` int(11) NOT NULL DEFAULT '0',
  `invoice_prefix` varchar(26) NOT NULL,
  `store_id` int(11) NOT NULL DEFAULT '0',
  `store_name` varchar(64) NOT NULL,
  `store_url` varchar(255) NOT NULL,
  `customer_id` int(11) NOT NULL DEFAULT '0',
  `customer_group_id` int(11) NOT NULL DEFAULT '0',
  `firstname` varchar(32) NOT NULL,
  `lastname` varchar(32) NOT NULL,
  `email` varchar(96) NOT NULL,
  `telephone` varchar(32) NOT NULL,
  `fax` varchar(32) NOT NULL,
  `payment_firstname` varchar(32) NOT NULL,
  `payment_lastname` varchar(32) NOT NULL,
  `payment_company` varchar(32) NOT NULL,
  `payment_company_id` varchar(32) NOT NULL,
  `payment_tax_id` varchar(32) NOT NULL,
  `payment_address_1` varchar(128) NOT NULL,
  `payment_address_2` varchar(128) NOT NULL,
  `payment_city` varchar(128) NOT NULL,
  `payment_postcode` varchar(10) NOT NULL,
  `payment_country` varchar(128) NOT NULL,
  `payment_country_id` int(11) NOT NULL,
  `payment_zone` varchar(128) NOT NULL,
  `payment_zone_id` int(11) NOT NULL,
  `payment_address_format` text NOT NULL,
  `payment_method` varchar(128) NOT NULL,
  `payment_code` varchar(128) NOT NULL,
  `shipping_firstname` varchar(32) NOT NULL,
  `shipping_lastname` varchar(32) NOT NULL,
  `shipping_company` varchar(32) NOT NULL,
  `shipping_address_1` varchar(128) NOT NULL,
  `shipping_address_2` varchar(128) NOT NULL,
  `shipping_city` varchar(128) NOT NULL,
  `shipping_postcode` varchar(10) NOT NULL,
  `shipping_country` varchar(128) NOT NULL,
  `shipping_country_id` int(11) NOT NULL,
  `shipping_zone` varchar(128) NOT NULL,
  `shipping_zone_id` int(11) NOT NULL,
  `shipping_address_format` text NOT NULL,
  `shipping_method` varchar(128) NOT NULL,
  `shipping_code` varchar(128) NOT NULL,
  `comment` text NOT NULL,
  `total` decimal(15,4) NOT NULL DEFAULT '0.0000',
  `order_status_id` int(11) NOT NULL DEFAULT '0',
  `affiliate_id` int(11) NOT NULL,
  `commission` decimal(15,4) NOT NULL,
  `language_id` int(11) NOT NULL,
  `currency_id` int(11) NOT NULL,
  `currency_code` varchar(3) NOT NULL,
  `currency_value` decimal(15,8) NOT NULL DEFAULT '1.00000000',
  `ip` varchar(40) NOT NULL,
  `forwarded_ip` varchar(40) NOT NULL,
  `user_agent` varchar(255) NOT NULL,
  `accept_language` varchar(255) NOT NULL,
  `date_added` datetime NOT NULL,
  `date_modified` datetime NOT NULL,
  PRIMARY KEY (`order_id`)
) ENGINE=MyISAM AUTO_INCREMENT=764 DEFAULT CHARSET=utf8;

--
-- Dumping data for table `oc_order`
--

INSERT INTO `oc_order` VALUES (102,0,'INV-2013-00',0,'Termorad','http://neteffect.rs/termorad/',0,1,'Ivan','Vicentijevic','office@neteffect.rs','3812789533','','Ivan','Vicentijevic','','','','fdgdfg','','Kragujevac','34000','Srbija',243,'Rasina',4013,'','Intesa Payment','intesapay','Ivan','Vicentijevic','','fdgdfg','','Kragujevac','34000','Srbija',243,'Rasina',4013,'','Besplatan transport','free.free','','92412.0000',0,0,'0.0000',7,4,'RSD','1.00000000','212.200.146.38','','Mozilla/5.0 (Windows NT 6.1; WOW64) AppleWebKit/537.36 (KHTML, like Gecko) Chrome/28.0.1500.95 Safari/537.36','sr-RS,sr;q=0.8,en-US;q=0.6,en;q=0.4','2013-08-12 13:37:27','2013-08-12 13:37:27'),(106,0,'INV-2013-00',0,'Termorad','http://neteffect.rs/termorad/',0,1,'Ivan','Vicentijevic','ttmtake@gmail.com','3812789533','','Ivan','Vicentijevic','','','','fdgdfg','','Kragujevac','','Srbija',243,'Braničevo',4005,'','Intesa Payment','intesapay','Ivan','Vicentijevic','','fdgdfg','','Kragujevac','','Srbija',243,'Braničevo',4005,'','Besplatan transport','free.free','','28824.0000',0,0,'0.0000',7,4,'RSD','1.00000000','178.149.102.144','','Mozilla/5.0 (Windows NT 6.1; WOW64) AppleWebKit/537.36 (KHTML, like Gecko) Chrome/28.0.1500.95 Safari/537.36','sr-RS,sr;q=0.8,en-US;q=0.6,en;q=0.4','2013-08-12 17:47:46','2013-08-12 17:47:46'),(107,0,'INV-2013-00',0,'Termorad','http://neteffect.rs/termorad/',0,1,'Ivan','Vicentijevic','ttmtake@gmail.com','3812789533','','Ivan','Vicentijevic','','','','fdgdfg','','Kragujevac','','Srbija',243,'Braničevo',4005,'','Intesa Payment','intesapay','Ivan','Vicentijevic','','fdgdfg','','Kragujevac','','Srbija',243,'Braničevo',4005,'','Besplatan transport','free.free','','28824.0000',0,0,'0.0000',7,4,'RSD','1.00000000','178.149.102.144','','Mozilla/5.0 (Windows NT 6.1; WOW64) AppleWebKit/537.36 (KHTML, like Gecko) Chrome/28.0.1500.95 Safari/537.36','sr-RS,sr;q=0.8,en-US;q=0.6,en;q=0.4','2013-08-12 17:48:15','2013-08-12 17:48:15'),(4,0,'INV-2013-00',0,'Termorad','http://neteffect.rs/termorad/',8,1,'test','test','ivan.kostic@neteffect.rs','11111111','','test','test','','','','aaaaaaaaaaa','','gggggggggg','','Srbija',243,'Moravica',4011,'','Credit or Debit Card (Processed securely by PayPal)','pp_pro','test','test','','aaaaaaaaaaa','','gggggggggg','','Srbija',243,'Moravica',4011,'','Isporuka pouzećem','flat.flat','','300.0000',0,0,'0.0000',7,4,'RSD','1.00000000','212.200.146.38','','Mozilla/5.0 (Windows NT 6.1; WOW64; rv:22.0) Gecko/20100101 Firefox/22.0','en-US,en;q=0.5','2013-07-19 10:14:39','2013-07-19 10:14:39'),(5,0,'INV-2013-00',0,'Termorad','http://neteffect.rs/termorad/',8,1,'test','test','ivan.kostic@neteffect.rs','11111111','','test','test','','','','aaaaaaaaaaa','','gggggggggg','','Srbija',243,'Moravica',4011,'','Credit Card / Debit Card (Moneybookers)','moneybookers','test','test','','aaaaaaaaaaa','','gggggggggg','','Srbija',243,'Moravica',4011,'','Isporuka pouzećem','flat.flat','','300.0000',7,0,'0.0000',7,4,'RSD','1.00000000','212.200.146.38','','Mozilla/5.0 (Windows NT 6.1; WOW64; rv:22.0) Gecko/20100101 Firefox/22.0','en-US,en;q=0.5','2013-07-19 10:15:38','2013-12-09 20:40:41'),(6,0,'INV-2013-00',0,'Termorad','http://neteffect.rs/termorad/',8,1,'test','test','ivan.kostic@neteffect.rs','11111111','','test','test','','','','aaaaaaaaaaa','','gggggggggg','','Srbija',243,'Moravica',4011,'','Credit Card / Debit Card (Moneybookers)','moneybookers','test','test','','aaaaaaaaaaa','','gggggggggg','','Srbija',243,'Moravica',4011,'','Isporuka pouzećem','flat.flat','','300.0000',0,0,'0.0000',7,4,'RSD','1.00000000','212.200.146.38','','Mozilla/5.0 (Windows NT 6.1; WOW64; rv:22.0) Gecko/20100101 Firefox/22.0','en-US,en;q=0.5','2013-07-19 10:15:53','2013-07-19 10:15:53'),(108,0,'INV-2013-00',0,'Termorad','http://neteffect.rs/termorad/',0,1,'Ivan','Vicentijevic','ttmtake@gmail.com','3812789533','','Ivan','Vicentijevic','','','','fdgdfg','','Kragujevac','','Srbija',243,'Braničevo',4005,'','Intesa Payment','intesapay','Ivan','Vicentijevic','','fdgdfg','','Kragujevac','','Srbija',243,'Braničevo',4005,'','Besplatan transport','free.free','','28824.0000',0,0,'0.0000',7,4,'RSD','1.00000000','178.149.102.144','','Mozilla/5.0 (Windows NT 6.1; WOW64) AppleWebKit/537.36 (KHTML, like Gecko) Chrome/28.0.1500.95 Safari/537.36','sr-RS,sr;q=0.8,en-US;q=0.6,en;q=0.4','2013-08-12 17:49:24','2013-08-12 17:49:24'),(105,0,'INV-2013-00',0,'Termorad','http://neteffect.rs/termorad/',0,1,'Ivan','Vicentijevic','ttmtake@gmail.com','3812789533','','Ivan','Vicentijevic','','','','fdgdfg','','Kragujevac','','Srbija',243,'Braničevo',4005,'','Intesa Payment','intesapay','Ivan','Vicentijevic','','fdgdfg','','Kragujevac','','Srbija',243,'Braničevo',4005,'','Besplatan transport','free.free','','28824.0000',0,0,'0.0000',7,4,'RSD','1.00000000','178.149.102.144','','Mozilla/5.0 (Windows NT 6.1; WOW64) AppleWebKit/537.36 (KHTML, like Gecko) Chrome/28.0.1500.95 Safari/537.36','sr-RS,sr;q=0.8,en-US;q=0.6,en;q=0.4','2013-08-12 17:44:08','2013-08-12 17:44:08'),(9,0,'INV-2013-00',0,'Termorad','http://neteffect.rs/termorad/',0,1,'Ivan','Vicentijevic','ttmtake@gmail.com','3812789533','','Ivan','Vicentijevic','','','','fdgdfg','','Kragujevac','','Srbija',243,'Jablanica',4017,'','Intesa Payment','intesapay','Ivan','Vicentijevic','','fdgdfg','','Kragujevac','','Srbija',243,'Jablanica',4017,'','Besplatan transport','free.free','','14412.0000',0,0,'0.0000',7,4,'RSD','1.00000000','212.200.146.38','','Mozilla/5.0 (Windows NT 6.1; WOW64) AppleWebKit/537.36 (KHTML, like Gecko) Chrome/28.0.1500.72 Safari/537.36','sr-RS,sr;q=0.8,en-US;q=0.6,en;q=0.4','2013-08-08 13:50:13','2013-08-08 13:50:13'),(10,0,'INV-2013-00',0,'Termorad','http://neteffect.rs/termorad/',0,1,'Ivan','Vicentijevic','ttmtake@gmail.com','3812789533','','Ivan','Vicentijevic','','','','fdgdfg','','Kragujevac','','Srbija',243,'Jablanica',4017,'','Credit Card / Debit Card (Moneybookers)','moneybookers','Ivan','Vicentijevic','','fdgdfg','','Kragujevac','','Srbija',243,'Jablanica',4017,'','Besplatan transport','free.free','','14412.0000',0,0,'0.0000',7,4,'RSD','1.00000000','212.200.146.38','','Mozilla/5.0 (Windows NT 6.1; WOW64) AppleWebKit/537.36 (KHTML, like Gecko) Chrome/28.0.1500.72 Safari/537.36','sr-RS,sr;q=0.8,en-US;q=0.6,en;q=0.4','2013-08-08 13:50:17','2013-08-08 13:50:17'),(11,0,'INV-2013-00',0,'Termorad','http://neteffect.rs/termorad/',0,1,'Ivan','Vicentijevic','ttmtake@gmail.com','3812789533','','Ivan','Vicentijevic','','','','fdgdfg','','Kragujevac','','Srbija',243,'Jablanica',4017,'','Credit Card / Debit Card (Moneybookers)','moneybookers','Ivan','Vicentijevic','','fdgdfg','','Kragujevac','','Srbija',243,'Jablanica',4017,'','Besplatan transport','free.free','','14412.0000',0,0,'0.0000',7,4,'RSD','1.00000000','212.200.146.38','','Mozilla/5.0 (Windows NT 6.1; WOW64) AppleWebKit/537.36 (KHTML, like Gecko) Chrome/28.0.1500.72 Safari/537.36','sr-RS,sr;q=0.8,en-US;q=0.6,en;q=0.4','2013-08-08 13:52:06','2013-08-08 13:52:06'),(12,0,'INV-2013-00',0,'Termorad','http://neteffect.rs/termorad/',0,1,'Ivan','Vicentijevic','ttmtake@gmail.com','3812789533','','Ivan','Vicentijevic','','','','fdgdfg','','Kragujevac','','Srbija',243,'Jablanica',4017,'','Intesa Payment','intesapay','Ivan','Vicentijevic','','fdgdfg','','Kragujevac','','Srbija',243,'Jablanica',4017,'','Besplatan transport','free.free','','14412.0000',0,0,'0.0000',7,4,'RSD','1.00000000','212.200.146.38','','Mozilla/5.0 (Windows NT 6.1; WOW64) AppleWebKit/537.36 (KHTML, like Gecko) Chrome/28.0.1500.72 Safari/537.36','sr-RS,sr;q=0.8,en-US;q=0.6,en;q=0.4','2013-08-08 13:54:21','2013-08-08 13:54:21'),(13,0,'INV-2013-00',0,'Termorad','http://neteffect.rs/termorad/',0,1,'Ivan','Vicentijevic','ttmtake@gmail.com','3812789533','','Ivan','Vicentijevic','NetEffect','','','fdgdfg','','Kragujevac','','Srbija',243,'South Bačka',4000,'','Intesa Payment','intesapay','Ivan','Vicentijevic','NetEffect','fdgdfg','','Kragujevac','','Srbija',243,'South Bačka',4000,'','Besplatan transport','free.free','','14412.0000',0,0,'0.0000',7,4,'RSD','1.00000000','212.200.146.38','','Mozilla/5.0 (Windows NT 6.1; WOW64) AppleWebKit/537.36 (KHTML, like Gecko) Chrome/28.0.1500.72 Safari/537.36','sr-RS,sr;q=0.8,en-US;q=0.6,en;q=0.4','2013-08-08 15:48:03','2013-08-08 15:48:03'),(14,0,'INV-2013-00',0,'Termorad','http://neteffect.rs/termorad/',0,1,'Ivan','Vicentijevic','ttmtake@gmail.com','3812789533','','Ivan','Vicentijevic','NetEffect','','','fdgdfg','','Kragujevac','','Srbija',243,'South Bačka',4000,'','Intesa Payment','intesapay','Ivan','Vicentijevic','NetEffect','fdgdfg','','Kragujevac','','Srbija',243,'South Bačka',4000,'','Besplatan transport','free.free','','14412.0000',0,0,'0.0000',7,4,'RSD','1.00000000','212.200.146.38','','Mozilla/5.0 (Windows NT 6.1; WOW64) AppleWebKit/537.36 (KHTML, like Gecko) Chrome/28.0.1500.72 Safari/537.36','sr-RS,sr;q=0.8,en-US;q=0.6,en;q=0.4','2013-08-08 15:48:29','2013-08-08 15:48:29'),(15,0,'INV-2013-00',0,'Termorad','http://neteffect.rs/termorad/',0,1,'Ivan','Vicentijevic','ttmtake@gmail.com','3812789533','','Ivan','Vicentijevic','NetEffect','','','fdgdfg','','Kragujevac','','Srbija',243,'South Bačka',4000,'','Intesa Payment','intesapay','Ivan','Vicentijevic','NetEffect','fdgdfg','','Kragujevac','','Srbija',243,'South Bačka',4000,'','Besplatan transport','free.free','','14412.0000',0,0,'0.0000',7,4,'RSD','1.00000000','212.200.146.38','','Mozilla/5.0 (Windows NT 6.1; WOW64) AppleWebKit/537.36 (KHTML, like Gecko) Chrome/28.0.1500.72 Safari/537.36','sr-RS,sr;q=0.8,en-US;q=0.6,en;q=0.4','2013-08-08 15:48:35','2013-08-08 15:48:35'),(16,0,'INV-2013-00',0,'Termorad','http://neteffect.rs/termorad/',0,1,'Ivan','Vicentijevic','ttmtake@gmail.com','3812789533','','Ivan','Vicentijevic','NetEffect','','','fdgdfg','','Kragujevac','','Srbija',243,'South Bačka',4000,'','Intesa Payment','intesapay','Ivan','Vicentijevic','NetEffect','fdgdfg','','Kragujevac','','Srbija',243,'South Bačka',4000,'','Besplatan transport','free.free','','14412.0000',0,0,'0.0000',7,4,'RSD','1.00000000','212.200.146.38','','Mozilla/5.0 (Windows NT 6.1; WOW64) AppleWebKit/537.36 (KHTML, like Gecko) Chrome/28.0.1500.72 Safari/537.36','sr-RS,sr;q=0.8,en-US;q=0.6,en;q=0.4','2013-08-08 15:51:46','2013-08-08 15:51:46'),(17,0,'INV-2013-00',0,'Termorad','http://neteffect.rs/termorad/',0,1,'Ivan','Vicentijevic','ttmtake@gmail.com','3812789533','','Ivan','Vicentijevic','NetEffect','','','fdgdfg','','Kragujevac','','Srbija',243,'South Bačka',4000,'','Intesa Payment','intesapay','Ivan','Vicentijevic','NetEffect','fdgdfg','','Kragujevac','','Srbija',243,'South Bačka',4000,'','Besplatan transport','free.free','','14412.0000',0,0,'0.0000',7,4,'RSD','1.00000000','212.200.146.38','','Mozilla/5.0 (Windows NT 6.1; WOW64) AppleWebKit/537.36 (KHTML, like Gecko) Chrome/28.0.1500.72 Safari/537.36','sr-RS,sr;q=0.8,en-US;q=0.6,en;q=0.4','2013-08-08 15:51:52','2013-08-08 15:51:52'),(18,0,'INV-2013-00',0,'Termorad','http://neteffect.rs/termorad/',0,1,'Ivan','Vicentijevic','ttmtake@gmail.com','3812789533','','Ivan','Vicentijevic','NetEffect','','','fdgdfg','','Kragujevac','','Srbija',243,'South Bačka',4000,'','Intesa Payment','intesapay','Ivan','Vicentijevic','NetEffect','fdgdfg','','Kragujevac','','Srbija',243,'South Bačka',4000,'','Besplatan transport','free.free','','14412.0000',0,0,'0.0000',7,4,'RSD','1.00000000','212.200.146.38','','Mozilla/5.0 (Windows NT 6.1; WOW64) AppleWebKit/537.36 (KHTML, like Gecko) Chrome/28.0.1500.72 Safari/537.36','sr-RS,sr;q=0.8,en-US;q=0.6,en;q=0.4','2013-08-08 15:51:59','2013-08-08 15:51:59'),(19,0,'INV-2013-00',0,'Termorad','http://neteffect.rs/termorad/',0,1,'Ivan','Vicentijevic','ttmtake@gmail.com','3812789533','','Ivan','Vicentijevic','NetEffect','','','fdgdfg','','Kragujevac','','Srbija',243,'South Bačka',4000,'','Intesa Payment','intesapay','Ivan','Vicentijevic','NetEffect','fdgdfg','','Kragujevac','','Srbija',243,'South Bačka',4000,'','Besplatan transport','free.free','','14412.0000',0,0,'0.0000',7,4,'RSD','1.00000000','212.200.146.38','','Mozilla/5.0 (Windows NT 6.1; WOW64) AppleWebKit/537.36 (KHTML, like Gecko) Chrome/28.0.1500.72 Safari/537.36','sr-RS,sr;q=0.8,en-US;q=0.6,en;q=0.4','2013-08-08 15:52:16','2013-08-08 15:52:16'),(20,0,'INV-2013-00',0,'Termorad','http://neteffect.rs/termorad/',0,1,'Ivan','Vicentijevic','ttmtake@gmail.com','3812789533','','Ivan','Vicentijevic','NetEffect','','','fdgdfg','','Kragujevac','','Srbija',243,'South Bačka',4000,'','Intesa Payment','intesapay','Ivan','Vicentijevic','NetEffect','fdgdfg','','Kragujevac','','Srbija',243,'South Bačka',4000,'','Besplatan transport','free.free','','14412.0000',0,0,'0.0000',7,4,'RSD','1.00000000','212.200.146.38','','Mozilla/5.0 (Windows NT 6.1; WOW64) AppleWebKit/537.36 (KHTML, like Gecko) Chrome/28.0.1500.72 Safari/537.36','sr-RS,sr;q=0.8,en-US;q=0.6,en;q=0.4','2013-08-08 15:52:56','2013-08-08 15:52:56'),(21,0,'INV-2013-00',0,'Termorad','http://neteffect.rs/termorad/',0,1,'Ivan','Vicentijevic','ttmtake@gmail.com','3812789533','','Ivan','Vicentijevic','NetEffect','','','fdgdfg','','Kragujevac','','Srbija',243,'South Bačka',4000,'','Intesa Payment','intesapay','Ivan','Vicentijevic','NetEffect','fdgdfg','','Kragujevac','','Srbija',243,'South Bačka',4000,'','Besplatan transport','free.free','','14412.0000',0,0,'0.0000',7,4,'RSD','1.00000000','212.200.146.38','','Mozilla/5.0 (Windows NT 6.1; WOW64) AppleWebKit/537.36 (KHTML, like Gecko) Chrome/28.0.1500.72 Safari/537.36','sr-RS,sr;q=0.8,en-US;q=0.6,en;q=0.4','2013-08-08 15:52:59','2013-08-08 15:52:59'),(23,0,'INV-2013-00',0,'Termorad','http://neteffect.rs/termorad/',0,1,'Ivan','Vicentijevic','ttmtake@gmail.com','3812789533','','Ivan','Vicentijevic','NetEffect','','','fdgdfg','','Kragujevac','','Srbija',243,'South Bačka',4000,'','Intesa Payment','intesapay','Ivan','Vicentijevic','NetEffect','fdgdfg','','Kragujevac','','Srbija',243,'South Bačka',4000,'','Besplatan transport','free.free','','14412.0000',0,0,'0.0000',7,4,'RSD','1.00000000','212.200.146.38','','Mozilla/5.0 (Windows NT 6.1; WOW64) AppleWebKit/537.36 (KHTML, like Gecko) Chrome/28.0.1500.72 Safari/537.36','sr-RS,sr;q=0.8,en-US;q=0.6,en;q=0.4','2013-08-08 15:58:57','2013-08-08 15:58:57'),(24,0,'INV-2013-00',0,'Termorad','http://neteffect.rs/termorad/',0,1,'Ivan','Vicentijevic','ttmtake@gmail.com','3812789533','','Ivan','Vicentijevic','NetEffect','','','fdgdfg','','Kragujevac','','Srbija',243,'South Bačka',4000,'','Credit Card / Debit Card (Moneybookers)','moneybookers','Ivan','Vicentijevic','NetEffect','fdgdfg','','Kragujevac','','Srbija',243,'South Bačka',4000,'','Besplatan transport','free.free','','14412.0000',0,0,'0.0000',7,4,'RSD','1.00000000','212.200.146.38','','Mozilla/5.0 (Windows NT 6.1; WOW64) AppleWebKit/537.36 (KHTML, like Gecko) Chrome/28.0.1500.72 Safari/537.36','sr-RS,sr;q=0.8,en-US;q=0.6,en;q=0.4','2013-08-08 15:59:02','2013-08-08 15:59:02'),(25,0,'INV-2013-00',0,'Termorad','http://neteffect.rs/termorad/',0,1,'Ivan','Vicentijevic','ttmtake@gmail.com','3812789533','','Ivan','Vicentijevic','NetEffect','','','fdgdfg','','Kragujevac','','Srbija',243,'South Bačka',4000,'','Intesa Payment','intesapay','Ivan','Vicentijevic','NetEffect','fdgdfg','','Kragujevac','','Srbija',243,'South Bačka',4000,'','Besplatan transport','free.free','','14412.0000',0,0,'0.0000',7,4,'RSD','1.00000000','212.200.146.38','','Mozilla/5.0 (Windows NT 6.1; WOW64) AppleWebKit/537.36 (KHTML, like Gecko) Chrome/28.0.1500.72 Safari/537.36','sr-RS,sr;q=0.8,en-US;q=0.6,en;q=0.4','2013-08-08 15:59:20','2013-08-08 15:59:20'),(26,0,'INV-2013-00',0,'Termorad','http://neteffect.rs/termorad/',0,1,'Ivan','Vicentijevic','ttmtake@gmail.com','3812789533','','Ivan','Vicentijevic','NetEffect','','','fdgdfg','','Kragujevac','','Srbija',243,'South Bačka',4000,'','Intesa Payment','intesapay','Ivan','Vicentijevic','NetEffect','fdgdfg','','Kragujevac','','Srbija',243,'South Bačka',4000,'','Besplatan transport','free.free','','14412.0000',0,0,'0.0000',7,4,'RSD','1.00000000','212.200.146.38','','Mozilla/5.0 (Windows NT 6.1; WOW64) AppleWebKit/537.36 (KHTML, like Gecko) Chrome/28.0.1500.72 Safari/537.36','sr-RS,sr;q=0.8,en-US;q=0.6,en;q=0.4','2013-08-08 15:59:23','2013-08-08 15:59:23'),(27,0,'INV-2013-00',0,'Termorad','http://neteffect.rs/termorad/',0,1,'Ivan','Vicentijevic','ttmtake@gmail.com','3812789533','','Ivan','Vicentijevic','NetEffect','','','fdgdfg','','Kragujevac','','Srbija',243,'South Bačka',4000,'','Intesa Payment','intesapay','Ivan','Vicentijevic','NetEffect','fdgdfg','','Kragujevac','','Srbija',243,'South Bačka',4000,'','Besplatan transport','free.free','','14412.0000',0,0,'0.0000',7,4,'RSD','1.00000000','212.200.146.38','','Mozilla/5.0 (Windows NT 6.1; WOW64) AppleWebKit/537.36 (KHTML, like Gecko) Chrome/28.0.1500.72 Safari/537.36','sr-RS,sr;q=0.8,en-US;q=0.6,en;q=0.4','2013-08-08 15:59:25','2013-08-08 15:59:25'),(28,0,'INV-2013-00',0,'Termorad','http://neteffect.rs/termorad/',0,1,'Ivan','Vicentijevic','ttmtake@gmail.com','3812789533','','Ivan','Vicentijevic','NetEffect','','','fdgdfg','','Kragujevac','','Srbija',243,'South Bačka',4000,'','Intesa Payment','intesapay','Ivan','Vicentijevic','NetEffect','fdgdfg','','Kragujevac','','Srbija',243,'South Bačka',4000,'','Besplatan transport','free.free','','14412.0000',0,0,'0.0000',7,4,'RSD','1.00000000','212.200.146.38','','Mozilla/5.0 (Windows NT 6.1; WOW64) AppleWebKit/537.36 (KHTML, like Gecko) Chrome/28.0.1500.72 Safari/537.36','sr-RS,sr;q=0.8,en-US;q=0.6,en;q=0.4','2013-08-08 15:59:28','2013-08-08 15:59:28'),(29,0,'INV-2013-00',0,'Termorad','http://neteffect.rs/termorad/',0,1,'Ivan','Vicentijevic','ttmtake@gmail.com','3812789533','','Ivan','Vicentijevic','NetEffect','','','fdgdfg','','Kragujevac','','Srbija',243,'South Bačka',4000,'','Intesa Payment','intesapay','Ivan','Vicentijevic','NetEffect','fdgdfg','','Kragujevac','','Srbija',243,'South Bačka',4000,'','Besplatan transport','free.free','','14412.0000',0,0,'0.0000',7,4,'RSD','1.00000000','212.200.146.38','','Mozilla/5.0 (Windows NT 6.1; WOW64) AppleWebKit/537.36 (KHTML, like Gecko) Chrome/28.0.1500.72 Safari/537.36','sr-RS,sr;q=0.8,en-US;q=0.6,en;q=0.4','2013-08-08 15:59:30','2013-08-08 15:59:30'),(30,0,'INV-2013-00',0,'Termorad','http://neteffect.rs/termorad/',0,1,'Ivan','Vicentijevic','ttmtake@gmail.com','3812789533','','Ivan','Vicentijevic','NetEffect','','','fdgdfg','','Kragujevac','','Srbija',243,'South Bačka',4000,'','Intesa Payment','intesapay','Ivan','Vicentijevic','NetEffect','fdgdfg','','Kragujevac','','Srbija',243,'South Bačka',4000,'','Besplatan transport','free.free','','14412.0000',0,0,'0.0000',7,4,'RSD','1.00000000','212.200.146.38','','Mozilla/5.0 (Windows NT 6.1; WOW64) AppleWebKit/537.36 (KHTML, like Gecko) Chrome/28.0.1500.72 Safari/537.36','sr-RS,sr;q=0.8,en-US;q=0.6,en;q=0.4','2013-08-08 15:59:33','2013-08-08 15:59:33'),(31,0,'INV-2013-00',0,'Termorad','http://neteffect.rs/termorad/',0,1,'Ivan','Vicentijevic','ttmtake@gmail.com','3812789533','','Ivan','Vicentijevic','NetEffect','','','fdgdfg','','Kragujevac','','Srbija',243,'South Bačka',4000,'','Intesa Payment','intesapay','Ivan','Vicentijevic','NetEffect','fdgdfg','','Kragujevac','','Srbija',243,'South Bačka',4000,'','Besplatan transport','free.free','','14412.0000',0,0,'0.0000',7,4,'RSD','1.00000000','212.200.146.38','','Mozilla/5.0 (Windows NT 6.1; WOW64) AppleWebKit/537.36 (KHTML, like Gecko) Chrome/28.0.1500.72 Safari/537.36','sr-RS,sr;q=0.8,en-US;q=0.6,en;q=0.4','2013-08-08 15:59:52','2013-08-08 15:59:52'),(32,0,'INV-2013-00',0,'Termorad','http://neteffect.rs/termorad/',0,1,'Ivan','Vicentijevic','ttmtake@gmail.com','3812789533','','Ivan','Vicentijevic','NetEffect','','','fdgdfg','','Kragujevac','','Srbija',243,'South Bačka',4000,'','Intesa Payment','intesapay','Ivan','Vicentijevic','NetEffect','fdgdfg','','Kragujevac','','Srbija',243,'South Bačka',4000,'','Besplatan transport','free.free','','14412.0000',0,0,'0.0000',7,4,'RSD','1.00000000','212.200.146.38','','Mozilla/5.0 (Windows NT 6.1; WOW64) AppleWebKit/537.36 (KHTML, like Gecko) Chrome/28.0.1500.72 Safari/537.36','sr-RS,sr;q=0.8,en-US;q=0.6,en;q=0.4','2013-08-08 15:59:55','2013-08-08 15:59:55'),(33,0,'INV-2013-00',0,'Termorad','http://neteffect.rs/termorad/',0,1,'Ivan','Vicentijevic','ttmtake@gmail.com','3812789533','','Ivan','Vicentijevic','NetEffect','','','fdgdfg','','Kragujevac','','Srbija',243,'South Bačka',4000,'','Intesa Payment','intesapay','Ivan','Vicentijevic','NetEffect','fdgdfg','','Kragujevac','','Srbija',243,'South Bačka',4000,'','Besplatan transport','free.free','','14412.0000',0,0,'0.0000',7,4,'RSD','1.00000000','212.200.146.38','','Mozilla/5.0 (Windows NT 6.1; WOW64) AppleWebKit/537.36 (KHTML, like Gecko) Chrome/28.0.1500.72 Safari/537.36','sr-RS,sr;q=0.8,en-US;q=0.6,en;q=0.4','2013-08-08 16:01:55','2013-08-08 16:01:55'),(34,0,'INV-2013-00',0,'Termorad','http://neteffect.rs/termorad/',0,1,'Ivan','Vicentijevic','ttmtake@gmail.com','3812789533','','Ivan','Vicentijevic','NetEffect','','','fdgdfg','','Kragujevac','','Srbija',243,'South Bačka',4000,'','Credit Card / Debit Card (Moneybookers)','moneybookers','Ivan','Vicentijevic','NetEffect','fdgdfg','','Kragujevac','','Srbija',243,'South Bačka',4000,'','Besplatan transport','free.free','','14412.0000',0,0,'0.0000',7,4,'RSD','1.00000000','212.200.146.38','','Mozilla/5.0 (Windows NT 6.1; WOW64) AppleWebKit/537.36 (KHTML, like Gecko) Chrome/28.0.1500.72 Safari/537.36','sr-RS,sr;q=0.8,en-US;q=0.6,en;q=0.4','2013-08-08 16:02:04','2013-08-08 16:02:04'),(35,0,'INV-2013-00',0,'Termorad','http://neteffect.rs/termorad/',0,1,'Ivan','Vicentijevic','ttmtake@gmail.com','3812789533','','Ivan','Vicentijevic','NetEffect','','','fdgdfg','','Kragujevac','','Srbija',243,'South Bačka',4000,'','Intesa Payment','intesapay','Ivan','Vicentijevic','NetEffect','fdgdfg','','Kragujevac','','Srbija',243,'South Bačka',4000,'','Besplatan transport','free.free','','14412.0000',0,0,'0.0000',7,4,'RSD','1.00000000','212.200.146.38','','Mozilla/5.0 (Windows NT 6.1; WOW64) AppleWebKit/537.36 (KHTML, like Gecko) Chrome/28.0.1500.72 Safari/537.36','sr-RS,sr;q=0.8,en-US;q=0.6,en;q=0.4','2013-08-08 16:02:09','2013-08-08 16:02:09'),(36,0,'INV-2013-00',0,'Termorad','http://neteffect.rs/termorad/',0,1,'Ivan','Vicentijevic','ttmtake@gmail.com','3812789533','','Ivan','Vicentijevic','NetEffect','','','fdgdfg','','Kragujevac','','Srbija',243,'South Bačka',4000,'','Intesa Payment','intesapay','Ivan','Vicentijevic','NetEffect','fdgdfg','','Kragujevac','','Srbija',243,'South Bačka',4000,'','Besplatan transport','free.free','','14412.0000',0,0,'0.0000',7,4,'RSD','1.00000000','212.200.146.38','','Mozilla/5.0 (Windows NT 6.1; WOW64) AppleWebKit/537.36 (KHTML, like Gecko) Chrome/28.0.1500.72 Safari/537.36','sr-RS,sr;q=0.8,en-US;q=0.6,en;q=0.4','2013-08-08 16:02:37','2013-08-08 16:02:37'),(37,0,'INV-2013-00',0,'Termorad','http://neteffect.rs/termorad/',0,1,'Ivan','Vicentijevic','ttmtake@gmail.com','3812789533','','Ivan','Vicentijevic','NetEffect','','','fdgdfg','','Kragujevac','','Srbija',243,'South Bačka',4000,'','Credit Card / Debit Card (Moneybookers)','moneybookers','Ivan','Vicentijevic','NetEffect','fdgdfg','','Kragujevac','','Srbija',243,'South Bačka',4000,'','Besplatan transport','free.free','','14412.0000',0,0,'0.0000',7,4,'RSD','1.00000000','212.200.146.38','','Mozilla/5.0 (Windows NT 6.1; WOW64) AppleWebKit/537.36 (KHTML, like Gecko) Chrome/28.0.1500.72 Safari/537.36','sr-RS,sr;q=0.8,en-US;q=0.6,en;q=0.4','2013-08-08 16:02:48','2013-08-08 16:02:48'),(38,0,'INV-2013-00',0,'Termorad','http://neteffect.rs/termorad/',0,1,'Ivan','Vicentijevic','ttmtake@gmail.com','3812789533','','Ivan','Vicentijevic','NetEffect','','','fdgdfg','','Kragujevac','','Srbija',243,'South Bačka',4000,'','Intesa Payment','intesapay','Ivan','Vicentijevic','NetEffect','fdgdfg','','Kragujevac','','Srbija',243,'South Bačka',4000,'','Besplatan transport','free.free','','14412.0000',0,0,'0.0000',7,4,'RSD','1.00000000','212.200.146.38','','Mozilla/5.0 (Windows NT 6.1; WOW64) AppleWebKit/537.36 (KHTML, like Gecko) Chrome/28.0.1500.72 Safari/537.36','sr-RS,sr;q=0.8,en-US;q=0.6,en;q=0.4','2013-08-08 16:02:54','2013-08-08 16:02:54'),(39,0,'INV-2013-00',0,'Termorad','http://neteffect.rs/termorad/',0,1,'Ivan','Vicentijevic','ttmtake@gmail.com','3812789533','','Ivan','Vicentijevic','NetEffect','','','fdgdfg','','Kragujevac','','Srbija',243,'South Bačka',4000,'','Credit Card / Debit Card (Moneybookers)','moneybookers','Ivan','Vicentijevic','NetEffect','fdgdfg','','Kragujevac','','Srbija',243,'South Bačka',4000,'','Besplatan transport','free.free','','14412.0000',0,0,'0.0000',7,4,'RSD','1.00000000','212.200.146.38','','Mozilla/5.0 (Windows NT 6.1; WOW64) AppleWebKit/537.36 (KHTML, like Gecko) Chrome/28.0.1500.72 Safari/537.36','sr-RS,sr;q=0.8,en-US;q=0.6,en;q=0.4','2013-08-08 16:03:00','2013-08-08 16:03:00'),(40,0,'INV-2013-00',0,'Termorad','http://neteffect.rs/termorad/',0,1,'Ivan','Vicentijevic','ttmtake@gmail.com','3812789533','','Ivan','Vicentijevic','NetEffect','','','fdgdfg','','Kragujevac','','Srbija',243,'South Bačka',4000,'','Intesa Payment','intesapay','Ivan','Vicentijevic','NetEffect','fdgdfg','','Kragujevac','','Srbija',243,'South Bačka',4000,'','Besplatan transport','free.free','','14412.0000',0,0,'0.0000',7,4,'RSD','1.00000000','212.200.146.38','','Mozilla/5.0 (Windows NT 6.1; WOW64) AppleWebKit/537.36 (KHTML, like Gecko) Chrome/28.0.1500.72 Safari/537.36','sr-RS,sr;q=0.8,en-US;q=0.6,en;q=0.4','2013-08-08 16:03:05','2013-08-08 16:03:05'),(41,0,'INV-2013-00',0,'Termorad','http://neteffect.rs/termorad/',0,1,'Ivan','Vicentijevic','ttmtake@gmail.com','3812789533','','Ivan','Vicentijevic','NetEffect','','','fdgdfg','','Kragujevac','','Srbija',243,'South Bačka',4000,'','Intesa Payment','intesapay','Ivan','Vicentijevic','NetEffect','fdgdfg','','Kragujevac','','Srbija',243,'South Bačka',4000,'','Besplatan transport','free.free','','14412.0000',0,0,'0.0000',7,4,'RSD','1.00000000','212.200.146.38','','Mozilla/5.0 (Windows NT 6.1; WOW64) AppleWebKit/537.36 (KHTML, like Gecko) Chrome/28.0.1500.72 Safari/537.36','sr-RS,sr;q=0.8,en-US;q=0.6,en;q=0.4','2013-08-08 16:06:02','2013-08-08 16:06:02'),(42,0,'INV-2013-00',0,'Termorad','http://neteffect.rs/termorad/',0,1,'Ivan','Vicentijevic','ttmtake@gmail.com','3812789533','','Ivan','Vicentijevic','NetEffect','','','fdgdfg','','Kragujevac','','Srbija',243,'South Bačka',4000,'','Intesa Payment','intesapay','Ivan','Vicentijevic','NetEffect','fdgdfg','','Kragujevac','','Srbija',243,'South Bačka',4000,'','Besplatan transport','free.free','','14412.0000',0,0,'0.0000',7,4,'RSD','1.00000000','212.200.146.38','','Mozilla/5.0 (Windows NT 6.1; WOW64) AppleWebKit/537.36 (KHTML, like Gecko) Chrome/28.0.1500.72 Safari/537.36','sr-RS,sr;q=0.8,en-US;q=0.6,en;q=0.4','2013-08-08 16:07:32','2013-08-08 16:07:32'),(43,0,'INV-2013-00',0,'Termorad','http://neteffect.rs/termorad/',0,1,'Ivan','Vicentijevic','ttmtake@gmail.com','3812789533','','Ivan','Vicentijevic','NetEffect','','','fdgdfg','','Kragujevac','','Srbija',243,'South Bačka',4000,'','Intesa Payment','intesapay','Ivan','Vicentijevic','NetEffect','fdgdfg','','Kragujevac','','Srbija',243,'South Bačka',4000,'','Besplatan transport','free.free','','14412.0000',0,0,'0.0000',7,4,'RSD','1.00000000','212.200.146.38','','Mozilla/5.0 (Windows NT 6.1; WOW64) AppleWebKit/537.36 (KHTML, like Gecko) Chrome/28.0.1500.72 Safari/537.36','sr-RS,sr;q=0.8,en-US;q=0.6,en;q=0.4','2013-08-08 16:08:57','2013-08-08 16:08:57'),(44,0,'INV-2013-00',0,'Termorad','http://neteffect.rs/termorad/',0,1,'Ivan','Vicentijevic','ttmtake@gmail.com','3812789533','','Ivan','Vicentijevic','NetEffect','','','fdgdfg','','Kragujevac','','Srbija',243,'South Bačka',4000,'','Intesa Payment','intesapay','Ivan','Vicentijevic','NetEffect','fdgdfg','','Kragujevac','','Srbija',243,'South Bačka',4000,'','Besplatan transport','free.free','','14412.0000',0,0,'0.0000',7,4,'RSD','1.00000000','212.200.146.38','','Mozilla/5.0 (Windows NT 6.1; WOW64) AppleWebKit/537.36 (KHTML, like Gecko) Chrome/28.0.1500.72 Safari/537.36','sr-RS,sr;q=0.8,en-US;q=0.6,en;q=0.4','2013-08-08 16:18:19','2013-08-08 16:18:19'),(45,0,'INV-2013-00',0,'Termorad','http://neteffect.rs/termorad/',0,1,'Ivan','Vicentijevic','ttmtake@gmail.com','3812789533','','Ivan','Vicentijevic','NetEffect','','','fdgdfg','','Kragujevac','','Srbija',243,'South Bačka',4000,'','Intesa Payment','intesapay','Ivan','Vicentijevic','NetEffect','fdgdfg','','Kragujevac','','Srbija',243,'South Bačka',4000,'','Besplatan transport','free.free','','14412.0000',0,0,'0.0000',7,4,'RSD','1.00000000','212.200.146.38','','Mozilla/5.0 (Windows NT 6.1; WOW64) AppleWebKit/537.36 (KHTML, like Gecko) Chrome/28.0.1500.72 Safari/537.36','sr-RS,sr;q=0.8,en-US;q=0.6,en;q=0.4','2013-08-08 16:30:34','2013-08-08 16:30:34'),(46,0,'INV-2013-00',0,'Termorad','http://neteffect.rs/termorad/',0,1,'Ivan','Vicentijevic','ttmtake@gmail.com','3812789533','','Ivan','Vicentijevic','NetEffect','','','fdgdfg','','Kragujevac','','Srbija',243,'South Bačka',4000,'','Intesa Payment','intesapay','Ivan','Vicentijevic','NetEffect','fdgdfg','','Kragujevac','','Srbija',243,'South Bačka',4000,'','Besplatan transport','free.free','','14412.0000',0,0,'0.0000',7,4,'RSD','1.00000000','212.200.146.38','','Mozilla/5.0 (Windows NT 6.1; WOW64) AppleWebKit/537.36 (KHTML, like Gecko) Chrome/28.0.1500.72 Safari/537.36','sr-RS,sr;q=0.8,en-US;q=0.6,en;q=0.4','2013-08-08 16:35:04','2013-08-08 16:35:04'),(47,0,'INV-2013-00',0,'Termorad','http://neteffect.rs/termorad/',0,1,'Ivan','Vicentijevic','ttmtake@gmail.com','3812789533','','Ivan','Vicentijevic','NetEffect','','','fdgdfg','','Kragujevac','','Srbija',243,'South Bačka',4000,'','Intesa Payment','intesapay','Ivan','Vicentijevic','NetEffect','fdgdfg','','Kragujevac','','Srbija',243,'South Bačka',4000,'','Besplatan transport','free.free','','14412.0000',0,0,'0.0000',7,4,'RSD','1.00000000','212.200.146.38','','Mozilla/5.0 (Windows NT 6.1; WOW64) AppleWebKit/537.36 (KHTML, like Gecko) Chrome/28.0.1500.72 Safari/537.36','sr-RS,sr;q=0.8,en-US;q=0.6,en;q=0.4','2013-08-08 16:35:59','2013-08-08 16:35:59'),(48,0,'INV-2013-00',0,'Termorad','http://neteffect.rs/termorad/',0,1,'Ivan','Vicentijevic','ttmtake@gmail.com','3812789533','','Ivan','Vicentijevic','NetEffect','','','fdgdfg','','Kragujevac','','Srbija',243,'South Bačka',4000,'','Intesa Payment','intesapay','Ivan','Vicentijevic','NetEffect','fdgdfg','','Kragujevac','','Srbija',243,'South Bačka',4000,'','Besplatan transport','free.free','','14412.0000',0,0,'0.0000',7,4,'RSD','1.00000000','212.200.146.38','','Mozilla/5.0 (Windows NT 6.1; WOW64) AppleWebKit/537.36 (KHTML, like Gecko) Chrome/28.0.1500.72 Safari/537.36','sr-RS,sr;q=0.8,en-US;q=0.6,en;q=0.4','2013-08-08 16:38:29','2013-08-08 16:38:29'),(49,0,'INV-2013-00',0,'Termorad','http://neteffect.rs/termorad/',0,1,'Ivan','Vicentijevic','ttmtake@gmail.com','3812789533','','Ivan','Vicentijevic','NetEffect','','','fdgdfg','','Kragujevac','','Srbija',243,'South Bačka',4000,'','Intesa Payment','intesapay','Ivan','Vicentijevic','NetEffect','fdgdfg','','Kragujevac','','Srbija',243,'South Bačka',4000,'','Besplatan transport','free.free','','14412.0000',0,0,'0.0000',7,4,'RSD','1.00000000','212.200.146.38','','Mozilla/5.0 (Windows NT 6.1; WOW64) AppleWebKit/537.36 (KHTML, like Gecko) Chrome/28.0.1500.72 Safari/537.36','sr-RS,sr;q=0.8,en-US;q=0.6,en;q=0.4','2013-08-08 16:38:48','2013-08-08 16:38:48'),(50,0,'INV-2013-00',0,'Termorad','http://neteffect.rs/termorad/',0,1,'Ivan','Vicentijevic','ttmtake@gmail.com','3812789533','','Ivan','Vicentijevic','NetEffect','','','fdgdfg','','Kragujevac','','Srbija',243,'South Bačka',4000,'','Intesa Payment','intesapay','Ivan','Vicentijevic','NetEffect','fdgdfg','','Kragujevac','','Srbija',243,'South Bačka',4000,'','Besplatan transport','free.free','','14412.0000',0,0,'0.0000',7,4,'RSD','1.00000000','212.200.146.38','','Mozilla/5.0 (Windows NT 6.1; WOW64) AppleWebKit/537.36 (KHTML, like Gecko) Chrome/28.0.1500.72 Safari/537.36','sr-RS,sr;q=0.8,en-US;q=0.6,en;q=0.4','2013-08-08 16:39:29','2013-08-08 16:39:29'),(51,0,'INV-2013-00',0,'Termorad','http://neteffect.rs/termorad/',0,1,'Ivan','Vicentijevic','ttmtake@gmail.com','3812789533','','Ivan','Vicentijevic','NetEffect','','','fdgdfg','','Kragujevac','','Srbija',243,'South Bačka',4000,'','Intesa Payment','intesapay','Ivan','Vicentijevic','NetEffect','fdgdfg','','Kragujevac','','Srbija',243,'South Bačka',4000,'','Besplatan transport','free.free','','14412.0000',0,0,'0.0000',7,4,'RSD','1.00000000','212.200.146.38','','Mozilla/5.0 (Windows NT 6.1; WOW64) AppleWebKit/537.36 (KHTML, like Gecko) Chrome/28.0.1500.72 Safari/537.36','sr-RS,sr;q=0.8,en-US;q=0.6,en;q=0.4','2013-08-08 16:39:49','2013-08-08 16:39:49'),(52,0,'INV-2013-00',0,'Termorad','http://neteffect.rs/termorad/',0,1,'Ivan','Vicentijevic','ttmtake@gmail.com','3812789533','','Ivan','Vicentijevic','NetEffect','','','fdgdfg','','Kragujevac','','Srbija',243,'South Bačka',4000,'','Intesa Payment','intesapay','Ivan','Vicentijevic','NetEffect','fdgdfg','','Kragujevac','','Srbija',243,'South Bačka',4000,'','Besplatan transport','free.free','','14412.0000',0,0,'0.0000',7,4,'RSD','1.00000000','212.200.146.38','','Mozilla/5.0 (Windows NT 6.1; WOW64) AppleWebKit/537.36 (KHTML, like Gecko) Chrome/28.0.1500.72 Safari/537.36','sr-RS,sr;q=0.8,en-US;q=0.6,en;q=0.4','2013-08-08 16:40:28','2013-08-08 16:40:28'),(53,0,'INV-2013-00',0,'Termorad','http://neteffect.rs/termorad/',0,1,'Ivan','Vicentijevic','ttmtake@gmail.com','3812789533','','Ivan','Vicentijevic','NetEffect','','','fdgdfg','','Kragujevac','','Srbija',243,'South Bačka',4000,'','Intesa Payment','intesapay','Ivan','Vicentijevic','NetEffect','fdgdfg','','Kragujevac','','Srbija',243,'South Bačka',4000,'','Besplatan transport','free.free','','14412.0000',0,0,'0.0000',7,4,'RSD','1.00000000','212.200.146.38','','Mozilla/5.0 (Windows NT 6.1; WOW64) AppleWebKit/537.36 (KHTML, like Gecko) Chrome/28.0.1500.72 Safari/537.36','sr-RS,sr;q=0.8,en-US;q=0.6,en;q=0.4','2013-08-08 16:42:15','2013-08-08 16:42:15'),(54,0,'INV-2013-00',0,'Termorad','http://neteffect.rs/termorad/',0,1,'Ivan','Vicentijevic','ttmtake@gmail.com','3812789533','','Ivan','Vicentijevic','NetEffect','','','fdgdfg','','Kragujevac','','Srbija',243,'South Bačka',4000,'','Intesa Payment','intesapay','Ivan','Vicentijevic','NetEffect','fdgdfg','','Kragujevac','','Srbija',243,'South Bačka',4000,'','Besplatan transport','free.free','','14412.0000',0,0,'0.0000',7,4,'RSD','1.00000000','212.200.146.38','','Mozilla/5.0 (Windows NT 6.1; WOW64) AppleWebKit/537.36 (KHTML, like Gecko) Chrome/28.0.1500.72 Safari/537.36','sr-RS,sr;q=0.8,en-US;q=0.6,en;q=0.4','2013-08-08 16:44:01','2013-08-08 16:44:01'),(55,0,'INV-2013-00',0,'Termorad','http://neteffect.rs/termorad/',0,1,'Ivan','Vicentijevic','ttmtake@gmail.com','3812789533','','Ivan','Vicentijevic','NetEffect','','','fdgdfg','','Kragujevac','','Srbija',243,'South Bačka',4000,'','Intesa Payment','intesapay','Ivan','Vicentijevic','NetEffect','fdgdfg','','Kragujevac','','Srbija',243,'South Bačka',4000,'','Besplatan transport','free.free','','14412.0000',0,0,'0.0000',7,4,'RSD','1.00000000','212.200.146.38','','Mozilla/5.0 (Windows NT 6.1; WOW64) AppleWebKit/537.36 (KHTML, like Gecko) Chrome/28.0.1500.72 Safari/537.36','sr-RS,sr;q=0.8,en-US;q=0.6,en;q=0.4','2013-08-08 16:44:58','2013-08-08 16:44:58'),(56,0,'INV-2013-00',0,'Termorad','http://neteffect.rs/termorad/',0,1,'Ivan','Vicentijevic','ttmtake@gmail.com','3812789533','','Ivan','Vicentijevic','NetEffect','','','fdgdfg','','Kragujevac','','Srbija',243,'South Bačka',4000,'','Intesa Payment','intesapay','Ivan','Vicentijevic','NetEffect','fdgdfg','','Kragujevac','','Srbija',243,'South Bačka',4000,'','Besplatan transport','free.free','','14412.0000',0,0,'0.0000',7,4,'RSD','1.00000000','212.200.146.38','','Mozilla/5.0 (Windows NT 6.1; WOW64) AppleWebKit/537.36 (KHTML, like Gecko) Chrome/28.0.1500.72 Safari/537.36','sr-RS,sr;q=0.8,en-US;q=0.6,en;q=0.4','2013-08-08 16:45:15','2013-08-08 16:45:15'),(57,0,'INV-2013-00',0,'Termorad','http://neteffect.rs/termorad/',0,1,'Ivan','Vicentijevic','ttmtake@gmail.com','3812789533','','Ivan','Vicentijevic','','','','fdgdfg','','Kragujevac','','Srbija',243,'North Bačka',3995,'','Intesa Payment','intesapay','Ivan','Vicentijevic','','fdgdfg','','Kragujevac','','Srbija',243,'North Bačka',3995,'','Besplatan transport','free.free','','14412.0000',0,0,'0.0000',7,4,'RSD','1.00000000','178.149.102.144','','Mozilla/5.0 (Windows NT 6.1; WOW64) AppleWebKit/537.36 (KHTML, like Gecko) Chrome/28.0.1500.72 Safari/537.36','sr-RS,sr;q=0.8,en-US;q=0.6,en;q=0.4','2013-08-09 17:25:17','2013-08-09 17:25:17'),(58,0,'INV-2013-00',0,'Termorad','http://neteffect.rs/termorad/',0,1,'Ivan','Vicentijevic','ttmtake@gmail.com','3812789533','','Ivan','Vicentijevic','','','','fdgdfg','','Kragujevac','','Srbija',243,'North Bačka',3995,'','Intesa Payment','intesapay','Ivan','Vicentijevic','','fdgdfg','','Kragujevac','','Srbija',243,'North Bačka',3995,'','Besplatan transport','free.free','','14412.0000',0,0,'0.0000',7,4,'RSD','1.00000000','178.149.102.144','','Mozilla/5.0 (Windows NT 6.1; WOW64) AppleWebKit/537.36 (KHTML, like Gecko) Chrome/28.0.1500.72 Safari/537.36','sr-RS,sr;q=0.8,en-US;q=0.6,en;q=0.4','2013-08-09 17:49:57','2013-08-09 17:49:57'),(59,0,'INV-2013-00',0,'Termorad','http://neteffect.rs/termorad/',0,1,'Ivan','Vicentijevic','ttmtake@gmail.com','3812789533','','Ivan','Vicentijevic','','','','fdgdfg','','Kragujevac','','Srbija',243,'North Bačka',3995,'','Intesa Payment','intesapay','Ivan','Vicentijevic','','fdgdfg','','Kragujevac','','Srbija',243,'North Bačka',3995,'','Besplatan transport','free.free','','14412.0000',0,0,'0.0000',7,4,'RSD','1.00000000','178.149.102.144','','Mozilla/5.0 (Windows NT 6.1; WOW64) AppleWebKit/537.36 (KHTML, like Gecko) Chrome/28.0.1500.72 Safari/537.36','sr-RS,sr;q=0.8,en-US;q=0.6,en;q=0.4','2013-08-09 17:50:25','2013-08-09 17:50:25'),(60,0,'INV-2013-00',0,'Termorad','http://neteffect.rs/termorad/',0,1,'Ivan','Vicentijevic','ttmtake@gmail.com','3812789533','','Ivan','Vicentijevic','','','','fdgdfg','','Kragujevac','','Srbija',243,'North Bačka',3995,'','Intesa Payment','intesapay','Ivan','Vicentijevic','','fdgdfg','','Kragujevac','','Srbija',243,'North Bačka',3995,'','Besplatan transport','free.free','','14412.0000',0,0,'0.0000',7,4,'RSD','1.00000000','178.149.102.144','','Mozilla/5.0 (Windows NT 6.1; WOW64) AppleWebKit/537.36 (KHTML, like Gecko) Chrome/28.0.1500.72 Safari/537.36','sr-RS,sr;q=0.8,en-US;q=0.6,en;q=0.4','2013-08-09 17:50:43','2013-08-09 17:50:43'),(61,0,'INV-2013-00',0,'Termorad','http://neteffect.rs/termorad/',0,1,'Ivan','Vicentijevic','ttmtake@gmail.com','3812789533','','Ivan','Vicentijevic','','','','fdgdfg','','Kragujevac','','Srbija',243,'North Bačka',3995,'','Intesa Payment','intesapay','Ivan','Vicentijevic','','fdgdfg','','Kragujevac','','Srbija',243,'North Bačka',3995,'','Besplatan transport','free.free','','14412.0000',0,0,'0.0000',7,4,'RSD','1.00000000','178.149.102.144','','Mozilla/5.0 (Windows NT 6.1; WOW64) AppleWebKit/537.36 (KHTML, like Gecko) Chrome/28.0.1500.72 Safari/537.36','sr-RS,sr;q=0.8,en-US;q=0.6,en;q=0.4','2013-08-09 17:51:15','2013-08-09 17:51:15'),(62,0,'INV-2013-00',0,'Termorad','http://neteffect.rs/termorad/',0,1,'Ivan','Vicentijevic','ttmtake@gmail.com','3812789533','','Ivan','Vicentijevic','','','','fdgdfg','','Kragujevac','','Srbija',243,'North Bačka',3995,'','Intesa Payment','intesapay','Ivan','Vicentijevic','','fdgdfg','','Kragujevac','','Srbija',243,'North Bačka',3995,'','Besplatan transport','free.free','','14412.0000',0,0,'0.0000',7,4,'RSD','1.00000000','178.149.102.144','','Mozilla/5.0 (Windows NT 6.1; WOW64) AppleWebKit/537.36 (KHTML, like Gecko) Chrome/28.0.1500.72 Safari/537.36','sr-RS,sr;q=0.8,en-US;q=0.6,en;q=0.4','2013-08-09 17:51:32','2013-08-09 17:51:32'),(63,0,'INV-2013-00',0,'Termorad','http://neteffect.rs/termorad/',0,1,'Ivan','Vicentijevic','ttmtake@gmail.com','3812789533','','Ivan','Vicentijevic','','','','fdgdfg','','Kragujevac','','Srbija',243,'North Bačka',3995,'','Intesa Payment','intesapay','Ivan','Vicentijevic','','fdgdfg','','Kragujevac','','Srbija',243,'North Bačka',3995,'','Besplatan transport','free.free','','14412.0000',0,0,'0.0000',7,4,'RSD','1.00000000','178.149.102.144','','Mozilla/5.0 (Windows NT 6.1; WOW64) AppleWebKit/537.36 (KHTML, like Gecko) Chrome/28.0.1500.72 Safari/537.36','sr-RS,sr;q=0.8,en-US;q=0.6,en;q=0.4','2013-08-09 17:52:19','2013-08-09 17:52:19'),(64,0,'INV-2013-00',0,'Termorad','http://neteffect.rs/termorad/',0,1,'Ivan','Vicentijevic','ttmtake@gmail.com','3812789533','','Ivan','Vicentijevic','','','','fdgdfg','','Kragujevac','','Srbija',243,'North Bačka',3995,'','Intesa Payment','intesapay','Ivan','Vicentijevic','','fdgdfg','','Kragujevac','','Srbija',243,'North Bačka',3995,'','Besplatan transport','free.free','','14412.0000',0,0,'0.0000',7,4,'RSD','1.00000000','178.149.102.144','','Mozilla/5.0 (Windows NT 6.1; WOW64) AppleWebKit/537.36 (KHTML, like Gecko) Chrome/28.0.1500.72 Safari/537.36','sr-RS,sr;q=0.8,en-US;q=0.6,en;q=0.4','2013-08-09 17:52:57','2013-08-09 17:52:57'),(65,0,'INV-2013-00',0,'Termorad','http://neteffect.rs/termorad/',0,1,'Ivan','Vicentijevic','ttmtake@gmail.com','3812789533','','Ivan','Vicentijevic','','','','fdgdfg','','Kragujevac','','Srbija',243,'North Bačka',3995,'','Intesa Payment','intesapay','Ivan','Vicentijevic','','fdgdfg','','Kragujevac','','Srbija',243,'North Bačka',3995,'','Besplatan transport','free.free','','14412.0000',0,0,'0.0000',7,4,'RSD','1.00000000','178.149.102.144','','Mozilla/5.0 (Windows NT 6.1; WOW64) AppleWebKit/537.36 (KHTML, like Gecko) Chrome/28.0.1500.72 Safari/537.36','sr-RS,sr;q=0.8,en-US;q=0.6,en;q=0.4','2013-08-09 18:32:26','2013-08-09 18:32:26'),(66,0,'INV-2013-00',0,'Termorad','http://neteffect.rs/termorad/',0,1,'Ivan','Vicentijevic','ttmtake@gmail.com','3812789533','','Ivan','Vicentijevic','','','','fdgdfg','','Kragujevac','','Srbija',243,'North Bačka',3995,'','Intesa Payment','intesapay','Ivan','Vicentijevic','','fdgdfg','','Kragujevac','','Srbija',243,'North Bačka',3995,'','Besplatan transport','free.free','','14412.0000',0,0,'0.0000',7,4,'RSD','1.00000000','178.149.102.144','','Mozilla/5.0 (Windows NT 6.1; WOW64) AppleWebKit/537.36 (KHTML, like Gecko) Chrome/28.0.1500.72 Safari/537.36','sr-RS,sr;q=0.8,en-US;q=0.6,en;q=0.4','2013-08-09 18:35:45','2013-08-09 18:35:45'),(67,0,'INV-2013-00',0,'Termorad','http://neteffect.rs/termorad/',0,1,'Ivan','Vicentijevic','ttmtake@gmail.com','3812789533','','Ivan','Vicentijevic','','','','fdgdfg','','Kragujevac','','Srbija',243,'North Bačka',3995,'','Intesa Payment','intesapay','Ivan','Vicentijevic','','fdgdfg','','Kragujevac','','Srbija',243,'North Bačka',3995,'','Besplatan transport','free.free','','14412.0000',0,0,'0.0000',7,4,'RSD','1.00000000','178.149.102.144','','Mozilla/5.0 (Windows NT 6.1; WOW64) AppleWebKit/537.36 (KHTML, like Gecko) Chrome/28.0.1500.72 Safari/537.36','sr-RS,sr;q=0.8,en-US;q=0.6,en;q=0.4','2013-08-09 18:38:33','2013-08-09 18:38:33'),(68,0,'INV-2013-00',0,'Termorad','http://neteffect.rs/termorad/',0,1,'Ivan','Vicentijevic','ttmtake@gmail.com','3812789533','','Ivan','Vicentijevic','','','','fdgdfg','','Kragujevac','','Srbija',243,'North Bačka',3995,'','Intesa Payment','intesapay','Ivan','Vicentijevic','','fdgdfg','','Kragujevac','','Srbija',243,'North Bačka',3995,'','Besplatan transport','free.free','','14412.0000',0,0,'0.0000',7,4,'RSD','1.00000000','178.149.102.144','','Mozilla/5.0 (Windows NT 6.1; WOW64) AppleWebKit/537.36 (KHTML, like Gecko) Chrome/28.0.1500.72 Safari/537.36','sr-RS,sr;q=0.8,en-US;q=0.6,en;q=0.4','2013-08-09 18:41:54','2013-08-09 18:41:54'),(69,0,'INV-2013-00',0,'Termorad','http://neteffect.rs/termorad/',0,1,'Ivan','Vicentijevic','ttmtake@gmail.com','3812789533','','Ivan','Vicentijevic','','','','fdgdfg','','Kragujevac','','Srbija',243,'North Bačka',3995,'','Intesa Payment','intesapay','Ivan','Vicentijevic','','fdgdfg','','Kragujevac','','Srbija',243,'North Bačka',3995,'','Besplatan transport','free.free','','14412.0000',0,0,'0.0000',7,4,'RSD','1.00000000','178.149.102.144','','Mozilla/5.0 (Windows NT 6.1; WOW64) AppleWebKit/537.36 (KHTML, like Gecko) Chrome/28.0.1500.72 Safari/537.36','sr-RS,sr;q=0.8,en-US;q=0.6,en;q=0.4','2013-08-09 18:44:42','2013-08-09 18:44:42'),(70,0,'INV-2013-00',0,'Termorad','http://neteffect.rs/termorad/',0,1,'Ivan','Vicentijevic','ttmtake@gmail.com','3812789533','','Ivan','Vicentijevic','','','','fdgdfg','','Kragujevac','','Srbija',243,'North Bačka',3995,'','Intesa Payment','intesapay','Ivan','Vicentijevic','','fdgdfg','','Kragujevac','','Srbija',243,'North Bačka',3995,'','Besplatan transport','free.free','','14412.0000',0,0,'0.0000',7,4,'RSD','1.00000000','178.149.102.144','','Mozilla/5.0 (Windows NT 6.1; WOW64) AppleWebKit/537.36 (KHTML, like Gecko) Chrome/28.0.1500.72 Safari/537.36','sr-RS,sr;q=0.8,en-US;q=0.6,en;q=0.4','2013-08-09 18:45:41','2013-08-09 18:45:41'),(71,0,'INV-2013-00',0,'Termorad','http://neteffect.rs/termorad/',0,1,'Ivan','Vicentijevic','ttmtake@gmail.com','3812789533','','Ivan','Vicentijevic','','','','fdgdfg','','Kragujevac','','Srbija',243,'North Bačka',3995,'','Intesa Payment','intesapay','Ivan','Vicentijevic','','fdgdfg','','Kragujevac','','Srbija',243,'North Bačka',3995,'','Besplatan transport','free.free','','14412.0000',0,0,'0.0000',7,4,'RSD','1.00000000','178.149.102.144','','Mozilla/5.0 (Windows NT 6.1; WOW64) AppleWebKit/537.36 (KHTML, like Gecko) Chrome/28.0.1500.72 Safari/537.36','sr-RS,sr;q=0.8,en-US;q=0.6,en;q=0.4','2013-08-09 18:47:41','2013-08-09 18:47:41'),(72,0,'INV-2013-00',0,'Termorad','http://neteffect.rs/termorad/',0,1,'Ivan','Vicentijevic','ttmtake@gmail.com','3812789533','','Ivan','Vicentijevic','','','','fdgdfg','','Kragujevac','','Srbija',243,'North Bačka',3995,'','Intesa Payment','intesapay','Ivan','Vicentijevic','','fdgdfg','','Kragujevac','','Srbija',243,'North Bačka',3995,'','Besplatan transport','free.free','','14412.0000',0,0,'0.0000',7,4,'RSD','1.00000000','178.149.102.144','','Mozilla/5.0 (Windows NT 6.1; WOW64) AppleWebKit/537.36 (KHTML, like Gecko) Chrome/28.0.1500.72 Safari/537.36','sr-RS,sr;q=0.8,en-US;q=0.6,en;q=0.4','2013-08-09 18:48:33','2013-08-09 18:48:33'),(73,0,'INV-2013-00',0,'Termorad','http://neteffect.rs/termorad/',0,1,'Ivan','Vicentijevic','ttmtake@gmail.com','3812789533','','Ivan','Vicentijevic','','','','fdgdfg','','Kragujevac','','Srbija',243,'North Bačka',3995,'','Intesa Payment','intesapay','Ivan','Vicentijevic','','fdgdfg','','Kragujevac','','Srbija',243,'North Bačka',3995,'','Besplatan transport','free.free','','14412.0000',0,0,'0.0000',7,4,'RSD','1.00000000','178.149.102.144','','Mozilla/5.0 (Windows NT 6.1; WOW64) AppleWebKit/537.36 (KHTML, like Gecko) Chrome/28.0.1500.72 Safari/537.36','sr-RS,sr;q=0.8,en-US;q=0.6,en;q=0.4','2013-08-09 18:49:38','2013-08-09 18:49:38'),(74,0,'INV-2013-00',0,'Termorad','http://neteffect.rs/termorad/',0,1,'Ivan','Vicentijevic','ttmtake@gmail.com','3812789533','','Ivan','Vicentijevic','','','','fdgdfg','','Kragujevac','','Srbija',243,'North Bačka',3995,'','Intesa Payment','intesapay','Ivan','Vicentijevic','','fdgdfg','','Kragujevac','','Srbija',243,'North Bačka',3995,'','Besplatan transport','free.free','','14412.0000',0,0,'0.0000',7,4,'RSD','1.00000000','178.149.102.144','','Mozilla/5.0 (Windows NT 6.1; WOW64) AppleWebKit/537.36 (KHTML, like Gecko) Chrome/28.0.1500.72 Safari/537.36','sr-RS,sr;q=0.8,en-US;q=0.6,en;q=0.4','2013-08-09 18:50:54','2013-08-09 18:50:54'),(75,0,'INV-2013-00',0,'Termorad','http://neteffect.rs/termorad/',0,1,'Ivan','Vicentijevic','ttmtake@gmail.com','3812789533','','Ivan','Vicentijevic','','','','fdgdfg','','Kragujevac','','Srbija',243,'North Bačka',3995,'','Intesa Payment','intesapay','Ivan','Vicentijevic','','fdgdfg','','Kragujevac','','Srbija',243,'North Bačka',3995,'','Besplatan transport','free.free','','14412.0000',0,0,'0.0000',7,4,'RSD','1.00000000','178.149.102.144','','Mozilla/5.0 (Windows NT 6.1; WOW64) AppleWebKit/537.36 (KHTML, like Gecko) Chrome/28.0.1500.72 Safari/537.36','sr-RS,sr;q=0.8,en-US;q=0.6,en;q=0.4','2013-08-09 18:51:08','2013-08-09 18:51:08'),(76,0,'INV-2013-00',0,'Termorad','http://neteffect.rs/termorad/',0,1,'Ivan','Vicentijevic','ttmtake@gmail.com','3812789533','','Ivan','Vicentijevic','','','','fdgdfg','','Kragujevac','','Srbija',243,'North Bačka',3995,'','Intesa Payment','intesapay','Ivan','Vicentijevic','','fdgdfg','','Kragujevac','','Srbija',243,'North Bačka',3995,'','Besplatan transport','free.free','','14412.0000',0,0,'0.0000',7,4,'RSD','1.00000000','178.149.102.144','','Mozilla/5.0 (Windows NT 6.1; WOW64) AppleWebKit/537.36 (KHTML, like Gecko) Chrome/28.0.1500.72 Safari/537.36','sr-RS,sr;q=0.8,en-US;q=0.6,en;q=0.4','2013-08-09 18:51:47','2013-08-09 18:51:47'),(77,0,'INV-2013-00',0,'Termorad','http://neteffect.rs/termorad/',0,1,'Ivan','Vicentijevic','ttmtake@gmail.com','3812789533','','Ivan','Vicentijevic','','','','fdgdfg','','Kragujevac','','Srbija',243,'North Bačka',3995,'','Intesa Payment','intesapay','Ivan','Vicentijevic','','fdgdfg','','Kragujevac','','Srbija',243,'North Bačka',3995,'','Besplatan transport','free.free','','14412.0000',0,0,'0.0000',7,4,'RSD','1.00000000','178.149.102.144','','Mozilla/5.0 (Windows NT 6.1; WOW64) AppleWebKit/537.36 (KHTML, like Gecko) Chrome/28.0.1500.72 Safari/537.36','sr-RS,sr;q=0.8,en-US;q=0.6,en;q=0.4','2013-08-09 18:52:11','2013-08-09 18:52:11'),(78,0,'INV-2013-00',0,'Termorad','http://neteffect.rs/termorad/',0,1,'Ivan','Vicentijevic','ttmtake@gmail.com','3812789533','','Ivan','Vicentijevic','','','','fdgdfg','','Kragujevac','','Srbija',243,'North Bačka',3995,'','Intesa Payment','intesapay','Ivan','Vicentijevic','','fdgdfg','','Kragujevac','','Srbija',243,'North Bačka',3995,'','Besplatan transport','free.free','','14412.0000',0,0,'0.0000',7,4,'RSD','1.00000000','178.149.102.144','','Mozilla/5.0 (Windows NT 6.1; WOW64) AppleWebKit/537.36 (KHTML, like Gecko) Chrome/28.0.1500.72 Safari/537.36','sr-RS,sr;q=0.8,en-US;q=0.6,en;q=0.4','2013-08-09 18:53:07','2013-08-09 18:53:07'),(79,0,'INV-2013-00',0,'Termorad','http://neteffect.rs/termorad/',0,1,'Ivan','Vicentijevic','ttmtake@gmail.com','3812789533','','Ivan','Vicentijevic','','','','fdgdfg','','Kragujevac','','Srbija',243,'North Bačka',3995,'','Intesa Payment','intesapay','Ivan','Vicentijevic','','fdgdfg','','Kragujevac','','Srbija',243,'North Bačka',3995,'','Besplatan transport','free.free','','14412.0000',0,0,'0.0000',7,4,'RSD','1.00000000','178.149.102.144','','Mozilla/5.0 (Windows NT 6.1; WOW64) AppleWebKit/537.36 (KHTML, like Gecko) Chrome/28.0.1500.72 Safari/537.36','sr-RS,sr;q=0.8,en-US;q=0.6,en;q=0.4','2013-08-09 18:58:04','2013-08-09 18:58:04'),(80,0,'INV-2013-00',0,'Termorad','http://neteffect.rs/termorad/',0,1,'Ivan','Vicentijevic','ttmtake@gmail.com','3812789533','','Ivan','Vicentijevic','','','','fdgdfg','','Kragujevac','','Srbija',243,'North Bačka',3995,'','Intesa Payment','intesapay','Ivan','Vicentijevic','','fdgdfg','','Kragujevac','','Srbija',243,'North Bačka',3995,'','Besplatan transport','free.free','','14412.0000',0,0,'0.0000',7,4,'RSD','1.00000000','178.149.102.144','','Mozilla/5.0 (Windows NT 6.1; WOW64) AppleWebKit/537.36 (KHTML, like Gecko) Chrome/28.0.1500.72 Safari/537.36','sr-RS,sr;q=0.8,en-US;q=0.6,en;q=0.4','2013-08-09 18:58:28','2013-08-09 18:58:28'),(81,0,'INV-2013-00',0,'Termorad','http://neteffect.rs/termorad/',0,1,'Ivan','Vicentijevic','ttmtake@gmail.com','3812789533','','Ivan','Vicentijevic','','','','fdgdfg','','Kragujevac','','Srbija',243,'North Bačka',3995,'','Intesa Payment','intesapay','Ivan','Vicentijevic','','fdgdfg','','Kragujevac','','Srbija',243,'North Bačka',3995,'','Besplatan transport','free.free','','14412.0000',0,0,'0.0000',7,4,'RSD','1.00000000','178.149.102.144','','Mozilla/5.0 (Windows NT 6.1; WOW64) AppleWebKit/537.36 (KHTML, like Gecko) Chrome/28.0.1500.72 Safari/537.36','sr-RS,sr;q=0.8,en-US;q=0.6,en;q=0.4','2013-08-09 18:59:13','2013-08-09 18:59:13'),(82,0,'INV-2013-00',0,'Termorad','http://neteffect.rs/termorad/',0,1,'Ivan','Vicentijevic','ttmtake@gmail.com','3812789533','','Ivan','Vicentijevic','','','','fdgdfg','','Kragujevac','','Srbija',243,'North Bačka',3995,'','Intesa Payment','intesapay','Ivan','Vicentijevic','','fdgdfg','','Kragujevac','','Srbija',243,'North Bačka',3995,'','Besplatan transport','free.free','','14412.0000',0,0,'0.0000',7,4,'RSD','1.00000000','178.149.102.144','','Mozilla/5.0 (Windows NT 6.1; WOW64) AppleWebKit/537.36 (KHTML, like Gecko) Chrome/28.0.1500.72 Safari/537.36','sr-RS,sr;q=0.8,en-US;q=0.6,en;q=0.4','2013-08-09 18:59:42','2013-08-09 18:59:42'),(83,0,'INV-2013-00',0,'Termorad','http://neteffect.rs/termorad/',0,1,'Ivan','Vicentijevic','ttmtake@gmail.com','3812789533','','Ivan','Vicentijevic','','','','fdgdfg','','Kragujevac','','Srbija',243,'North Bačka',3995,'','Intesa Payment','intesapay','Ivan','Vicentijevic','','fdgdfg','','Kragujevac','','Srbija',243,'North Bačka',3995,'','Besplatan transport','free.free','','14412.0000',0,0,'0.0000',7,4,'RSD','1.00000000','178.149.102.144','','Mozilla/5.0 (Windows NT 6.1; WOW64) AppleWebKit/537.36 (KHTML, like Gecko) Chrome/28.0.1500.72 Safari/537.36','sr-RS,sr;q=0.8,en-US;q=0.6,en;q=0.4','2013-08-09 19:02:47','2013-08-09 19:02:47'),(84,0,'INV-2013-00',0,'Termorad','http://neteffect.rs/termorad/',0,1,'Ivan','Vicentijevic','ttmtake@gmail.com','3812789533','','Ivan','Vicentijevic','','','','fdgdfg','','Kragujevac','','Srbija',243,'North Bačka',3995,'','Intesa Payment','intesapay','Ivan','Vicentijevic','','fdgdfg','','Kragujevac','','Srbija',243,'North Bačka',3995,'','Besplatan transport','free.free','','14412.0000',0,0,'0.0000',7,4,'RSD','1.00000000','178.149.102.144','','Mozilla/5.0 (Windows NT 6.1; WOW64) AppleWebKit/537.36 (KHTML, like Gecko) Chrome/28.0.1500.72 Safari/537.36','sr-RS,sr;q=0.8,en-US;q=0.6,en;q=0.4','2013-08-09 19:04:26','2013-08-09 19:04:26'),(85,0,'INV-2013-00',0,'Termorad','http://neteffect.rs/termorad/',0,1,'Ivan','Vicentijevic','ttmtake@gmail.com','3812789533','','Ivan','Vicentijevic','','','','fdgdfg','','Kragujevac','','Srbija',243,'North Bačka',3995,'','Intesa Payment','intesapay','Ivan','Vicentijevic','','fdgdfg','','Kragujevac','','Srbija',243,'North Bačka',3995,'','Besplatan transport','free.free','','14412.0000',0,0,'0.0000',7,4,'RSD','1.00000000','178.149.102.144','','Mozilla/5.0 (Windows NT 6.1; WOW64) AppleWebKit/537.36 (KHTML, like Gecko) Chrome/28.0.1500.72 Safari/537.36','sr-RS,sr;q=0.8,en-US;q=0.6,en;q=0.4','2013-08-09 19:05:10','2013-08-09 19:05:10'),(86,0,'INV-2013-00',0,'Termorad','http://neteffect.rs/termorad/',0,1,'Ivan','Vicentijevic','ttmtake@gmail.com','3812789533','','Ivan','Vicentijevic','','','','fdgdfg','','Kragujevac','','Srbija',243,'North Bačka',3995,'','Intesa Payment','intesapay','Ivan','Vicentijevic','','fdgdfg','','Kragujevac','','Srbija',243,'North Bačka',3995,'','Besplatan transport','free.free','','14412.0000',0,0,'0.0000',7,4,'RSD','1.00000000','178.149.102.144','','Mozilla/5.0 (Windows NT 6.1; WOW64) AppleWebKit/537.36 (KHTML, like Gecko) Chrome/28.0.1500.72 Safari/537.36','sr-RS,sr;q=0.8,en-US;q=0.6,en;q=0.4','2013-08-09 19:05:24','2013-08-09 19:05:24'),(87,0,'INV-2013-00',0,'Termorad','http://neteffect.rs/termorad/',0,1,'Ivan','Vicentijevic','ttmtake@gmail.com','3812789533','','Ivan','Vicentijevic','','','','fdgdfg','','Kragujevac','','Srbija',243,'Jablanica',4017,'','Intesa Payment','intesapay','Ivan','Vicentijevic','','fdgdfg','','Kragujevac','','Srbija',243,'Jablanica',4017,'','Besplatan transport','free.free','','14412.0000',0,0,'0.0000',7,4,'RSD','1.00000000','178.149.102.144','','Mozilla/5.0 (Windows NT 6.1; WOW64) AppleWebKit/537.36 (KHTML, like Gecko) Chrome/28.0.1500.72 Safari/537.36','sr-RS,sr;q=0.8,en-US;q=0.6,en;q=0.4','2013-08-09 22:54:17','2013-08-09 22:54:17'),(88,0,'INV-2013-00',0,'Termorad','http://neteffect.rs/termorad/',0,1,'Ivan','Vicentijevic','ttmtake@gmail.com','3812789533','','Ivan','Vicentijevic','','','','fdgdfg','','Kragujevac','','Srbija',243,'Jablanica',4017,'','Intesa Payment','intesapay','Ivan','Vicentijevic','','fdgdfg','','Kragujevac','','Srbija',243,'Jablanica',4017,'','Besplatan transport','free.free','','14412.0000',0,0,'0.0000',7,4,'RSD','1.00000000','178.149.102.144','','Mozilla/5.0 (Windows NT 6.1; WOW64) AppleWebKit/537.36 (KHTML, like Gecko) Chrome/28.0.1500.72 Safari/537.36','sr-RS,sr;q=0.8,en-US;q=0.6,en;q=0.4','2013-08-09 23:14:02','2013-08-09 23:14:02'),(89,0,'INV-2013-00',0,'Termorad','http://neteffect.rs/termorad/',0,1,'Ivan','Vicentijevic','ttmtake@gmail.com','3812789533','','Ivan','Vicentijevic','','','','fdgdfg','','Kg','','Srbija',243,'Pirot',4016,'','Intesa Payment','intesapay','Ivan','Vicentijevic','','fdgdfg','','Kg','','Srbija',243,'Pirot',4016,'','Besplatan transport','free.free','','10668.0000',0,0,'0.0000',7,4,'RSD','1.00000000','178.149.102.144','','Mozilla/5.0 (Windows NT 6.1; WOW64) AppleWebKit/537.36 (KHTML, like Gecko) Chrome/28.0.1500.95 Safari/537.36','sr-RS,sr;q=0.8,en-US;q=0.6,en;q=0.4','2013-08-11 14:17:27','2013-08-11 14:17:27'),(90,0,'INV-2013-00',0,'Termorad','http://neteffect.rs/termorad/',0,1,'Ivan','Vicentijevic','ttmtake@gmail.com','3812789533','','Ivan','Vicentijevic','','','','fdgdfg','','Kg','','Srbija',243,'Pirot',4016,'','Intesa Payment','intesapay','Ivan','Vicentijevic','','fdgdfg','','Kg','','Srbija',243,'Pirot',4016,'','Besplatan transport','free.free','','10668.0000',0,0,'0.0000',7,4,'RSD','1.00000000','178.149.102.144','','Mozilla/5.0 (Windows NT 6.1; WOW64) AppleWebKit/537.36 (KHTML, like Gecko) Chrome/28.0.1500.95 Safari/537.36','sr-RS,sr;q=0.8,en-US;q=0.6,en;q=0.4','2013-08-11 14:21:35','2013-08-11 14:21:35'),(91,0,'INV-2013-00',0,'Termorad','http://neteffect.rs/termorad/',0,1,'Ivan','Vicentijevic','ttmtake@gmail.com','3812789533','','Ivan','Vicentijevic','','','','fdgdfg','','Kg','','Srbija',243,'Pirot',4016,'','Intesa Payment','intesapay','Ivan','Vicentijevic','','fdgdfg','','Kg','','Srbija',243,'Pirot',4016,'','Besplatan transport','free.free','','10668.0000',0,0,'0.0000',7,4,'RSD','1.00000000','178.149.102.144','','Mozilla/5.0 (Windows NT 6.1; WOW64) AppleWebKit/537.36 (KHTML, like Gecko) Chrome/28.0.1500.95 Safari/537.36','sr-RS,sr;q=0.8,en-US;q=0.6,en;q=0.4','2013-08-11 14:22:24','2013-08-11 14:22:24'),(92,0,'INV-2013-00',0,'Termorad','http://neteffect.rs/termorad/',0,1,'Ivan','Vicentijevic','ttmtake@gmail.com','3812789533','','Ivan','Vicentijevic','','','','fdgdfg','','Kg','','Srbija',243,'Pirot',4016,'','Intesa Payment','intesapay','Ivan','Vicentijevic','','fdgdfg','','Kg','','Srbija',243,'Pirot',4016,'','Besplatan transport','free.free','','10668.0000',0,0,'0.0000',7,4,'RSD','1.00000000','178.149.102.144','','Mozilla/5.0 (Windows NT 6.1; WOW64) AppleWebKit/537.36 (KHTML, like Gecko) Chrome/28.0.1500.95 Safari/537.36','sr-RS,sr;q=0.8,en-US;q=0.6,en;q=0.4','2013-08-11 14:27:29','2013-08-11 14:27:29'),(93,0,'INV-2013-00',0,'Termorad','http://neteffect.rs/termorad/',0,1,'Ivan','Vicentijevic','ttmtake@gmail.com','3812789533','','Ivan','Vicentijevic','','','','fdgdfg','','Kg','','Srbija',243,'Pirot',4016,'','Intesa Payment','intesapay','Ivan','Vicentijevic','','fdgdfg','','Kg','','Srbija',243,'Pirot',4016,'','Besplatan transport','free.free','','10668.0000',0,0,'0.0000',7,4,'RSD','1.00000000','178.149.102.144','','Mozilla/5.0 (Windows NT 6.1; WOW64) AppleWebKit/537.36 (KHTML, like Gecko) Chrome/28.0.1500.95 Safari/537.36','sr-RS,sr;q=0.8,en-US;q=0.6,en;q=0.4','2013-08-11 14:33:23','2013-08-11 14:33:23'),(94,0,'INV-2013-00',0,'Termorad','http://neteffect.rs/termorad/',0,1,'Ivan','Vicentijevic','ttmtake@gmail.com','3812789533','','Ivan','Vicentijevic','','','','fdgdfg','','Kg','','Srbija',243,'Pirot',4016,'','Intesa Payment','intesapay','Ivan','Vicentijevic','','fdgdfg','','Kg','','Srbija',243,'Pirot',4016,'','Besplatan transport','free.free','','10668.0000',0,0,'0.0000',7,4,'RSD','1.00000000','178.149.102.144','','Mozilla/5.0 (Windows NT 6.1; WOW64) AppleWebKit/537.36 (KHTML, like Gecko) Chrome/28.0.1500.95 Safari/537.36','sr-RS,sr;q=0.8,en-US;q=0.6,en;q=0.4','2013-08-11 14:59:33','2013-08-11 14:59:33'),(95,0,'INV-2013-00',0,'Termorad','http://neteffect.rs/termorad/',0,1,'Ivan','Vicentijevic','ttmtake@gmail.com','3812789533','','Ivan','Vicentijevic','','','','fdgdfg','','Kg','','Srbija',243,'Pirot',4016,'','Intesa Payment','intesapay','Ivan','Vicentijevic','','fdgdfg','','Kg','','Srbija',243,'Pirot',4016,'','Besplatan transport','free.free','','10668.0000',0,0,'0.0000',7,4,'RSD','1.00000000','178.149.102.144','','Mozilla/5.0 (Windows NT 6.1; WOW64) AppleWebKit/537.36 (KHTML, like Gecko) Chrome/28.0.1500.95 Safari/537.36','sr-RS,sr;q=0.8,en-US;q=0.6,en;q=0.4','2013-08-11 15:00:43','2013-08-11 15:00:43'),(96,0,'INV-2013-00',0,'Termorad','http://neteffect.rs/termorad/',0,1,'Ivan','Vicentijevic','ttmtake@gmail.com','3812789533','','Ivan','Vicentijevic','','','','fdgdfg','','Kragujevac','','Srbija',243,'Pomoravlje',4007,'','Intesa Payment','intesapay','Ivan','Vicentijevic','','fdgdfg','','Kragujevac','','Srbija',243,'Pomoravlje',4007,'','Besplatan transport','free.free','','78000.0000',0,0,'0.0000',7,4,'RSD','1.00000000','212.200.146.38','','Mozilla/5.0 (Windows NT 6.1; WOW64) AppleWebKit/537.36 (KHTML, like Gecko) Chrome/28.0.1500.95 Safari/537.36','sr-RS,sr;q=0.8,en-US;q=0.6,en;q=0.4','2013-08-12 11:24:22','2013-08-12 11:24:22'),(97,0,'INV-2013-00',0,'Termorad','http://neteffect.rs/termorad/',0,1,'Ivan','Vicentijevic','ttmtake@gmail.com','3812789533','','Ivan','Vicentijevic','','','','fdgdfg','','Kragujevac','','Srbija',243,'Pomoravlje',4007,'','Intesa Payment','intesapay','Ivan','Vicentijevic','','fdgdfg','','Kragujevac','','Srbija',243,'Pomoravlje',4007,'','Besplatan transport','free.free','','78000.0000',0,0,'0.0000',7,4,'RSD','1.00000000','212.200.146.38','','Mozilla/5.0 (Windows NT 6.1; WOW64) AppleWebKit/537.36 (KHTML, like Gecko) Chrome/28.0.1500.95 Safari/537.36','sr-RS,sr;q=0.8,en-US;q=0.6,en;q=0.4','2013-08-12 11:25:33','2013-08-12 11:25:33'),(98,0,'INV-2013-00',0,'Termorad','http://neteffect.rs/termorad/',0,1,'Ivan','Vicentijevic','ttmtake@gmail.com','3812789533','','Ivan','Vicentijevic','','','','fdgdfg','','Kragujevac','','Srbija',243,'Pomoravlje',4007,'','Intesa Payment','intesapay','Ivan','Vicentijevic','','fdgdfg','','Kragujevac','','Srbija',243,'Pomoravlje',4007,'','Besplatan transport','free.free','','78000.0000',0,0,'0.0000',7,4,'RSD','1.00000000','212.200.146.38','','Mozilla/5.0 (Windows NT 6.1; WOW64) AppleWebKit/537.36 (KHTML, like Gecko) Chrome/28.0.1500.95 Safari/537.36','sr-RS,sr;q=0.8,en-US;q=0.6,en;q=0.4','2013-08-12 11:30:17','2013-08-12 11:30:17'),(99,0,'INV-2013-00',0,'Termorad','http://neteffect.rs/termorad/',0,1,'Ivan','Vicentijevic','office@neteffect.rs','3812789533','','Ivan','Vicentijevic','','','','fdgdfg','','Kragujevac','34000','Srbija',243,'Rasina',4013,'','Intesa Payment','intesapay','Ivan','Vicentijevic','','fdgdfg','','Kragujevac','34000','Srbija',243,'Rasina',4013,'','Besplatan transport','free.free','','78000.0000',0,0,'0.0000',7,4,'RSD','1.00000000','212.200.146.38','','Mozilla/5.0 (Windows NT 6.1; WOW64) AppleWebKit/537.36 (KHTML, like Gecko) Chrome/28.0.1500.95 Safari/537.36','sr-RS,sr;q=0.8,en-US;q=0.6,en;q=0.4','2013-08-12 12:24:31','2013-08-12 12:24:31'),(100,0,'INV-2013-00',0,'Termorad','http://neteffect.rs/termorad/',0,1,'Ivan','Vicentijevic','office@neteffect.rs','3812789533','','Ivan','Vicentijevic','','','','fdgdfg','','Kragujevac','34000','Srbija',243,'Rasina',4013,'','Intesa Payment','intesapay','Ivan','Vicentijevic','','fdgdfg','','Kragujevac','34000','Srbija',243,'Rasina',4013,'','Besplatan transport','free.free','','92412.0000',0,0,'0.0000',7,4,'RSD','1.00000000','212.200.146.38','','Mozilla/5.0 (Windows NT 6.1; WOW64) AppleWebKit/537.36 (KHTML, like Gecko) Chrome/28.0.1500.95 Safari/537.36','sr-RS,sr;q=0.8,en-US;q=0.6,en;q=0.4','2013-08-12 13:05:26','2013-08-12 13:05:26'),(101,0,'INV-2013-00',0,'Termorad','http://neteffect.rs/termorad/',0,1,'Ivan','Vicentijevic','office@neteffect.rs','3812789533','','Ivan','Vicentijevic','','','','fdgdfg','','Kragujevac','34000','Srbija',243,'Rasina',4013,'','Intesa Payment','intesapay','Ivan','Vicentijevic','','fdgdfg','','Kragujevac','34000','Srbija',243,'Rasina',4013,'','Besplatan transport','free.free','','92412.0000',0,0,'0.0000',7,4,'RSD','1.00000000','212.200.146.38','','Mozilla/5.0 (Windows NT 6.1; WOW64) AppleWebKit/537.36 (KHTML, like Gecko) Chrome/28.0.1500.95 Safari/537.36','sr-RS,sr;q=0.8,en-US;q=0.6,en;q=0.4','2013-08-12 13:34:42','2013-08-12 13:34:42'),(109,0,'INV-2013-00',0,'Termorad','http://neteffect.rs/termorad/',0,1,'Ivan','Vicentijevic','ttmtake@gmail.com','3812789533','','Ivan','Vicentijevic','','','','fdgdfg','','Kragujevac','','Srbija',243,'Braničevo',4005,'','Intesa Payment','intesapay','Ivan','Vicentijevic','','fdgdfg','','Kragujevac','','Srbija',243,'Braničevo',4005,'','Besplatan transport','free.free','','28824.0000',0,0,'0.0000',7,4,'RSD','1.00000000','178.149.102.144','','Mozilla/5.0 (Windows NT 6.1; WOW64) AppleWebKit/537.36 (KHTML, like Gecko) Chrome/28.0.1500.95 Safari/537.36','sr-RS,sr;q=0.8,en-US;q=0.6,en;q=0.4','2013-08-12 17:56:15','2013-08-12 17:56:15'),(110,0,'INV-2013-00',0,'Termorad','http://neteffect.rs/termorad/',0,1,'Ivan','Vicentijevic','ttmtake@gmail.com','3812789533','','Ivan','Vicentijevic','','','','fdgdfg','','Kragujevac','','Srbija',243,'Braničevo',4005,'','Intesa Payment','intesapay','Ivan','Vicentijevic','','fdgdfg','','Kragujevac','','Srbija',243,'Braničevo',4005,'','Besplatan transport','free.free','','28824.0000',0,0,'0.0000',7,4,'RSD','1.00000000','178.149.102.144','','Mozilla/5.0 (Windows NT 6.1; WOW64) AppleWebKit/537.36 (KHTML, like Gecko) Chrome/28.0.1500.95 Safari/537.36','sr-RS,sr;q=0.8,en-US;q=0.6,en;q=0.4','2013-08-12 17:57:08','2013-08-12 17:57:08'),(111,0,'INV-2013-00',0,'Termorad','http://neteffect.rs/termorad/',0,1,'Ivan','Vicentijevic','ttmtake@gmail.com','3812789533','','Ivan','Vicentijevic','','','','fdgdfg','','Kragujevac','','Srbija',243,'Braničevo',4005,'','Intesa Payment','intesapay','Ivan','Vicentijevic','','fdgdfg','','Kragujevac','','Srbija',243,'Braničevo',4005,'','Besplatan transport','free.free','','28824.0000',0,0,'0.0000',7,4,'RSD','1.00000000','178.149.102.144','','Mozilla/5.0 (Windows NT 6.1; WOW64) AppleWebKit/537.36 (KHTML, like Gecko) Chrome/28.0.1500.95 Safari/537.36','sr-RS,sr;q=0.8,en-US;q=0.6,en;q=0.4','2013-08-12 17:57:36','2013-08-12 17:57:36'),(112,0,'INV-2013-00',0,'Termorad','http://neteffect.rs/termorad/',0,1,'Ivan','Vicentijevic','ttmtake@gmail.com','3812789533','','Ivan','Vicentijevic','','','','fdgdfg','','Kragujevac','','Srbija',243,'Braničevo',4005,'','Intesa Payment','intesapay','Ivan','Vicentijevic','','fdgdfg','','Kragujevac','','Srbija',243,'Braničevo',4005,'','Besplatan transport','free.free','','28824.0000',0,0,'0.0000',7,4,'RSD','1.00000000','178.149.102.144','','Mozilla/5.0 (Windows NT 6.1; WOW64) AppleWebKit/537.36 (KHTML, like Gecko) Chrome/28.0.1500.95 Safari/537.36','sr-RS,sr;q=0.8,en-US;q=0.6,en;q=0.4','2013-08-12 17:58:05','2013-08-12 17:58:05'),(113,0,'INV-2013-00',0,'Termorad','http://neteffect.rs/termorad/',0,1,'Ivan','Vicentijevic','ttmtake@gmail.com','3812789533','','Ivan','Vicentijevic','','','','fdgdfg','','Kragujevac','','Srbija',243,'Braničevo',4005,'','Intesa Payment','intesapay','Ivan','Vicentijevic','','fdgdfg','','Kragujevac','','Srbija',243,'Braničevo',4005,'','Besplatan transport','free.free','','28824.0000',0,0,'0.0000',7,4,'RSD','1.00000000','178.149.102.144','','Mozilla/5.0 (Windows NT 6.1; WOW64) AppleWebKit/537.36 (KHTML, like Gecko) Chrome/28.0.1500.95 Safari/537.36','sr-RS,sr;q=0.8,en-US;q=0.6,en;q=0.4','2013-08-12 17:58:28','2013-08-12 17:58:28'),(114,0,'INV-2013-00',0,'Termorad','http://neteffect.rs/termorad/',0,1,'Ivan','Vicentijevic','ttmtake@gmail.com','3812789533','','Ivan','Vicentijevic','','','','fdgdfg','','Kragujevac','','Srbija',243,'Braničevo',4005,'','Intesa Payment','intesapay','Ivan','Vicentijevic','','fdgdfg','','Kragujevac','','Srbija',243,'Braničevo',4005,'','Besplatan transport','free.free','','28824.0000',0,0,'0.0000',7,4,'RSD','1.00000000','178.149.102.144','','Mozilla/5.0 (Windows NT 6.1; WOW64) AppleWebKit/537.36 (KHTML, like Gecko) Chrome/28.0.1500.95 Safari/537.36','sr-RS,sr;q=0.8,en-US;q=0.6,en;q=0.4','2013-08-12 18:07:08','2013-08-12 18:07:08'),(115,0,'INV-2013-00',0,'Termorad','http://neteffect.rs/termorad/',0,1,'Ivan','Vicentijevic','ttmtake@gmail.com','3812789533','','Ivan','Vicentijevic','','','','fdgdfg','','Kragujevac','','Srbija',243,'Braničevo',4005,'','Intesa Payment','intesapay','Ivan','Vicentijevic','','fdgdfg','','Kragujevac','','Srbija',243,'Braničevo',4005,'','Besplatan transport','free.free','','14412.0000',0,0,'0.0000',7,4,'RSD','1.00000000','178.149.102.144','','Mozilla/5.0 (Windows NT 6.1; WOW64) AppleWebKit/537.36 (KHTML, like Gecko) Chrome/28.0.1500.95 Safari/537.36','sr-RS,sr;q=0.8,en-US;q=0.6,en;q=0.4','2013-08-12 18:12:13','2013-08-12 18:12:13'),(116,0,'INV-2013-00',0,'Termorad','http://neteffect.rs/termorad/',0,1,'Ivan','Vicentijevic','ttmtake@gmail.com','3812789533','','Ivan','Vicentijevic','','','','fdgdfg','','Kragujevac','','Srbija',243,'Braničevo',4005,'','Intesa Payment','intesapay','Ivan','Vicentijevic','','fdgdfg','','Kragujevac','','Srbija',243,'Braničevo',4005,'','Besplatan transport','free.free','','14412.0000',0,0,'0.0000',7,4,'RSD','1.00000000','178.149.102.144','','Mozilla/5.0 (Windows NT 6.1; WOW64) AppleWebKit/537.36 (KHTML, like Gecko) Chrome/28.0.1500.95 Safari/537.36','sr-RS,sr;q=0.8,en-US;q=0.6,en;q=0.4','2013-08-12 18:14:44','2013-08-12 18:14:44'),(117,0,'INV-2013-00',0,'Termorad','http://neteffect.rs/termorad/',0,1,'Ivan','Vicentijevic','ttmtake@gmail.com','3812789533','','Ivan','Vicentijevic','','','','fdgdfg','','Kragujevac','','Srbija',243,'Braničevo',4005,'','Intesa Payment','intesapay','Ivan','Vicentijevic','','fdgdfg','','Kragujevac','','Srbija',243,'Braničevo',4005,'','Besplatan transport','free.free','','14412.0000',0,0,'0.0000',7,4,'RSD','1.00000000','178.149.102.144','','Mozilla/5.0 (Windows NT 6.1; WOW64) AppleWebKit/537.36 (KHTML, like Gecko) Chrome/28.0.1500.95 Safari/537.36','sr-RS,sr;q=0.8,en-US;q=0.6,en;q=0.4','2013-08-12 18:17:24','2013-08-12 18:17:24'),(118,0,'INV-2013-00',0,'Termorad','http://neteffect.rs/termorad/',0,1,'Ivan','Vicentijevic','ttmtake@gmail.com','3812789533','','Ivan','Vicentijevic','','','','fdgdfg','','Kragujevac','','Srbija',243,'Braničevo',4005,'','Intesa Payment','intesapay','Ivan','Vicentijevic','','fdgdfg','','Kragujevac','','Srbija',243,'Braničevo',4005,'','Besplatan transport','free.free','','14412.0000',0,0,'0.0000',7,4,'RSD','1.00000000','178.149.102.144','','Mozilla/5.0 (Windows NT 6.1; WOW64) AppleWebKit/537.36 (KHTML, like Gecko) Chrome/28.0.1500.95 Safari/537.36','sr-RS,sr;q=0.8,en-US;q=0.6,en;q=0.4','2013-08-12 18:25:57','2013-08-12 18:25:57'),(119,0,'INV-2013-00',0,'Termorad','http://neteffect.rs/termorad/',0,1,'Ivan','Vicentijevic','ttmtake@gmail.com','3812789533','','Ivan','Vicentijevic','','','','fdgdfg','','Kragujevac','','Srbija',243,'Braničevo',4005,'','Intesa Payment','intesapay','Ivan','Vicentijevic','','fdgdfg','','Kragujevac','','Srbija',243,'Braničevo',4005,'','Besplatan transport','free.free','','14412.0000',0,0,'0.0000',7,4,'RSD','1.00000000','178.149.102.144','','Mozilla/5.0 (Windows NT 6.1; WOW64) AppleWebKit/537.36 (KHTML, like Gecko) Chrome/28.0.1500.95 Safari/537.36','sr-RS,sr;q=0.8,en-US;q=0.6,en;q=0.4','2013-08-12 18:27:26','2013-08-12 18:27:26'),(120,0,'INV-2013-00',0,'Termorad','http://neteffect.rs/termorad/',0,1,'Ivan','Vicentijevic','ttmtake@gmail.com','3812789533','','Ivan','Vicentijevic','','','','fdgdfg','','Kragujevac','','Srbija',243,'Braničevo',4005,'','Credit Card / Debit Card (Moneybookers)','moneybookers','Ivan','Vicentijevic','','fdgdfg','','Kragujevac','','Srbija',243,'Braničevo',4005,'','Besplatan transport','free.free','','14412.0000',0,0,'0.0000',7,4,'RSD','1.00000000','178.149.102.144','','Mozilla/5.0 (Windows NT 6.1; WOW64) AppleWebKit/537.36 (KHTML, like Gecko) Chrome/28.0.1500.95 Safari/537.36','sr-RS,sr;q=0.8,en-US;q=0.6,en;q=0.4','2013-08-12 18:28:08','2013-08-12 18:28:08'),(125,0,'INV-2013-00',0,'Termorad','http://neteffect.rs/termorad/',10,1,'Petar','Petrović','termoradpozega@mail.com','+381313819150','','Petar','Petrović','Termorad','','','Čestobrodica bb','','Požega','31210','Srbija',243,'Zlatibor',4010,'','Credit Card / Debit Card (Moneybookers)','moneybookers','Petar','Petrović','Termorad','Čestobrodica bb','','Požega','31210','Srbija',243,'Zlatibor',4010,'','Besplatan transport','free.free','','31122.7200',0,0,'0.0000',7,4,'RSD','1.00000000','109.93.145.130','','Mozilla/5.0 (compatible; MSIE 9.0; Windows NT 6.0; Trident/5.0)','sr','2013-08-13 11:44:44','2013-08-13 11:44:44'),(126,0,'INV-2013-00',0,'Termorad','http://neteffect.rs/termorad/',0,1,'Ivan','Vicentijevic','ttmtake@gmail.com','3812789533','','Ivan','Vicentijevic','','','','fdgdfg','','Kragujevac','','Srbija',243,'Central Banat',3996,'','Intesa Payment','intesapay','Ivan','Vicentijevic','','fdgdfg','','Kragujevac','','Srbija',243,'Central Banat',3996,'','Besplatan transport','free.free','','10668.0000',0,0,'0.0000',7,4,'RSD','1.00000000','212.200.146.38','','Mozilla/5.0 (Windows NT 6.1; WOW64) AppleWebKit/537.36 (KHTML, like Gecko) Chrome/28.0.1500.95 Safari/537.36','sr-RS,sr;q=0.8,en-US;q=0.6,en;q=0.4','2013-08-13 11:47:49','2013-08-13 11:47:49'),(127,0,'INV-2013-00',0,'Termorad','http://neteffect.rs/termorad/',10,1,'Petar','Petrović','termoradpozega@mail.com','+381313819150','','Petar','Petrović','Termorad','','','Čestobrodica bb','','Požega','31210','Srbija',243,'Zlatibor',4010,'','Intesa Payment','intesapay','Petar','Petrović','Termorad','Čestobrodica bb','','Požega','31210','Srbija',243,'Zlatibor',4010,'','Besplatan transport','free.free','','18000.3600',0,0,'0.0000',7,4,'RSD','1.00000000','109.93.145.130','','Mozilla/5.0 (compatible; MSIE 9.0; Windows NT 6.0; Trident/5.0)','sr','2013-08-13 16:13:47','2013-08-13 16:13:47'),(124,0,'INV-2013-00',0,'Termorad','http://neteffect.rs/termorad/',0,1,'Ivan','Vicentijevic','ttmtake@gmail.com','3812789533','','Ivan','Vicentijevic','','','','fdgdfg','','Kragujevac','','Srbija',243,'Central Banat',3996,'','Intesa Payment','intesapay','Ivan','Vicentijevic','','fdgdfg','','Kragujevac','','Srbija',243,'Central Banat',3996,'','Besplatan transport','free.free','','10668.0000',0,0,'0.0000',7,4,'RSD','1.00000000','212.200.146.38','','Mozilla/5.0 (Windows NT 6.1; WOW64) AppleWebKit/537.36 (KHTML, like Gecko) Chrome/28.0.1500.95 Safari/537.36','sr-RS,sr;q=0.8,en-US;q=0.6,en;q=0.4','2013-08-13 11:05:00','2013-08-13 11:05:00'),(128,0,'INV-2013-00',0,'Termorad','http://neteffect.rs/termorad/',11,1,'Ivan','Vicentijevic','ttmtake@gmail.com','3812789533','','Ivan','Vicentijevic','NetEffect','','','fdgdfg','','Kragujevac','','Srbija',243,'Šumadija',4006,'','Internet karticom','intesapay','Ivan','Vicentijevic','NetEffect','fdgdfg','','Kragujevac','','Srbija',243,'Šumadija',4006,'','Besplatan transport','free.free','','3357.4800',0,0,'0.0000',7,4,'RSD','1.00000000','178.149.102.144','','Mozilla/5.0 (Windows NT 6.1; WOW64) AppleWebKit/537.36 (KHTML, like Gecko) Chrome/28.0.1500.95 Safari/537.36','sr-RS,sr;q=0.8,en-US;q=0.6,en;q=0.4','2013-08-14 19:54:33','2013-08-14 19:54:33'),(130,0,'INV-2013-00',0,'Termorad','http://neteffect.rs/termorad/',11,1,'Ivan','Vicentijevic','ttmtake@gmail.com','3812789533','','Ivan','Vicentijevic','NetEffect','','','fdgdfg','','Kragujevac','','Srbija',243,'Šumadija',4006,'','Internet karticom','intesapay','Ivan','Vicentijevic','NetEffect','fdgdfg','','Kragujevac','','Srbija',243,'Šumadija',4006,'','Besplatan transport','free.free','','3357.4800',0,0,'0.0000',7,4,'RSD','1.00000000','178.149.102.144','','Mozilla/5.0 (Windows NT 6.1; WOW64) AppleWebKit/537.36 (KHTML, like Gecko) Chrome/28.0.1500.95 Safari/537.36','sr-RS,sr;q=0.8,en-US;q=0.6,en;q=0.4','2013-08-14 21:45:30','2013-08-14 21:45:30'),(131,0,'INV-2013-00',0,'Termorad','http://neteffect.rs/termorad/',11,1,'Ivan','Vicentijevic','ttmtake@gmail.com','3812789533','','Ivan','Vicentijevic','NetEffect','','','fdgdfg','','Kragujevac','','Srbija',243,'Šumadija',4006,'','Internet karticom','intesapay','Ivan','Vicentijevic','NetEffect','fdgdfg','','Kragujevac','','Srbija',243,'Šumadija',4006,'','Besplatan transport','free.free','','15822.0000',0,0,'0.0000',7,4,'RSD','1.00000000','178.149.102.144','','Mozilla/5.0 (Windows NT 6.1; WOW64) AppleWebKit/537.36 (KHTML, like Gecko) Chrome/28.0.1500.95 Safari/537.36','sr-RS,sr;q=0.8,en-US;q=0.6,en;q=0.4','2013-08-14 21:47:14','2013-08-14 21:47:14'),(132,0,'INV-2013-00',0,'Termorad','http://neteffect.rs/termorad/',11,1,'Ivan','Vicentijevic','ttmtake@gmail.com','3812789533','','Ivan','Vicentijevic','NetEffect','','','fdgdfg','','Kragujevac','','Srbija',243,'Šumadija',4006,'','Internet karticom','intesapay','Ivan','Vicentijevic','NetEffect','fdgdfg','','Kragujevac','','Srbija',243,'Šumadija',4006,'','Besplatan transport','free.free','','15822.0000',0,0,'0.0000',7,4,'RSD','1.00000000','178.149.102.144','','Mozilla/5.0 (Windows NT 6.1; WOW64) AppleWebKit/537.36 (KHTML, like Gecko) Chrome/28.0.1500.95 Safari/537.36','sr-RS,sr;q=0.8,en-US;q=0.6,en;q=0.4','2013-08-14 21:50:58','2013-08-14 21:50:58'),(134,0,'INV-2013-00',0,'Termorad','http://neteffect.rs/termorad/',11,1,'Ivan','Vicentijevic','ttmtake@gmail.com','3812789533','','Ivan','Vicentijevic','NetEffect','','','fdgdfg','','Kragujevac','','Srbija',243,'Šumadija',4006,'','Internet karticom','intesapay','Ivan','Vicentijevic','NetEffect','fdgdfg','','Kragujevac','','Srbija',243,'Šumadija',4006,'','Besplatan transport','free.free','','24930.0000',0,0,'0.0000',7,4,'RSD','1.00000000','178.149.102.144','','Mozilla/5.0 (Windows NT 6.1; WOW64) AppleWebKit/537.36 (KHTML, like Gecko) Chrome/28.0.1500.95 Safari/537.36','sr-RS,sr;q=0.8,en-US;q=0.6,en;q=0.4','2013-08-14 23:34:09','2013-08-14 23:34:09'),(136,0,'INV-2013-00',0,'Termorad','http://neteffect.rs/termorad/',11,1,'Ivan','Vicentijevic','ttmtake@gmail.com','3812789533','','Ivan','Vicentijevic','NetEffect','','','fdgdfg','','Kragujevac','','Srbija',243,'Šumadija',4006,'','Internet karticom','intesapay','Ivan','Vicentijevic','NetEffect','fdgdfg','','Kragujevac','','Srbija',243,'Šumadija',4006,'','Besplatan transport','free.free','','40752.0000',0,0,'0.0000',7,4,'RSD','1.00000000','178.149.102.144','','Mozilla/5.0 (Windows NT 6.1; WOW64) AppleWebKit/537.36 (KHTML, like Gecko) Chrome/28.0.1500.95 Safari/537.36','sr-RS,sr;q=0.8,en-US;q=0.6,en;q=0.4','2013-08-15 00:39:05','2013-08-15 00:39:05'),(158,0,'INV-2013-00',0,'Termorad','http://termorad.com/',11,1,'Ivan','Vicentijevic','ttmtake@gmail.com','3812789533','','Ivan','Vicentijevic','NetEffect','','','fdgdfg','','Kragujevac','','Srbija',243,'Šumadija',4006,'','Visa, Maestro, MasterCard (Intesa Payment)','intesapay','Ivan','Vicentijevic','NetEffect','fdgdfg','','Kragujevac','','Srbija',243,'Šumadija',4006,'','Besplatan transport','free.free','','15822.0000',0,0,'0.0000',7,4,'RSD','1.00000000','178.149.102.144','','Mozilla/5.0 (Windows NT 6.1; WOW64) AppleWebKit/537.36 (KHTML, like Gecko) Chrome/30.0.1599.69 Safari/537.36','sr-RS,sr;q=0.8,en-US;q=0.6,en;q=0.4','2013-10-16 13:30:38','2013-10-16 13:30:38'),(138,0,'INV-2013-00',0,'Termorad','http://termorad.com/',11,1,'Ivan','Vicentijevic','ttmtake@gmail.com','3812789533','','Ivan','Vicentijevic','NetEffect','','','fdgdfg','','Kragujevac','','Srbija',243,'Šumadija',4006,'','Visa, Maestro, MasterCard (Intesa Payment)','intesapay','Ivan','Vicentijevic','NetEffect','fdgdfg','','Kragujevac','','Srbija',243,'Šumadija',4006,'','Besplatan transport','free.free','zapakujte dobro','59931.4800',0,0,'0.0000',7,4,'RSD','1.00000000','93.86.69.44','','Mozilla/5.0 (compatible; MSIE 9.0; Windows NT 6.0; Trident/5.0)','sr','2013-09-04 14:25:23','2013-09-04 14:25:23'),(142,0,'INV-2013-00',0,'Termorad','http://neteffect.rs/termorad/',13,1,'Ivan','K','ivan.kostic1@neteffect.rs','123134','','Ivan','K','','','','Kop 1','','Kg','34000','Srbija',243,'Šumadija',4006,'','Plaćanje pouzećem','cod','Ivan','K','','Kop 1','','Kg','34000','Srbija',243,'Šumadija',4006,'','Besplatan transport','free.free','','13068.0000',0,0,'0.0000',7,4,'RSD','1.00000000','212.200.146.38','','Mozilla/5.0 (Windows NT 6.1; WOW64; rv:24.0) Gecko/20100101 Firefox/24.0','en-US,en;q=0.5','2013-09-24 08:15:44','2013-09-24 08:15:44'),(159,0,'INV-2013-00',0,'Termorad','http://termorad.com/',11,1,'Ivan','Vicentijevic','ttmtake@gmail.com','3812789533','','Ivan','Vicentijevic','NetEffect','','','fdgdfg','','Kragujevac','','Srbija',243,'Šumadija',4006,'','Visa, Maestro, MasterCard (Intesa Payment)','intesapay','Ivan','Vicentijevic','NetEffect','fdgdfg','','Kragujevac','','Srbija',243,'Šumadija',4006,'','Besplatan transport','free.free','','15822.0000',0,0,'0.0000',7,4,'RSD','1.00000000','178.149.102.144','','Mozilla/5.0 (Windows NT 6.1; WOW64) AppleWebKit/537.36 (KHTML, like Gecko) Chrome/30.0.1599.69 Safari/537.36','sr-RS,sr;q=0.8,en-US;q=0.6,en;q=0.4','2013-10-16 13:33:58','2013-10-16 13:33:58'),(161,0,'INV-2013-00',0,'Termorad','http://termorad.com/',11,1,'Ivan','Vicentijevic','ttmtake@gmail.com','3812789533','','Ivan','Vicentijevic','NetEffect','','','fdgdfg','','Kragujevac','','Srbija',243,'Šumadija',4006,'','Visa, Maestro, MasterCard (Intesa Payment)','intesapay','Ivan','Vicentijevic','NetEffect','fdgdfg','','Kragujevac','','Srbija',243,'Šumadija',4006,'','Besplatan transport','free.free','','15822.0000',0,0,'0.0000',7,4,'RSD','1.00000000','178.149.102.144','','Mozilla/5.0 (Windows NT 6.1; WOW64) AppleWebKit/537.36 (KHTML, like Gecko) Chrome/30.0.1599.69 Safari/537.36','sr-RS,sr;q=0.8,en-US;q=0.6,en;q=0.4','2013-10-16 13:38:44','2013-10-16 13:38:44'),(160,0,'INV-2013-00',0,'Termorad','http://termorad.com/',11,1,'Ivan','Vicentijevic','ttmtake@gmail.com','3812789533','','Ivan','Vicentijevic','NetEffect','','','fdgdfg','','Kragujevac','','Srbija',243,'Šumadija',4006,'','Visa, Maestro, MasterCard (Intesa Payment)','intesapay','Ivan','Vicentijevic','NetEffect','fdgdfg','','Kragujevac','','Srbija',243,'Šumadija',4006,'','Besplatan transport','free.free','','15822.0000',0,0,'0.0000',7,4,'RSD','1.00000000','178.149.102.144','','Mozilla/5.0 (Windows NT 6.1; WOW64) AppleWebKit/537.36 (KHTML, like Gecko) Chrome/30.0.1599.69 Safari/537.36','sr-RS,sr;q=0.8,en-US;q=0.6,en;q=0.4','2013-10-16 13:34:51','2013-10-16 13:34:51'),(162,0,'INV-2013-00',0,'Termorad','http://termorad.com/',11,1,'Ivan','Vicentijevic','ttmtake@gmail.com','3812789533','','Ivan','Vicentijevic','NetEffect','','','fdgdfg','','Kragujevac','','Srbija',243,'Šumadija',4006,'','Visa, Maestro, MasterCard (Intesa Payment)','intesapay','Ivan','Vicentijevic','NetEffect','fdgdfg','','Kragujevac','','Srbija',243,'Šumadija',4006,'','Besplatan transport','free.free','','15822.0000',0,0,'0.0000',7,4,'RSD','1.00000000','178.149.102.144','','Mozilla/5.0 (Windows NT 6.1; WOW64) AppleWebKit/537.36 (KHTML, like Gecko) Chrome/30.0.1599.69 Safari/537.36','sr-RS,sr;q=0.8,en-US;q=0.6,en;q=0.4','2013-10-16 13:40:35','2013-10-16 13:40:35'),(187,0,'INV-2013-00',0,'Termorad','http://termorad.com/',11,1,'Ivan','Vicentijevic','ttmtake@gmail.com','3812789533','','Ivan','Vicentijevic','NetEffect','','','fdgdfg','','Kragujevac','','Srbija',243,'Šumadija',4006,'','Visa, Maestro, MasterCard (Intesa Payment)','intesapay','Ivan','Vicentijevic','NetEffect','fdgdfg','','Kragujevac','','Srbija',243,'Šumadija',4006,'','Besplatan transport','free.free','','15822.0000',0,0,'0.0000',7,4,'RSD','1.00000000','178.149.102.144','','Mozilla/5.0 (Windows NT 6.1; WOW64) AppleWebKit/537.36 (KHTML, like Gecko) Chrome/30.0.1599.69 Safari/537.36','sr-RS,sr;q=0.8,en-US;q=0.6,en;q=0.4','2013-10-17 16:53:42','2013-10-17 16:53:42'),(188,0,'INV-2013-00',0,'Termorad','http://termorad.com/',11,1,'Ivan','Vicentijevic','ttmtake@gmail.com','3812789533','','Ivan','Vicentijevic','NetEffect','','','fdgdfg','','Kragujevac','','Srbija',243,'Šumadija',4006,'','Visa, Maestro, MasterCard (Intesa Payment)','intesapay','Ivan','Vicentijevic','NetEffect','fdgdfg','','Kragujevac','','Srbija',243,'Šumadija',4006,'','Besplatan transport','free.free','','3357.4800',0,0,'0.0000',7,4,'RSD','1.00000000','178.149.102.144','','Mozilla/5.0 (Windows NT 6.1; WOW64) AppleWebKit/537.36 (KHTML, like Gecko) Chrome/30.0.1599.69 Safari/537.36','sr-RS,sr;q=0.8,en-US;q=0.6,en;q=0.4','2013-10-17 17:03:54','2013-10-17 17:03:54'),(165,0,'INV-2013-00',0,'Termorad','http://termorad.com/',11,1,'Ivan','Vicentijevic','ttmtake@gmail.com','3812789533','','Ivan','Vicentijevic','NetEffect','','','fdgdfg','','Kragujevac','','Srbija',243,'Šumadija',4006,'','Visa, Maestro, MasterCard (Intesa Payment)','intesapay','Ivan','Vicentijevic','NetEffect','fdgdfg','','Kragujevac','','Srbija',243,'Šumadija',4006,'','Besplatan transport','free.free','','15822.0000',0,0,'0.0000',7,4,'RSD','1.00000000','178.149.102.144','','Mozilla/5.0 (Windows NT 6.1; WOW64) AppleWebKit/537.36 (KHTML, like Gecko) Chrome/30.0.1599.69 Safari/537.36','sr-RS,sr;q=0.8,en-US;q=0.6,en;q=0.4','2013-10-16 14:09:20','2013-10-16 14:09:20'),(166,0,'INV-2013-00',0,'Termorad','http://termorad.com/',11,1,'Ivan','Vicentijevic','ttmtake@gmail.com','3812789533','','Ivan','Vicentijevic','NetEffect','','','fdgdfg','','Kragujevac','','Srbija',243,'Šumadija',4006,'','Visa, Maestro, MasterCard (Intesa Payment)','intesapay','Ivan','Vicentijevic','NetEffect','fdgdfg','','Kragujevac','','Srbija',243,'Šumadija',4006,'','Besplatan transport','free.free','','96066.4800',0,0,'0.0000',7,4,'RSD','1.00000000','178.149.102.144','','Mozilla/5.0 (Windows NT 6.1; WOW64) AppleWebKit/537.36 (KHTML, like Gecko) Chrome/30.0.1599.69 Safari/537.36','sr-RS,sr;q=0.8,en-US;q=0.6,en;q=0.4','2013-10-17 09:30:52','2013-10-17 09:30:52'),(156,0,'INV-2013-00',0,'Termorad','http://termorad.com/',14,1,'Nebojša','Džoganović','dzoganovic@gmail.com','+38131523079','+381641206445','Nebojša','Džoganović','','','','Lipa 6','','Užice','31000','Srbija',243,'Zlatibor',4010,'','Plaćanje pouzećem','cod','Nebojša','Džoganović','','Lipa 6','','Užice','31000','Srbija',243,'Zlatibor',4010,'','Besplatan transport','free.free','','15031.3200',0,0,'0.0000',7,4,'RSD','1.00000000','79.101.83.50','','Mozilla/5.0 (compatible; MSIE 9.0; Windows NT 6.0; Trident/5.0)','sr','2013-10-05 08:31:42','2013-10-05 08:31:42'),(167,0,'INV-2013-00',0,'Termorad','http://termorad.com/',21,1,'Ivan','Test','iwqemax@gmail.com','123435','1231243','Ivan','Test','','','','asda 1','','hd','2341','Srbija',243,'Nišava',4014,'','Visa, Maestro, MasterCard (Intesa Payment)','intesapay','Ivan','Test','','asda 1','','hd','2341','Srbija',243,'Nišava',4014,'','Besplatan transport','free.free','','15822.0000',0,0,'0.0000',7,4,'RSD','1.00000000','212.200.146.38','','Mozilla/5.0 (Windows NT 6.1; WOW64; rv:24.0) Gecko/20100101 Firefox/24.0','en-US,en;q=0.5','2013-10-17 12:56:26','2013-10-17 12:56:26'),(189,0,'INV-2013-00',0,'Termorad','http://termorad.com/',11,1,'Ivan','Vicentijevic','ttmtake@gmail.com','3812789533','','Ivan','Vicentijevic','NetEffect','','','fdgdfg','','Kragujevac','','Srbija',243,'Šumadija',4006,'','Visa, Maestro, MasterCard (Intesa Payment)','intesapay','Ivan','Vicentijevic','NetEffect','fdgdfg','','Kragujevac','','Srbija',243,'Šumadija',4006,'','Besplatan transport','free.free','','3357.4800',0,0,'0.0000',7,4,'RSD','1.00000000','178.149.102.144','','Mozilla/5.0 (Windows NT 6.1; WOW64) AppleWebKit/537.36 (KHTML, like Gecko) Chrome/30.0.1599.69 Safari/537.36','sr-RS,sr;q=0.8,en-US;q=0.6,en;q=0.4','2013-10-17 17:07:46','2013-10-17 17:07:46'),(169,0,'INV-2013-00',0,'Termorad','http://termorad.com/',21,1,'Ivan','Test','iwqemax@gmail.com','123435','1231243','Ivan','Test','','','','asda 1','','hd','2341','Srbija',243,'Nišava',4014,'','Visa, Maestro, MasterCard (Intesa Payment)','intesapay','Ivan','Test','','asda 1','','hd','2341','Srbija',243,'Nišava',4014,'','Besplatan transport','free.free','','15822.0000',0,0,'0.0000',7,4,'RSD','1.00000000','212.200.146.38','','Mozilla/5.0 (Windows NT 6.1; WOW64; rv:24.0) Gecko/20100101 Firefox/24.0','en-US,en;q=0.5','2013-10-17 13:07:27','2013-10-17 13:07:27'),(190,0,'INV-2013-00',0,'Termorad','http://termorad.com/',11,1,'Ivan','Vicentijevic','ttmtake@gmail.com','3812789533','','Ivan','Vicentijevic','NetEffect','','','fdgdfg','','Kragujevac','','Srbija',243,'Šumadija',4006,'','Visa, Maestro, MasterCard (Intesa Payment)','intesapay','Ivan','Vicentijevic','NetEffect','fdgdfg','','Kragujevac','','Srbija',243,'Šumadija',4006,'','Besplatan transport','free.free','','3357.4800',0,0,'0.0000',7,4,'RSD','1.00000000','178.149.102.144','','Mozilla/5.0 (Windows NT 6.1; WOW64) AppleWebKit/537.36 (KHTML, like Gecko) Chrome/30.0.1599.69 Safari/537.36','sr-RS,sr;q=0.8,en-US;q=0.6,en;q=0.4','2013-10-17 17:25:33','2013-10-17 17:25:33'),(171,0,'INV-2013-00',0,'Termorad','http://termorad.com/',21,1,'Ivan','Test','iwqemax@gmail.com','123435','1231243','Ivan','Test','','','','asda 1','','hd','2341','Srbija',243,'Nišava',4014,'','Visa, Maestro, MasterCard (Intesa Payment)','intesapay','Ivan','Test','','asda 1','','hd','2341','Srbija',243,'Nišava',4014,'','Besplatan transport','free.free','','31644.0000',0,0,'0.0000',7,4,'RSD','1.00000000','212.200.146.38','','Mozilla/5.0 (Windows NT 6.1; WOW64; rv:24.0) Gecko/20100101 Firefox/24.0','en-US,en;q=0.5','2013-10-17 13:39:57','2013-10-17 13:39:57'),(172,0,'INV-2013-00',0,'Termorad','http://termorad.com/',19,1,'Ivan','Test','ivan.kostic@neteffect.rs','123456','123456','Ivan','Test','','','','Abc 1','','kg','34000','Srbija',243,'Šumadija',4006,'','Visa, Maestro, MasterCard (Intesa Payment)','intesapay','Ivan','Test','','Abc 1','','kg','34000','Srbija',243,'Šumadija',4006,'','Besplatan transport','free.free','','15822.0000',0,0,'0.0000',7,4,'RSD','1.00000000','212.200.146.38','','Mozilla/5.0 (Windows NT 6.1; WOW64; rv:24.0) Gecko/20100101 Firefox/24.0','en-US,en;q=0.5','2013-10-17 14:27:20','2013-10-17 14:27:20'),(173,0,'INV-2013-00',0,'Termorad','http://termorad.com/',19,1,'Ivan','Test','ivan.kostic@neteffect.rs','123456','123456','Ivan','Test','','','','Abc 1','','kg','34000','Srbija',243,'Šumadija',4006,'','Visa, Maestro, MasterCard (Intesa Payment)','intesapay','Ivan','Test','','Abc 1','','kg','34000','Srbija',243,'Šumadija',4006,'','Besplatan transport','free.free','','15822.0000',0,0,'0.0000',7,4,'RSD','1.00000000','212.200.146.38','','Mozilla/5.0 (Windows NT 6.1; WOW64; rv:24.0) Gecko/20100101 Firefox/24.0','en-US,en;q=0.5','2013-10-17 14:27:25','2013-10-17 14:27:25'),(174,0,'INV-2013-00',0,'Termorad','http://termorad.com/',19,1,'Ivan','Test','ivan.kostic@neteffect.rs','123456','123456','Ivan','Test','','','','Abc 1','','kg','34000','Srbija',243,'Šumadija',4006,'','Visa, Maestro, MasterCard (Intesa Payment)','intesapay','Ivan','Test','','Abc 1','','kg','34000','Srbija',243,'Šumadija',4006,'','Besplatan transport','free.free','','15822.0000',0,0,'0.0000',7,4,'RSD','1.00000000','212.200.146.38','','Mozilla/5.0 (Windows NT 6.1; WOW64; rv:24.0) Gecko/20100101 Firefox/24.0','en-US,en;q=0.5','2013-10-17 14:27:36','2013-10-17 14:27:36'),(175,0,'INV-2013-00',0,'Termorad','http://termorad.com/',19,1,'Ivan','Test','ivan.kostic@neteffect.rs','123456','123456','Ivan','Test','','','','Abc 1','','kg','34000','Srbija',243,'Šumadija',4006,'','Visa, Maestro, MasterCard (Intesa Payment)','intesapay','Ivan','Test','','Abc 1','','kg','34000','Srbija',243,'Šumadija',4006,'','Besplatan transport','free.free','','15822.0000',0,0,'0.0000',7,4,'RSD','1.00000000','212.200.146.38','','Mozilla/5.0 (Windows NT 6.1; WOW64; rv:24.0) Gecko/20100101 Firefox/24.0','en-US,en;q=0.5','2013-10-17 14:27:51','2013-10-17 14:27:51'),(176,0,'INV-2013-00',0,'Termorad','http://termorad.com/',19,1,'Ivan','Test','ivan.kostic@neteffect.rs','123456','123456','Ivan','Test','','','','Abc 1','','kg','34000','Srbija',243,'Šumadija',4006,'','Visa, Maestro, MasterCard (Intesa Payment)','intesapay','Ivan','Test','','Abc 1','','kg','34000','Srbija',243,'Šumadija',4006,'','Besplatan transport','free.free','','15822.0000',0,0,'0.0000',7,4,'RSD','1.00000000','212.200.146.38','','Mozilla/5.0 (Windows NT 6.1; WOW64; rv:24.0) Gecko/20100101 Firefox/24.0','en-US,en;q=0.5','2013-10-17 14:28:15','2013-10-17 14:28:15'),(177,0,'INV-2013-00',0,'Termorad','http://termorad.com/',19,1,'Ivan','Test','ivan.kostic@neteffect.rs','123456','123456','Ivan','Test','','','','Abc 1','','kg','34000','Srbija',243,'Šumadija',4006,'','Visa, Maestro, MasterCard (Intesa Payment)','intesapay','Ivan','Test','','Abc 1','','kg','34000','Srbija',243,'Šumadija',4006,'','Besplatan transport','free.free','','15822.0000',0,0,'0.0000',7,4,'RSD','1.00000000','212.200.146.38','','Mozilla/5.0 (Windows NT 6.1; WOW64; rv:24.0) Gecko/20100101 Firefox/24.0','en-US,en;q=0.5','2013-10-17 14:28:18','2013-10-17 14:28:18'),(178,0,'INV-2013-00',0,'Termorad','http://termorad.com/',19,1,'Ivan','Test','ivan.kostic@neteffect.rs','123456','123456','Ivan','Test','','','','Abc 1','','kg','34000','Srbija',243,'Šumadija',4006,'','Visa, Maestro, MasterCard (Intesa Payment)','intesapay','Ivan','Test','','Abc 1','','kg','34000','Srbija',243,'Šumadija',4006,'','Besplatan transport','free.free','','15822.0000',0,0,'0.0000',7,4,'RSD','1.00000000','212.200.146.38','','Mozilla/5.0 (Windows NT 6.1; WOW64; rv:24.0) Gecko/20100101 Firefox/24.0','en-US,en;q=0.5','2013-10-17 14:28:42','2013-10-17 14:28:42'),(179,0,'INV-2013-00',0,'Termorad','http://termorad.com/',19,1,'Ivan','Test','ivan.kostic@neteffect.rs','123456','123456','Ivan','Test','','','','Abc 1','','kg','34000','Srbija',243,'Šumadija',4006,'','Visa, Maestro, MasterCard (Intesa Payment)','intesapay','Ivan','Test','','Abc 1','','kg','34000','Srbija',243,'Šumadija',4006,'','Besplatan transport','free.free','','15822.0000',0,0,'0.0000',7,4,'RSD','1.00000000','212.200.146.38','','Mozilla/5.0 (Windows NT 6.1; WOW64; rv:24.0) Gecko/20100101 Firefox/24.0','en-US,en;q=0.5','2013-10-17 14:29:09','2013-10-17 14:29:09'),(180,0,'INV-2013-00',0,'Termorad','http://termorad.com/',19,1,'Ivan','Test','ivan.kostic@neteffect.rs','123456','123456','Ivan','Test','','','','Abc 1','','kg','34000','Srbija',243,'Šumadija',4006,'','Visa, Maestro, MasterCard (Intesa Payment)','intesapay','Ivan','Test','','Abc 1','','kg','34000','Srbija',243,'Šumadija',4006,'','Besplatan transport','free.free','','15822.0000',0,0,'0.0000',7,4,'RSD','1.00000000','212.200.146.38','','Mozilla/5.0 (Windows NT 6.1; WOW64; rv:24.0) Gecko/20100101 Firefox/24.0','en-US,en;q=0.5','2013-10-17 14:29:37','2013-10-17 14:29:37'),(181,0,'INV-2013-00',0,'Termorad','http://termorad.com/',19,1,'Ivan','Test','ivan.kostic@neteffect.rs','123456','123456','Ivan','Test','','','','Abc 1','','kg','34000','Srbija',243,'Šumadija',4006,'','Visa, Maestro, MasterCard (Intesa Payment)','intesapay','Ivan','Test','','Abc 1','','kg','34000','Srbija',243,'Šumadija',4006,'','Besplatan transport','free.free','','15822.0000',0,0,'0.0000',7,4,'RSD','1.00000000','212.200.146.38','','Mozilla/5.0 (Windows NT 6.1; WOW64; rv:24.0) Gecko/20100101 Firefox/24.0','en-US,en;q=0.5','2013-10-17 14:31:19','2013-10-17 14:31:19'),(182,0,'INV-2013-00',0,'Termorad','http://termorad.com/',19,1,'Ivan','Test','ivan.kostic@neteffect.rs','123456','123456','Ivan','Test','','','','Abc 1','','kg','34000','Srbija',243,'Šumadija',4006,'','Plaćanje pouzećem','cod','Ivan','Test','','Abc 1','','kg','34000','Srbija',243,'Šumadija',4006,'','Besplatan transport','free.free','','15822.0000',0,0,'0.0000',7,4,'RSD','1.00000000','212.200.146.38','','Mozilla/5.0 (Windows NT 6.1; WOW64; rv:24.0) Gecko/20100101 Firefox/24.0','en-US,en;q=0.5','2013-10-17 14:31:24','2013-10-17 14:31:24'),(183,0,'INV-2013-00',0,'Termorad','http://termorad.com/',19,1,'Ivan','Test','ivan.kostic@neteffect.rs','123456','123456','Ivan','Test','','','','Abc 1','','kg','34000','Srbija',243,'Šumadija',4006,'','Visa, Maestro, MasterCard (Intesa Payment)','intesapay','Ivan','Test','','Abc 1','','kg','34000','Srbija',243,'Šumadija',4006,'','Besplatan transport','free.free','','15822.0000',0,0,'0.0000',7,4,'RSD','1.00000000','212.200.146.38','','Mozilla/5.0 (Windows NT 6.1; WOW64; rv:24.0) Gecko/20100101 Firefox/24.0','en-US,en;q=0.5','2013-10-17 14:31:39','2013-10-17 14:31:39'),(184,0,'INV-2013-00',0,'Termorad','http://termorad.com/',19,1,'Ivan','Test','ivan.kostic@neteffect.rs','123456','123456','Ivan','Test','','','','Abc 1','','kg','34000','Srbija',243,'Šumadija',4006,'','Visa, Maestro, MasterCard (Intesa Payment)','intesapay','Ivan','Test','','Abc 1','','kg','34000','Srbija',243,'Šumadija',4006,'','Besplatan transport','free.free','','15822.0000',0,0,'0.0000',7,4,'RSD','1.00000000','212.200.146.38','','Mozilla/5.0 (Windows NT 6.1; WOW64; rv:24.0) Gecko/20100101 Firefox/24.0','en-US,en;q=0.5','2013-10-17 14:40:44','2013-10-17 14:40:44'),(185,0,'INV-2013-00',0,'Termorad','http://termorad.com/',19,1,'Ivan','Test','ivan.kostic@neteffect.rs','123456','123456','Ivan','Test','','','','Abc 1','','kg','34000','Srbija',243,'Šumadija',4006,'','Visa, Maestro, MasterCard (Intesa Payment)','intesapay','Ivan','Test','','Abc 1','','kg','34000','Srbija',243,'Šumadija',4006,'','Besplatan transport','free.free','','15822.0000',0,0,'0.0000',7,4,'RSD','1.00000000','212.200.146.38','','Mozilla/5.0 (Windows NT 6.1; WOW64; rv:24.0) Gecko/20100101 Firefox/24.0','en-US,en;q=0.5','2013-10-17 14:53:01','2013-10-17 14:53:01'),(186,0,'INV-2013-00',0,'Termorad','http://termorad.com/',11,1,'Ivan','Vicentijevic','ttmtake@gmail.com','3812789533','','Ivan','Vicentijevic','NetEffect','','','fdgdfg','','Kragujevac','','Srbija',243,'Šumadija',4006,'','Visa, Maestro, MasterCard (Intesa Payment)','intesapay','Ivan','Vicentijevic','NetEffect','fdgdfg','','Kragujevac','','Srbija',243,'Šumadija',4006,'','Besplatan transport','free.free','','111888.4800',0,0,'0.0000',7,4,'RSD','1.00000000','178.149.102.144','','Mozilla/5.0 (Windows NT 6.1; WOW64) AppleWebKit/537.36 (KHTML, like Gecko) Chrome/30.0.1599.69 Safari/537.36','sr-RS,sr;q=0.8,en-US;q=0.6,en;q=0.4','2013-10-17 16:50:54','2013-10-17 16:50:54'),(193,0,'INV-2013-00',0,'Termorad','http://termorad.com/',11,1,'Ivan','Vicentijevic','ttmtake@gmail.com','3812789533','','Ivan','Vicentijevic','NetEffect','','','fdgdfg','','Kragujevac','','Srbija',243,'Šumadija',4006,'','Visa, Maestro, MasterCard (Intesa Payment)','intesapay','Ivan','Vicentijevic','NetEffect','fdgdfg','','Kragujevac','','Srbija',243,'Šumadija',4006,'','Besplatan transport','free.free','','80244.4800',0,0,'0.0000',7,4,'RSD','1.00000000','178.149.102.144','','Mozilla/5.0 (Windows NT 6.1; WOW64) AppleWebKit/537.36 (KHTML, like Gecko) Chrome/30.0.1599.69 Safari/537.36','sr-RS,sr;q=0.8,en-US;q=0.6,en;q=0.4','2013-10-17 18:38:14','2013-10-17 18:38:14'),(207,0,'INV-2013-00',0,'Termorad','http://termorad.com/',23,1,'Sasa','Birovljev','aleksandar.birovljev@bancaintesa.rs','064','','Sasa','Birovljev','','','','Bul','','Bgd','','Srbija',243,'Belgrade',3994,'','Visa, Maestro, MasterCard (Intesa Payment)','intesapay','Sasa','Birovljev','','Bul','','Bgd','','Srbija',243,'Belgrade',3994,'','Besplatan transport','free.free','','951.9600',0,0,'0.0000',7,4,'RSD','1.00000000','195.46.53.200','','Mozilla/5.0 (Windows NT 5.1) AppleWebKit/537.36 (KHTML, like Gecko) Chrome/30.0.1599.101 Safari/537.36','en-US,en;q=0.8','2013-10-28 12:52:11','2013-10-28 12:52:11'),(208,0,'INV-2013-00',0,'Termorad','http://termorad.com/',23,1,'Sasa','Birovljev','aleksandar.birovljev@bancaintesa.rs','064','','Sasa','Birovljev','','','','Bul','','Bgd','','Srbija',243,'Belgrade',3994,'','Visa, Maestro, MasterCard (Intesa Payment)','intesapay','Sasa','Birovljev','','Bul','','Bgd','','Srbija',243,'Belgrade',3994,'','Besplatan transport','free.free','','1968.2400',0,0,'0.0000',7,4,'RSD','1.00000000','195.46.53.200','','Mozilla/5.0 (Windows NT 5.1) AppleWebKit/537.36 (KHTML, like Gecko) Chrome/30.0.1599.101 Safari/537.36','en-US,en;q=0.8','2013-10-28 12:56:03','2013-10-28 12:56:03'),(194,1,'INV-2013-00',0,'Termorad','http://termorad.com/',22,1,'Goran','Stanojevic','saca13@ptt.rs','064/15-47-992','064/15-47-992','Goran','Stanojevic','','','','Damnjana Maksica 1A/16','','Krusevac','37000','Srbija',243,'Rasina',4013,'','Plaćanje pouzećem','cod','Goran','Stanojevic','','Damnjana Maksica 1A/16','','Krusevac','37000','Srbija',243,'Rasina',4013,'','Besplatan transport','free.free','','2894.4000',5,0,'0.0000',7,4,'RSD','1.00000000','178.149.49.130','','Opera/9.80 (Windows NT 5.1) Presto/2.12.388 Version/12.16','en-US,en;q=0.9','2013-10-20 21:18:13','2013-10-24 13:30:56'),(204,0,'INV-2013-00',0,'Termorad','http://termorad.com/',23,1,'Sasa','Birovljev','aleksandar.birovljev@bancaintesa.rs','064','','Sasa','Birovljev','','','','Bul','','Bgd','','Srbija',243,'Belgrade',3994,'','Visa, Maestro, MasterCard (Intesa Payment)','intesapay','Sasa','Birovljev','','Bul','','Bgd','','Srbija',243,'Belgrade',3994,'','Besplatan transport','free.free','','1851.6000',0,0,'0.0000',7,4,'RSD','1.00000000','195.46.53.200','','Mozilla/5.0 (Windows NT 5.1) AppleWebKit/537.36 (KHTML, like Gecko) Chrome/30.0.1599.101 Safari/537.36','en-US,en;q=0.8','2013-10-28 12:31:04','2013-10-28 12:33:42'),(205,0,'INV-2013-00',0,'Termorad','http://termorad.com/',23,1,'Sasa','Birovljev','aleksandar.birovljev@bancaintesa.rs','064','','Sasa','Birovljev','','','','Bul','','Bgd','','Srbija',243,'Belgrade',3994,'','Visa, Maestro, MasterCard (Intesa Payment)','intesapay','Sasa','Birovljev','','Bul','','Bgd','','Srbija',243,'Belgrade',3994,'','Besplatan transport','free.free','','2894.4000',0,0,'0.0000',7,4,'RSD','1.00000000','195.46.53.200','','Mozilla/5.0 (Windows NT 5.1) AppleWebKit/537.36 (KHTML, like Gecko) Chrome/30.0.1599.101 Safari/537.36','en-US,en;q=0.8','2013-10-28 12:45:14','2013-10-28 12:45:14'),(206,0,'INV-2013-00',0,'Termorad','http://termorad.com/',23,1,'Sasa','Birovljev','aleksandar.birovljev@bancaintesa.rs','064','','Sasa','Birovljev','','','','Bul','','Bgd','','Srbija',243,'Belgrade',3994,'','Visa, Maestro, MasterCard (Intesa Payment)','intesapay','Sasa','Birovljev','','Bul','','Bgd','','Srbija',243,'Belgrade',3994,'','Besplatan transport','free.free','','10393.9200',5,0,'0.0000',7,4,'RSD','1.00000000','195.46.53.200','','Mozilla/5.0 (Windows NT 5.1) AppleWebKit/537.36 (KHTML, like Gecko) Chrome/30.0.1599.101 Safari/537.36','en-US,en;q=0.8','2013-10-28 12:48:08','2013-11-12 22:33:25'),(209,0,'INV-2013-00',0,'Termorad','http://termorad.com/',23,1,'Sasa','Birovljev','aleksandar.birovljev@bancaintesa.rs','064','','Sasa','Birovljev','','','','Bul','','Bgd','','Srbija',243,'Belgrade',3994,'','Visa, Maestro, MasterCard (Intesa Payment)','intesapay','Sasa','Birovljev','','Bul','','Bgd','','Srbija',243,'Belgrade',3994,'','Besplatan transport','free.free','','1968.2400',0,0,'0.0000',7,4,'RSD','1.00000000','195.46.53.200','','Mozilla/5.0 (Windows NT 5.1) AppleWebKit/537.36 (KHTML, like Gecko) Chrome/30.0.1599.101 Safari/537.36','en-US,en;q=0.8','2013-10-28 12:59:18','2013-10-28 12:59:18'),(479,0,'INV-2013-00',0,'Termorad','http://termorad.com/',21,1,'Ivan','Test','iwqemax@gmail.com','123435','1231243','Ivan','Test','','','','asda 1','','hd','2341','Srbija',243,'Nišava',4014,'','Visa, Maestro, MasterCard (Intesa Payment)','intesapay','Ivan','Test','','asda 1','','hd','2341','Srbija',243,'Nišava',4014,'','Besplatan transport','free.free','','39624.0000',0,0,'0.0000',7,4,'RSD','1.00000000','212.200.146.37','','Mozilla/5.0 (Windows NT 6.3; WOW64; rv:25.0) Gecko/20100101 Firefox/25.0','en-US,en;q=0.5','2013-11-07 11:52:39','2013-11-07 11:52:39'),(283,0,'INV-2013-00',0,'Termorad','http://termorad.com/',21,1,'Ivan','Test','iwqemax@gmail.com','123435','1231243','Ivan','Test','','','','asda 1','','hd','2341','Srbija',243,'Nišava',4014,'','Visa, Maestro, MasterCard (Intesa Payment)','intesapay','Ivan','Test','','asda 1','','hd','2341','Srbija',243,'Nišava',4014,'','Besplatan transport','free.free','','51600.0000',0,0,'0.0000',7,4,'RSD','1.00000000','212.200.146.38','','Mozilla/5.0 (Windows NT 6.2; WOW64; rv:25.0) Gecko/20100101 Firefox/25.0','en-US,en;q=0.5','2013-10-31 10:39:16','2013-10-31 10:39:40'),(249,0,'INV-2013-00',0,'Termorad','http://termorad.com/',21,1,'Ivan','Test','iwqemax@gmail.com','123435','1231243','Ivan','Test','','','','asda 1','','hd','2341','Srbija',243,'Nišava',4014,'','Visa, Maestro, MasterCard (Intesa Payment)','intesapay','Ivan','Test','','asda 1','','hd','2341','Srbija',243,'Nišava',4014,'','Besplatan transport','free.free','','10393.9200',0,0,'0.0000',7,4,'RSD','1.00000000','212.200.146.38','','Mozilla/5.0 (Windows NT 6.2; WOW64; rv:24.0) Gecko/20100101 Firefox/24.0','en-US,en;q=0.5','2013-10-30 13:02:48','2013-10-30 13:02:48'),(250,0,'INV-2013-00',0,'Termorad','http://termorad.com/',11,1,'Ivan','Vicentijevic','ttmtake@gmail.com','3812789533','','Ivan','Vicentijevic','NetEffect','','','fdgdfg','','Kragujevac','','Srbija',243,'Šumadija',4006,'','Visa, Maestro, MasterCard (Intesa Payment)','intesapay','Ivan','Vicentijevic','NetEffect','fdgdfg','','Kragujevac','','Srbija',243,'Šumadija',4006,'','Besplatan transport','free.free','','80244.4800',0,0,'0.0000',7,4,'RSD','1.00000000','212.200.146.38','','Mozilla/5.0 (Windows NT 6.2; WOW64) AppleWebKit/537.36 (KHTML, like Gecko) Chrome/30.0.1599.101 Safari/537.36','sr-RS,sr;q=0.8,en-US;q=0.6,en;q=0.4','2013-10-30 13:04:29','2013-10-30 13:04:29'),(251,0,'INV-2013-00',0,'Termorad','http://termorad.com/',21,1,'Ivan','Test','iwqemax@gmail.com','123435','1231243','Ivan','Test','','','','asda 1','','hd','2341','Srbija',243,'Nišava',4014,'','Visa, Maestro, MasterCard (Intesa Payment)','intesapay','Ivan','Test','','asda 1','','hd','2341','Srbija',243,'Nišava',4014,'','Besplatan transport','free.free','','2894.4000',0,0,'0.0000',7,4,'RSD','1.00000000','212.200.146.38','','Mozilla/5.0 (Windows NT 6.2; WOW64; rv:24.0) Gecko/20100101 Firefox/24.0','en-US,en;q=0.5','2013-10-30 13:05:01','2013-10-30 13:05:01'),(569,0,'INV-2013-00',0,'Termorad','http://www.termorad.com/',75,1,'Ivan','Vicentijevic','ttmtake@gmail.com','3812789533','','Ivan','Vicentijevic','','','','address','','Kragujevac','34000','Srbija',243,'Pirot',4016,'','Visa, Maestro, MasterCard (Intesa Payment)','intesapay','Ivan','Vicentijevic','','address','','Kragujevac','34000','Srbija',243,'Pirot',4016,'','Besplatan transport','free.free','','15822.0000',0,0,'0.0000',7,4,'RSD','1.00000000','178.149.102.144','','Mozilla/5.0 (Windows NT 6.1; WOW64) AppleWebKit/537.36 (KHTML, like Gecko) Chrome/31.0.1650.63 Safari/537.36','sr-RS,sr;q=0.8,en-US;q=0.6,en;q=0.4,hr;q=0.2,nl;q=0.2','2013-12-07 12:51:52','2013-12-07 12:51:52'),(517,0,'INV-2013-00',0,'Termorad','http://termorad.com/',68,1,'test','test','iwqemax@gmail.com','11111111111','','test','test','','','','asdfdasf','','kg','3400','Srbija',243,'North Bačka',3995,'','Visa, Maestro, MasterCard (Intesa Payment)','intesapay','test','test','','asdfdasf','','kg','3400','Srbija',243,'North Bačka',3995,'','Besplatan transport','free.free','','1851.6000',0,0,'0.0000',7,4,'RSD','1.00000000','212.200.146.37','','Mozilla/5.0 (Windows NT 6.3; WOW64; rv:25.0) Gecko/20100101 Firefox/25.0','en-US,en;q=0.5','2013-11-14 08:50:08','2013-11-14 08:50:08'),(268,0,'INV-2013-00',0,'Termorad','http://termorad.com/',21,1,'Ivan','Test','iwqemax@gmail.com','123435','1231243','Ivan','Test','','','','asda 1','','hd','2341','Srbija',243,'Nišava',4014,'','Visa, Maestro, MasterCard (Intesa Payment)','intesapay','Ivan','Test','','asda 1','','hd','2341','Srbija',243,'Nišava',4014,'','Besplatan transport','free.free','','2379.8400',0,0,'0.0000',7,4,'RSD','1.00000000','212.200.146.38','','Mozilla/5.0 (Windows NT 6.2; WOW64; rv:24.0) Gecko/20100101 Firefox/24.0','en-US,en;q=0.5','2013-10-30 15:26:18','2013-10-30 15:26:48'),(269,0,'INV-2013-00',0,'Termorad','http://termorad.com/',19,1,'Ivan','Test','ivan.kostic@neteffect.rs','123456','123456','Ivan','Test','','','','Abc 1','','kg','34000','Srbija',243,'Šumadija',4006,'','Visa, Maestro, MasterCard (Intesa Payment)','intesapay','Ivan','Test','','Abc 1','','kg','34000','Srbija',243,'Šumadija',4006,'','Besplatan transport','free.free','','18786.0000',0,0,'0.0000',7,4,'RSD','1.00000000','212.200.146.38','','Mozilla/5.0 (Windows NT 6.2; WOW64; rv:24.0) Gecko/20100101 Firefox/24.0','en-US,en;q=0.5','2013-10-30 15:32:10','2013-10-30 15:32:39'),(270,0,'INV-2013-00',0,'Termorad','http://termorad.com/',21,1,'Ivan','Test','iwqemax@gmail.com','123435','1231243','Ivan','Test','','','','asda 1','','hd','2341','Srbija',243,'Nišava',4014,'','Visa, Maestro, MasterCard (Intesa Payment)','intesapay','Ivan','Test','','asda 1','','hd','2341','Srbija',243,'Nišava',4014,'','Besplatan transport','free.free','','1981.2000',0,0,'0.0000',7,4,'RSD','1.00000000','212.200.146.38','','Mozilla/5.0 (Windows NT 6.2; WOW64; rv:24.0) Gecko/20100101 Firefox/24.0','en-US,en;q=0.5','2013-10-30 15:55:19','2013-10-30 15:55:47'),(271,0,'INV-2013-00',0,'Termorad','http://termorad.com/',11,1,'Ivan','Vicentijevic','ttmtake@gmail.com','3812789533','','Ivan','Vicentijevic','NetEffect','','','fdgdfg','','Kragujevac','','Srbija',243,'Šumadija',4006,'','Visa, Maestro, MasterCard (Intesa Payment)','intesapay','Ivan','Vicentijevic','NetEffect','fdgdfg','','Kragujevac','','Srbija',243,'Šumadija',4006,'','Besplatan transport','free.free','','80244.4800',0,0,'0.0000',7,4,'RSD','1.00000000','178.149.102.144','','Mozilla/5.0 (Windows NT 6.1; WOW64) AppleWebKit/537.36 (KHTML, like Gecko) Chrome/30.0.1599.101 Safari/537.36','sr-RS,sr;q=0.8,en-US;q=0.6,en;q=0.4','2013-10-30 17:20:50','2013-10-30 17:21:16'),(470,0,'INV-2013-00',0,'Termorad','http://termorad.com/',11,1,'Ivan','Vicentijevic','ttmtake@gmail.com','3812789533','','Ivan','Vicentijevic','NetEffect','','','fdgdfg','','Kragujevac','','Srbija',243,'Šumadija',4006,'','Visa, Maestro, MasterCard (Intesa Payment)','intesapay','Ivan','Vicentijevic','NetEffect','fdgdfg','','Kragujevac','','Srbija',243,'Šumadija',4006,'','Besplatan transport','free.free','','15822.0000',0,0,'0.0000',7,4,'RSD','1.00000000','178.149.102.144','','Mozilla/5.0 (Windows NT 6.1; WOW64) AppleWebKit/537.36 (KHTML, like Gecko) Chrome/30.0.1599.101 Safari/537.36','sr-RS,sr;q=0.8,en-US;q=0.6,en;q=0.4','2013-11-07 09:34:53','2013-11-07 09:34:53'),(471,0,'INV-2013-00',0,'Termorad','http://termorad.com/',21,1,'Ivan','Test','iwqemax@gmail.com','123435','1231243','Ivan','Test','','','','asda 1','','hd','2341','Srbija',243,'Nišava',4014,'','Visa, Maestro, MasterCard (Intesa Payment)','intesapay','Ivan','Test','','asda 1','','hd','2341','Srbija',243,'Nišava',4014,'','Besplatan transport','free.free','','18394.8000',0,0,'0.0000',7,4,'RSD','1.00000000','212.200.146.37','','Mozilla/5.0 (Windows NT 6.3; WOW64; rv:25.0) Gecko/20100101 Firefox/25.0','en-US,en;q=0.5','2013-11-07 10:05:26','2013-11-07 10:05:26'),(472,0,'INV-2013-00',0,'Termorad','http://termorad.com/',21,1,'Ivan','Test','iwqemax@gmail.com','123435','1231243','Ivan','Test','','','','asda 1','','hd','2341','Srbija',243,'Nišava',4014,'','Visa, Maestro, MasterCard (Intesa Payment)','intesapay','Ivan','Test','','asda 1','','hd','2341','Srbija',243,'Nišava',4014,'','Besplatan transport','free.free','','3357.4800',0,0,'0.0000',7,4,'RSD','1.00000000','212.200.146.37','','Mozilla/5.0 (Windows NT 6.3; WOW64; rv:25.0) Gecko/20100101 Firefox/25.0','en-US,en;q=0.5','2013-11-07 10:08:11','2013-11-07 10:08:11'),(473,0,'INV-2013-00',0,'Termorad','http://termorad.com/',21,1,'Ivan','Test','iwqemax@gmail.com','123435','1231243','Ivan','Test','','','','asda 1','','hd','2341','Srbija',243,'Nišava',4014,'','Visa, Maestro, MasterCard (Intesa Payment)','intesapay','Ivan','Test','','asda 1','','hd','2341','Srbija',243,'Nišava',4014,'','Besplatan transport','free.free','','80244.4800',0,0,'0.0000',7,4,'RSD','1.00000000','212.200.146.37','','Mozilla/5.0 (Windows NT 6.3; WOW64; rv:25.0) Gecko/20100101 Firefox/25.0','en-US,en;q=0.5','2013-11-07 10:16:57','2013-11-07 10:16:57'),(474,0,'INV-2013-00',0,'Termorad','http://termorad.com/',21,1,'Ivan','Test','iwqemax@gmail.com','123435','1231243','Ivan','Test','','','','asda 1','','hd','2341','Srbija',243,'Nišava',4014,'','Visa, Maestro, MasterCard (Intesa Payment)','intesapay','Ivan','Test','','asda 1','','hd','2341','Srbija',243,'Nišava',4014,'','Besplatan transport','free.free','','51600.0000',0,0,'0.0000',7,4,'RSD','1.00000000','212.200.146.37','','Mozilla/5.0 (Windows NT 6.3; WOW64; rv:25.0) Gecko/20100101 Firefox/25.0','en-US,en;q=0.5','2013-11-07 10:21:07','2013-11-07 10:21:07'),(265,0,'INV-2013-00',0,'Termorad','http://termorad.com/',21,1,'Ivan','Test','iwqemax@gmail.com','123435','1231243','Ivan','Test','','','','asda 1','','hd','2341','Srbija',243,'Nišava',4014,'','Visa, Maestro, MasterCard (Intesa Payment)','intesapay','Ivan','Test','','asda 1','','hd','2341','Srbija',243,'Nišava',4014,'','Besplatan transport','free.free','','39624.0000',0,0,'0.0000',7,4,'RSD','1.00000000','212.200.146.38','','Mozilla/5.0 (Windows NT 6.2; WOW64; rv:24.0) Gecko/20100101 Firefox/24.0','en-US,en;q=0.5','2013-10-30 15:00:05','2013-10-30 15:00:26'),(266,0,'INV-2013-00',0,'Termorad','http://termorad.com/',21,1,'Ivan','Test','iwqemax@gmail.com','123435','1231243','Ivan','Test','','','','asda 1','','hd','2341','Srbija',243,'Nišava',4014,'','Visa, Maestro, MasterCard (Intesa Payment)','intesapay','Ivan','Test','','asda 1','','hd','2341','Srbija',243,'Nišava',4014,'','Besplatan transport','free.free','','7332.3600',0,0,'0.0000',7,4,'RSD','1.00000000','212.200.146.38','','Mozilla/5.0 (Windows NT 6.2; WOW64; rv:24.0) Gecko/20100101 Firefox/24.0','en-US,en;q=0.5','2013-10-30 15:03:47','2013-10-30 15:04:25'),(267,0,'INV-2013-00',0,'Termorad','http://termorad.com/',21,1,'Ivan','Test','iwqemax@gmail.com','123435','1231243','Ivan','Test','','','','asda 1','','hd','2341','Srbija',243,'Nišava',4014,'','Visa, Maestro, MasterCard (Intesa Payment)','intesapay','Ivan','Test','','asda 1','','hd','2341','Srbija',243,'Nišava',4014,'','Besplatan transport','free.free','','14412.0000',0,0,'0.0000',7,4,'RSD','1.00000000','212.200.146.38','','Mozilla/5.0 (Windows NT 6.2; WOW64; rv:24.0) Gecko/20100101 Firefox/24.0','en-US,en;q=0.5','2013-10-30 15:20:59','2013-10-30 15:21:21'),(475,0,'INV-2013-00',0,'Termorad','http://termorad.com/',21,1,'Ivan','Test','iwqemax@gmail.com','123435','1231243','Ivan','Test','','','','asda 1','','hd','2341','Srbija',243,'Nišava',4014,'','Visa, Maestro, MasterCard (Intesa Payment)','intesapay','Ivan','Test','','asda 1','','hd','2341','Srbija',243,'Nišava',4014,'','Besplatan transport','free.free','','15822.0000',0,0,'0.0000',7,4,'RSD','1.00000000','212.200.146.37','','Mozilla/5.0 (Windows NT 6.3; WOW64; rv:25.0) Gecko/20100101 Firefox/25.0','en-US,en;q=0.5','2013-11-07 10:22:31','2013-11-07 10:22:31'),(476,0,'INV-2013-00',0,'Termorad','http://termorad.com/',21,1,'Ivan','Test','iwqemax@gmail.com','123435','1231243','Ivan','Test','','','','asda 1','','hd','2341','Srbija',243,'Nišava',4014,'','Visa, Maestro, MasterCard (Intesa Payment)','intesapay','Ivan','Test','','asda 1','','hd','2341','Srbija',243,'Nišava',4014,'','Besplatan transport','free.free','','3601.9200',0,0,'0.0000',7,4,'RSD','1.00000000','212.200.146.37','','Mozilla/5.0 (Windows NT 6.3; WOW64; rv:25.0) Gecko/20100101 Firefox/25.0','en-US,en;q=0.5','2013-11-07 10:25:33','2013-11-07 10:25:33'),(477,0,'INV-2013-00',0,'Termorad','http://termorad.com/',21,1,'Ivan','Test','iwqemax@gmail.com','123435','1231243','Ivan','Test','','','','asda 1','','hd','2341','Srbija',243,'Nišava',4014,'','Visa, Maestro, MasterCard (Intesa Payment)','intesapay','Ivan','Test','','asda 1','','hd','2341','Srbija',243,'Nišava',4014,'','Besplatan transport','free.free','','7332.3600',0,0,'0.0000',7,4,'RSD','1.00000000','212.200.146.37','','Mozilla/5.0 (Windows NT 6.3; WOW64; rv:25.0) Gecko/20100101 Firefox/25.0','en-US,en;q=0.5','2013-11-07 10:26:56','2013-11-07 10:26:56'),(478,0,'INV-2013-00',0,'Termorad','http://termorad.com/',21,1,'Ivan','Test','iwqemax@gmail.com','123435','1231243','Ivan','Test','','','','asda 1','','hd','2341','Srbija',243,'Nišava',4014,'','Visa, Maestro, MasterCard (Intesa Payment)','intesapay','Ivan','Test','','asda 1','','hd','2341','Srbija',243,'Nišava',4014,'','Besplatan transport','free.free','','87576.8400',0,0,'0.0000',7,4,'RSD','1.00000000','212.200.146.37','','Mozilla/5.0 (Windows NT 6.3; WOW64; rv:25.0) Gecko/20100101 Firefox/25.0','en-US,en;q=0.5','2013-11-07 11:23:04','2013-11-07 11:23:04'),(233,0,'INV-2013-00',0,'Termorad','http://termorad.com/',21,1,'Ivan','Test','iwqemax@gmail.com','123435','1231243','Ivan','Test','','','','asda 1','','hd','2341','Srbija',243,'Nišava',4014,'','Visa, Maestro, MasterCard (Intesa Payment)','intesapay','Ivan','Test','','asda 1','','hd','2341','Srbija',243,'Nišava',4014,'','Besplatan transport','free.free','','15822.0000',0,0,'0.0000',7,4,'RSD','1.00000000','212.200.146.38','','Mozilla/5.0 (Windows NT 6.2; WOW64; rv:24.0) Gecko/20100101 Firefox/24.0','en-US,en;q=0.5','2013-10-30 12:00:18','2013-10-30 12:00:18'),(234,0,'INV-2013-00',0,'Termorad','http://termorad.com/',21,1,'Ivan','Test','iwqemax@gmail.com','123435','1231243','Ivan','Test','','','','asda 1','','hd','2341','Srbija',243,'Nišava',4014,'','Visa, Maestro, MasterCard (Intesa Payment)','intesapay','Ivan','Test','','asda 1','','hd','2341','Srbija',243,'Nišava',4014,'','Besplatan transport','free.free','','15822.0000',0,0,'0.0000',7,4,'RSD','1.00000000','212.200.146.38','','Mozilla/5.0 (Windows NT 6.2; WOW64; rv:24.0) Gecko/20100101 Firefox/24.0','en-US,en;q=0.5','2013-10-30 12:01:38','2013-10-30 12:01:38'),(235,0,'INV-2013-00',0,'Termorad','http://termorad.com/',11,1,'Ivan','Vicentijevic','ttmtake@gmail.com','3812789533','','Ivan','Vicentijevic','NetEffect','','','fdgdfg','','Kragujevac','','Srbija',243,'Šumadija',4006,'','Visa, Maestro, MasterCard (Intesa Payment)','intesapay','Ivan','Vicentijevic','NetEffect','fdgdfg','','Kragujevac','','Srbija',243,'Šumadija',4006,'','Besplatan transport','free.free','','31644.0000',0,0,'0.0000',7,4,'RSD','1.00000000','212.200.146.38','','Mozilla/5.0 (Windows NT 6.2; WOW64) AppleWebKit/537.36 (KHTML, like Gecko) Chrome/30.0.1599.101 Safari/537.36','sr-RS,sr;q=0.8,en-US;q=0.6,en;q=0.4','2013-10-30 12:04:05','2013-10-30 12:04:05'),(236,0,'INV-2013-00',0,'Termorad','http://termorad.com/',21,1,'Ivan','Test','iwqemax@gmail.com','123435','1231243','Ivan','Test','','','','asda 1','','hd','2341','Srbija',243,'Nišava',4014,'','Visa, Maestro, MasterCard (Intesa Payment)','intesapay','Ivan','Test','','asda 1','','hd','2341','Srbija',243,'Nišava',4014,'','Besplatan transport','free.free','','15822.0000',0,0,'0.0000',7,4,'RSD','1.00000000','212.200.146.38','','Mozilla/5.0 (Windows NT 6.2; WOW64; rv:24.0) Gecko/20100101 Firefox/24.0','en-US,en;q=0.5','2013-10-30 12:05:22','2013-10-30 12:05:22'),(237,0,'INV-2013-00',0,'Termorad','http://termorad.com/',21,1,'Ivan','Test','iwqemax@gmail.com','123435','1231243','Ivan','Test','','','','asda 1','','hd','2341','Srbija',243,'Nišava',4014,'','Visa, Maestro, MasterCard (Intesa Payment)','intesapay','Ivan','Test','','asda 1','','hd','2341','Srbija',243,'Nišava',4014,'','Besplatan transport','free.free','','15822.0000',0,0,'0.0000',7,4,'RSD','1.00000000','212.200.146.38','','Mozilla/5.0 (Windows NT 6.2; WOW64; rv:24.0) Gecko/20100101 Firefox/24.0','en-US,en;q=0.5','2013-10-30 12:21:34','2013-10-30 12:21:34'),(238,0,'INV-2013-00',0,'Termorad','http://termorad.com/',21,1,'Ivan','Test','iwqemax@gmail.com','123435','1231243','Ivan','Test','','','','asda 1','','hd','2341','Srbija',243,'Nišava',4014,'','Visa, Maestro, MasterCard (Intesa Payment)','intesapay','Ivan','Test','','asda 1','','hd','2341','Srbija',243,'Nišava',4014,'','Besplatan transport','free.free','','3357.4800',0,0,'0.0000',7,4,'RSD','1.00000000','212.200.146.38','','Mozilla/5.0 (Windows NT 6.2; WOW64; rv:24.0) Gecko/20100101 Firefox/24.0','en-US,en;q=0.5','2013-10-30 12:24:23','2013-10-30 12:24:23'),(239,0,'INV-2013-00',0,'Termorad','http://termorad.com/',21,1,'Ivan','Test','iwqemax@gmail.com','123435','1231243','Ivan','Test','','','','asda 1','','hd','2341','Srbija',243,'Nišava',4014,'','Visa, Maestro, MasterCard (Intesa Payment)','intesapay','Ivan','Test','','asda 1','','hd','2341','Srbija',243,'Nišava',4014,'','Besplatan transport','free.free','','39624.0000',0,0,'0.0000',7,4,'RSD','1.00000000','212.200.146.38','','Mozilla/5.0 (Windows NT 6.2; WOW64; rv:24.0) Gecko/20100101 Firefox/24.0','en-US,en;q=0.5','2013-10-30 12:30:48','2013-10-30 12:30:48'),(240,0,'INV-2013-00',0,'Termorad','http://termorad.com/',11,1,'Ivan','Vicentijevic','ttmtake@gmail.com','3812789533','','Ivan','Vicentijevic','NetEffect','','','fdgdfg','','Kragujevac','','Srbija',243,'Šumadija',4006,'','Visa, Maestro, MasterCard (Intesa Payment)','intesapay','Ivan','Vicentijevic','NetEffect','fdgdfg','','Kragujevac','','Srbija',243,'Šumadija',4006,'','Besplatan transport','free.free','','83601.9600',0,0,'0.0000',7,4,'RSD','1.00000000','212.200.146.38','','Mozilla/5.0 (Windows NT 6.2; WOW64) AppleWebKit/537.36 (KHTML, like Gecko) Chrome/30.0.1599.101 Safari/537.36','sr-RS,sr;q=0.8,en-US;q=0.6,en;q=0.4','2013-10-30 12:33:40','2013-10-30 12:33:40'),(241,0,'INV-2013-00',0,'Termorad','http://termorad.com/',11,1,'Ivan','Vicentijevic','ttmtake@gmail.com','3812789533','','Ivan','Vicentijevic','NetEffect','','','fdgdfg','','Kragujevac','','Srbija',243,'Šumadija',4006,'','Visa, Maestro, MasterCard (Intesa Payment)','intesapay','Ivan','Vicentijevic','NetEffect','fdgdfg','','Kragujevac','','Srbija',243,'Šumadija',4006,'','Besplatan transport','free.free','','6877.3200',0,0,'0.0000',7,4,'RSD','1.00000000','212.200.146.38','','Mozilla/5.0 (Windows NT 6.2; WOW64) AppleWebKit/537.36 (KHTML, like Gecko) Chrome/30.0.1599.101 Safari/537.36','sr-RS,sr;q=0.8,en-US;q=0.6,en;q=0.4','2013-10-30 12:36:25','2013-10-30 12:36:25'),(284,0,'INV-2013-00',0,'Termorad','http://termorad.com/',21,1,'Ivan','Test','iwqemax@gmail.com','123435','1231243','Ivan','Test','','','','asda 1','','hd','2341','Srbija',243,'Nišava',4014,'','Visa, Maestro, MasterCard (Intesa Payment)','intesapay','Ivan','Test','','asda 1','','hd','2341','Srbija',243,'Nišava',4014,'','Besplatan transport','free.free','','10393.9200',0,0,'0.0000',7,4,'RSD','1.00000000','212.200.146.38','','Mozilla/5.0 (Windows NT 6.2; WOW64; rv:25.0) Gecko/20100101 Firefox/25.0','en-US,en;q=0.5','2013-10-31 10:43:42','2013-10-31 10:44:15'),(243,0,'INV-2013-00',0,'Termorad','http://termorad.com/',11,1,'Ivan','Vicentijevic','ttmtake@gmail.com','3812789533','','Ivan','Vicentijevic','NetEffect','','','fdgdfg','','Kragujevac','','Srbija',243,'Šumadija',4006,'','Visa, Maestro, MasterCard (Intesa Payment)','intesapay','Ivan','Vicentijevic','NetEffect','fdgdfg','','Kragujevac','','Srbija',243,'Šumadija',4006,'','Besplatan transport','free.free','','10119.6000',0,0,'0.0000',7,4,'RSD','1.00000000','212.200.146.38','','Mozilla/5.0 (Windows NT 6.2; WOW64) AppleWebKit/537.36 (KHTML, like Gecko) Chrome/30.0.1599.101 Safari/537.36','sr-RS,sr;q=0.8,en-US;q=0.6,en;q=0.4','2013-10-30 12:39:55','2013-10-30 12:39:55'),(244,0,'INV-2013-00',0,'Termorad','http://termorad.com/',11,1,'Ivan','Vicentijevic','ttmtake@gmail.com','3812789533','','Ivan','Vicentijevic','NetEffect','','','fdgdfg','','Kragujevac','','Srbija',243,'Šumadija',4006,'','Visa, Maestro, MasterCard (Intesa Payment)','intesapay','Ivan','Vicentijevic','NetEffect','fdgdfg','','Kragujevac','','Srbija',243,'Šumadija',4006,'','Besplatan transport','free.free','','80244.4800',0,0,'0.0000',7,4,'RSD','1.00000000','212.200.146.38','','Mozilla/5.0 (Windows NT 6.2; WOW64) AppleWebKit/537.36 (KHTML, like Gecko) Chrome/30.0.1599.101 Safari/537.36','sr-RS,sr;q=0.8,en-US;q=0.6,en;q=0.4','2013-10-30 12:40:54','2013-10-30 12:40:54'),(245,0,'INV-2013-00',0,'Termorad','http://termorad.com/',21,1,'Ivan','Test','iwqemax@gmail.com','123435','1231243','Ivan','Test','','','','asda 1','','hd','2341','Srbija',243,'Nišava',4014,'','Visa, Maestro, MasterCard (Intesa Payment)','intesapay','Ivan','Test','','asda 1','','hd','2341','Srbija',243,'Nišava',4014,'','Besplatan transport','free.free','','3357.4800',0,0,'0.0000',7,4,'RSD','1.00000000','212.200.146.38','','Mozilla/5.0 (Windows NT 6.2; WOW64; rv:24.0) Gecko/20100101 Firefox/24.0','en-US,en;q=0.5','2013-10-30 12:41:28','2013-10-30 12:41:28'),(246,0,'INV-2013-00',0,'Termorad','http://termorad.com/',11,1,'Ivan','Vicentijevic','ttmtake@gmail.com','3812789533','','Ivan','Vicentijevic','NetEffect','','','fdgdfg','','Kragujevac','','Srbija',243,'Šumadija',4006,'','Visa, Maestro, MasterCard (Intesa Payment)','intesapay','Ivan','Vicentijevic','NetEffect','fdgdfg','','Kragujevac','','Srbija',243,'Šumadija',4006,'','Besplatan transport','free.free','','6877.3200',0,0,'0.0000',7,4,'RSD','1.00000000','212.200.146.38','','Mozilla/5.0 (Windows NT 6.2; WOW64) AppleWebKit/537.36 (KHTML, like Gecko) Chrome/30.0.1599.101 Safari/537.36','sr-RS,sr;q=0.8,en-US;q=0.6,en;q=0.4','2013-10-30 12:45:10','2013-10-30 12:45:10'),(247,0,'INV-2013-00',0,'Termorad','http://termorad.com/',11,1,'Ivan','Vicentijevic','ttmtake@gmail.com','3812789533','','Ivan','Vicentijevic','NetEffect','','','fdgdfg','','Kragujevac','','Srbija',243,'Šumadija',4006,'','Visa, Maestro, MasterCard (Intesa Payment)','intesapay','Ivan','Vicentijevic','NetEffect','fdgdfg','','Kragujevac','','Srbija',243,'Šumadija',4006,'','Besplatan transport','free.free','','80244.4800',0,0,'0.0000',7,4,'RSD','1.00000000','212.200.146.38','','Mozilla/5.0 (Windows NT 6.2; WOW64) AppleWebKit/537.36 (KHTML, like Gecko) Chrome/30.0.1599.101 Safari/537.36','sr-RS,sr;q=0.8,en-US;q=0.6,en;q=0.4','2013-10-30 12:56:15','2013-10-30 12:56:15'),(248,0,'INV-2013-00',0,'Termorad','http://termorad.com/',11,1,'Ivan','Vicentijevic','ttmtake@gmail.com','3812789533','','Ivan','Vicentijevic','NetEffect','','','fdgdfg','','Kragujevac','','Srbija',243,'Šumadija',4006,'','Visa, Maestro, MasterCard (Intesa Payment)','intesapay','Ivan','Vicentijevic','NetEffect','fdgdfg','','Kragujevac','','Srbija',243,'Šumadija',4006,'','Besplatan transport','free.free','','80244.4800',0,0,'0.0000',7,4,'RSD','1.00000000','212.200.146.38','','Mozilla/5.0 (Windows NT 6.2; WOW64) AppleWebKit/537.36 (KHTML, like Gecko) Chrome/30.0.1599.101 Safari/537.36','sr-RS,sr;q=0.8,en-US;q=0.6,en;q=0.4','2013-10-30 13:00:56','2013-10-30 13:00:56'),(285,0,'INV-2013-00',0,'Termorad','http://termorad.com/',21,1,'Ivan','Test','iwqemax@gmail.com','123435','1231243','Ivan','Test','','','','asda 1','','hd','2341','Srbija',243,'Nišava',4014,'','Visa, Maestro, MasterCard (Intesa Payment)','intesapay','Ivan','Test','','asda 1','','hd','2341','Srbija',243,'Nišava',4014,'','Besplatan transport','free.free','','1093.4400',0,0,'0.0000',7,4,'RSD','1.00000000','212.200.146.38','','Mozilla/5.0 (Windows NT 6.2; WOW64; rv:25.0) Gecko/20100101 Firefox/25.0','en-US,en;q=0.5','2013-10-31 11:32:13','2013-10-31 11:32:45'),(286,0,'INV-2013-00',0,'Termorad','http://termorad.com/',21,1,'Ivan','Test','iwqemax@gmail.com','123435','1231243','Ivan','Test','','','','asda 1','','hd','2341','Srbija',243,'Nišava',4014,'','Visa, Maestro, MasterCard (Intesa Payment)','intesapay','Ivan','Test','','asda 1','','hd','2341','Srbija',243,'Nišava',4014,'','Besplatan transport','free.free','','51600.0000',0,0,'0.0000',7,4,'RSD','1.00000000','212.200.146.38','','Mozilla/5.0 (Windows NT 6.2; WOW64; rv:25.0) Gecko/20100101 Firefox/25.0','en-US,en;q=0.5','2013-10-31 11:43:15','2013-10-31 11:43:38'),(287,0,'INV-2013-00',0,'Termorad','http://termorad.com/',21,1,'Ivan','Test','iwqemax@gmail.com','123435','1231243','Ivan','Test','','','','asda 1','','hd','2341','Srbija',243,'Nišava',4014,'','Visa, Maestro, MasterCard (Intesa Payment)','intesapay','Ivan','Test','','asda 1','','hd','2341','Srbija',243,'Nišava',4014,'','Besplatan transport','free.free','','951.9600',0,0,'0.0000',7,4,'RSD','1.00000000','212.200.146.38','','Mozilla/5.0 (Windows NT 6.2; WOW64; rv:25.0) Gecko/20100101 Firefox/25.0','en-US,en;q=0.5','2013-10-31 11:45:18','2013-10-31 11:45:41'),(288,0,'INV-2013-00',0,'Termorad','http://termorad.com/',21,1,'Ivan','Test','iwqemax@gmail.com','123435','1231243','Ivan','Test','','','','asda 1','','hd','2341','Srbija',243,'Nišava',4014,'','Visa, Maestro, MasterCard (Intesa Payment)','intesapay','Ivan','Test','','asda 1','','hd','2341','Srbija',243,'Nišava',4014,'','Besplatan transport','free.free','','1981.2000',0,0,'0.0000',7,4,'RSD','1.00000000','212.200.146.38','','Mozilla/5.0 (Windows NT 6.2; WOW64; rv:25.0) Gecko/20100101 Firefox/25.0','en-US,en;q=0.5','2013-10-31 11:47:42','2013-10-31 11:48:48'),(523,0,'INV-2013-00',0,'Termorad','http://termorad.com/',71,1,'Nemanja ','Petrovic','nemanjapeca14@gmail.com','063/8-69-89-23','','Nemanja ','Petrovic','','','','Luke 28','','Vlaska','11406','Srbija',243,'Belgrade',3994,'','Plaćanje pouzećem','cod','Nemanja ','Petrovic','','Luke 28','','Vlaska','11406','Srbija',243,'Belgrade',3994,'','Besplatan transport','free.free','','50205.6000',5,0,'0.0000',7,4,'RSD','1.00000000','178.217.13.98','','Mozilla/5.0 (Windows NT 5.1; rv:25.0) Gecko/20100101 Firefox/25.0','en-US,en;q=0.5','2013-11-14 14:36:15','2013-12-10 08:31:07'),(480,0,'INV-2013-00',0,'Termorad','http://termorad.com/',21,1,'Ivan','Test','iwqemax@gmail.com','123435','1231243','Ivan','Test','','','','asda 1','','hd','2341','Srbija',243,'Nišava',4014,'','Visa, Maestro, MasterCard (Intesa Payment)','intesapay','Ivan','Test','','asda 1','','hd','2341','Srbija',243,'Nišava',4014,'','Besplatan transport','free.free','','39624.0000',0,0,'0.0000',7,4,'RSD','1.00000000','212.200.146.37','','Mozilla/5.0 (Windows NT 6.3; WOW64; rv:25.0) Gecko/20100101 Firefox/25.0','en-US,en;q=0.5','2013-11-07 12:17:39','2013-11-07 12:17:39'),(292,0,'INV-2013-00',0,'Termorad','http://termorad.com/',21,1,'Ivan','Test','iwqemax@gmail.com','123435','1231243','Ivan','Test','','','','asda 1','','hd','2341','Srbija',243,'Nišava',4014,'','Visa, Maestro, MasterCard (Intesa Payment)','intesapay','Ivan','Test','','asda 1','','hd','2341','Srbija',243,'Nišava',4014,'','Besplatan transport','free.free','','1851.6000',0,0,'0.0000',7,4,'RSD','1.00000000','212.200.146.38','','Mozilla/5.0 (Windows NT 6.2; WOW64; rv:25.0) Gecko/20100101 Firefox/25.0','en-US,en;q=0.5','2013-10-31 12:08:55','2013-10-31 12:08:55'),(524,0,'INV-2013-00',0,'Termorad','http://www.termorad.com/',72,1,'sasa','rudic','rudicsasamb@gmail.com','o24 796 069','','beno ','tikvicki','','','','velebitska 44','','subotica','24000','Srbija',243,'North Bačka',3995,'','Plaćanje pouzećem','cod','sasa','rudic','','vladimira nazora 42','','mala bosna','','Srbija',243,'North Bačka',3995,'','Besplatan transport','free.free','isporuka na ime:Tikvicki Beno\n                Velebitska 44\n                24000 Subotica\n          tel:024 523 648','18917.5200',5,0,'0.0000',7,4,'RSD','1.00000000','212.57.40.116','','Mozilla/5.0 (Windows NT 5.1) AppleWebKit/537.36 (KHTML, like Gecko) Chrome/27.0.1453.116 Safari/537.36','en-US,en;q=0.8','2013-11-20 19:07:15','2013-11-22 15:37:19'),(539,0,'INV-2013-00',0,'Termorad','http://www.termorad.com/',75,1,'Ivan','Vicentijevic','ttmtake@gmail.com','3812789533','','Ivan','Vicentijevic','','','','address','','Kragujevac','34000','Srbija',243,'Pirot',4016,'','Visa, Maestro, MasterCard (Intesa Payment)','intesapay','Ivan','Vicentijevic','','address','','Kragujevac','34000','Srbija',243,'Pirot',4016,'','Besplatan transport','free.free','','63288.0000',0,0,'0.0000',7,4,'RSD','1.00000000','178.149.102.144','','Mozilla/5.0 (Windows NT 6.1; WOW64) AppleWebKit/537.36 (KHTML, like Gecko) Chrome/31.0.1650.57 Safari/537.36','sr-RS,sr;q=0.8,en-US;q=0.6,en;q=0.4,hr;q=0.2,nl;q=0.2','2013-12-05 23:32:34','2013-12-05 23:32:34'),(512,0,'INV-2013-00',0,'Termorad','http://termorad.com/',67,1,'Petar','Petrović','petar.petrovic@gmail.com','034 555 555','034 555 555','Petar','Petrović','Termorad','111111111','','Čestobrodica','','Požega','31210','Srbija',243,'Belgrade',3994,'','Plaćanje pouzećem','cod','Petar','Petrović','Termorad','Čestobrodica','','Požega','31210','Srbija',243,'Belgrade',3994,'','Besplatan transport','free.free','','15822.0000',0,0,'0.0000',7,4,'RSD','1.00000000','212.200.146.37','','Mozilla/5.0 (Windows NT 6.3; WOW64) AppleWebKit/537.36 (KHTML, like Gecko) Chrome/30.0.1599.101 Safari/537.36','sr-RS,sr;q=0.8,en-US;q=0.6,en;q=0.4','2013-11-13 15:41:34','2013-11-13 15:41:34'),(513,0,'INV-2013-00',0,'Termorad','http://termorad.com/',67,1,'Petar','Petrović','petar.petrovic@gmail.com','034 555 555','034 555 555','Petar','Petrović','Termorad','111111111','','Čestobrodica','','Požega','31210','Srbija',243,'Belgrade',3994,'','Plaćanje pouzećem','cod','Petar','Petrović','Termorad','Čestobrodica','','Požega','31210','Srbija',243,'Belgrade',3994,'','Besplatan transport','free.free','','15822.0000',0,0,'0.0000',7,4,'RSD','1.00000000','212.200.146.37','','Mozilla/5.0 (Windows NT 6.3; WOW64) AppleWebKit/537.36 (KHTML, like Gecko) Chrome/30.0.1599.101 Safari/537.36','sr-RS,sr;q=0.8,en-US;q=0.6,en;q=0.4','2013-11-13 15:43:48','2013-11-13 15:43:48'),(570,0,'INV-2013-00',0,'Termorad','http://www.termorad.com/',75,1,'Ivan','Vicentijevic','ttmtake@gmail.com','3812789533','','Ivan','Vicentijevic','','','','address','','Kragujevac','34000','Srbija',243,'Pirot',4016,'','Visa, Maestro, MasterCard (Intesa Payment)','intesapay','Ivan','Vicentijevic','','address','','Kragujevac','34000','Srbija',243,'Pirot',4016,'','Besplatan transport','free.free','','15822.0000',0,0,'0.0000',7,4,'RSD','1.00000000','178.149.102.144','','Mozilla/5.0 (Windows NT 6.1; WOW64) AppleWebKit/537.36 (KHTML, like Gecko) Chrome/31.0.1650.63 Safari/537.36','sr-RS,sr;q=0.8,en-US;q=0.6,en;q=0.4,hr;q=0.2,nl;q=0.2','2013-12-07 12:54:11','2013-12-07 12:54:11'),(571,0,'INV-2013-00',0,'Termorad','http://www.termorad.com/',75,1,'Ivan','Vicentijevic','ttmtake@gmail.com','3812789533','','Ivan','Vicentijevic','','','','address','','Kragujevac','34000','Srbija',243,'Pirot',4016,'','Visa, Maestro, MasterCard (Intesa Payment)','intesapay','Ivan','Vicentijevic','','address','','Kragujevac','34000','Srbija',243,'Pirot',4016,'','Besplatan transport','free.free','','15822.0000',0,0,'0.0000',7,4,'RSD','1.00000000','178.149.102.144','','Mozilla/5.0 (Windows NT 6.1; WOW64) AppleWebKit/537.36 (KHTML, like Gecko) Chrome/31.0.1650.63 Safari/537.36','sr-RS,sr;q=0.8,en-US;q=0.6,en;q=0.4,hr;q=0.2,nl;q=0.2','2013-12-07 12:55:57','2013-12-07 12:55:57'),(538,0,'INV-2013-00',0,'Termorad','http://www.termorad.com/',75,1,'Ivan','Vicentijevic','ttmtake@gmail.com','3812789533','','Ivan','Vicentijevic','','','','address','','Kragujevac','34000','Srbija',243,'Pirot',4016,'','Visa, Maestro, MasterCard (Intesa Payment)','intesapay','Ivan','Vicentijevic','','address','','Kragujevac','34000','Srbija',243,'Pirot',4016,'','Besplatan transport','free.free','','31644.0000',0,0,'0.0000',7,4,'RSD','1.00000000','212.200.146.37','','Mozilla/5.0 (Windows NT 6.3; WOW64) AppleWebKit/537.36 (KHTML, like Gecko) Chrome/31.0.1650.57 Safari/537.36','sr-RS,sr;q=0.8,en-US;q=0.6,en;q=0.4,fr;q=0.2,hr;q=0.2,sv;q=0.2','2013-12-05 11:09:30','2013-12-05 11:09:30'),(522,0,'INV-2013-00',0,'Termorad','http://termorad.com/',71,1,'Nemanja ','Petrovic','nemanjapeca14@gmail.com','063/8-69-89-23','','Nemanja ','Petrovic','','','','Luke 28','','Vlaska','11406','Srbija',243,'Belgrade',3994,'','Plaćanje pouzećem','cod','Nemanja ','Petrovic','','Luke 28','','Vlaska','11406','Srbija',243,'Belgrade',3994,'','Besplatan transport','free.free','','50205.6000',0,0,'0.0000',7,4,'RSD','1.00000000','178.217.13.98','','Mozilla/5.0 (Windows NT 5.1; rv:25.0) Gecko/20100101 Firefox/25.0','en-US,en;q=0.5','2013-11-14 14:26:15','2013-11-14 14:26:15'),(301,0,'INV-2013-00',0,'Termorad','http://termorad.com/',21,1,'Ivan','Test','iwqemax@gmail.com','123435','1231243','Ivan','Test','','','','asda 1','','hd','2341','Srbija',243,'Nišava',4014,'','Visa, Maestro, MasterCard (Intesa Payment)','intesapay','Ivan','Test','','asda 1','','hd','2341','Srbija',243,'Nišava',4014,'','Besplatan transport','free.free','','7332.3600',0,0,'0.0000',7,4,'RSD','1.00000000','212.200.146.38','','Mozilla/5.0 (Windows NT 6.2; WOW64; rv:25.0) Gecko/20100101 Firefox/25.0','en-US,en;q=0.5','2013-10-31 12:34:05','2013-10-31 12:34:30'),(302,0,'INV-2013-00',0,'Termorad','http://termorad.com/',21,1,'Ivan','Test','iwqemax@gmail.com','123435','1231243','Ivan','Test','','','','asda 1','','hd','2341','Srbija',243,'Nišava',4014,'','Plaćanje pouzećem','cod','Ivan','Test','','asda 1','','hd','2341','Srbija',243,'Nišava',4014,'','Besplatan transport','free.free','','1851.6000',0,0,'0.0000',7,4,'RSD','1.00000000','212.200.146.38','','Mozilla/5.0 (Windows NT 6.2; WOW64; rv:25.0) Gecko/20100101 Firefox/25.0','en-US,en;q=0.5','2013-10-31 12:47:05','2013-10-31 12:47:05'),(303,0,'INV-2013-00',0,'Termorad','http://termorad.com/',21,1,'Ivan','Test','iwqemax@gmail.com','123435','1231243','Ivan','Test','','','','asda 1','','hd','2341','Srbija',243,'Nišava',4014,'','Visa, Maestro, MasterCard (Intesa Payment)','intesapay','Ivan','Test','','asda 1','','hd','2341','Srbija',243,'Nišava',4014,'','Besplatan transport','free.free','','1851.6000',0,0,'0.0000',7,4,'RSD','1.00000000','212.200.146.38','','Mozilla/5.0 (Windows NT 6.2; WOW64; rv:25.0) Gecko/20100101 Firefox/25.0','en-US,en;q=0.5','2013-10-31 12:47:19','2013-10-31 12:47:49'),(491,0,'INV-2013-00',0,'Termorad','http://termorad.com/',21,1,'Ivan','Test','iwqemax@gmail.com','123435','1231243','Ivan','Test','','','','asda 1','','hd','2341','Srbija',243,'Nišava',4014,'','Visa, Maestro, MasterCard (Intesa Payment)','intesapay','Ivan','Test','','asda 1','','hd','2341','Srbija',243,'Nišava',4014,'','Besplatan transport','free.free','','2894.4000',0,0,'0.0000',7,4,'RSD','1.00000000','212.200.146.37','','Mozilla/5.0 (Windows NT 6.3; WOW64; rv:25.0) Gecko/20100101 Firefox/25.0','en-US,en;q=0.5','2013-11-07 13:35:29','2013-11-07 13:36:04'),(525,0,'INV-2013-00',0,'Termorad','http://www.termorad.com/',23,1,'Sasa','Birovljev','aleksandar.birovljev@bancaintesa.rs','064','','Sasa','Birovljev','','','','Bul','','Bgd','','Srbija',243,'Belgrade',3994,'','Visa, Maestro, MasterCard (Intesa Payment)','intesapay','Sasa','Birovljev','','Bul','','Bgd','','Srbija',243,'Belgrade',3994,'','Besplatan transport','free.free','','3357.4800',0,0,'0.0000',7,4,'RSD','1.00000000','195.46.53.200','','Mozilla/5.0 (Windows NT 5.1) AppleWebKit/537.36 (KHTML, like Gecko) Chrome/31.0.1650.57 Safari/537.36','en-US,en;q=0.8,hr;q=0.6,sr;q=0.4','2013-11-25 10:13:26','2013-11-25 10:13:26'),(306,0,'INV-2013-00',0,'Termorad','http://termorad.com/',21,1,'Ivan','Test','iwqemax@gmail.com','123435','1231243','Ivan','Test','','','','asda 1','','hd','2341','Srbija',243,'Nišava',4014,'','Visa, Maestro, MasterCard (Intesa Payment)','intesapay','Ivan','Test','','asda 1','','hd','2341','Srbija',243,'Nišava',4014,'','Besplatan transport','free.free','','3601.9200',0,0,'0.0000',7,4,'RSD','1.00000000','212.200.146.38','','Mozilla/5.0 (Windows NT 6.2; WOW64; rv:25.0) Gecko/20100101 Firefox/25.0','en-US,en;q=0.5','2013-10-31 12:52:57','2013-10-31 12:53:20'),(493,0,'INV-2013-00',0,'Termorad','http://termorad.com/',21,1,'Ivan','Test','iwqemax@gmail.com','123435','1231243','Ivan','Test','','','','asda 1','','hd','2341','Srbija',243,'Nišava',4014,'','Visa, Maestro, MasterCard (Intesa Payment)','intesapay','Ivan','Test','','asda 1','','hd','2341','Srbija',243,'Nišava',4014,'','Besplatan transport','free.free','','2964.0000',0,0,'0.0000',7,4,'RSD','1.00000000','212.200.146.37','','Mozilla/5.0 (Windows NT 6.3; WOW64; rv:25.0) Gecko/20100101 Firefox/25.0','en-US,en;q=0.5','2013-11-07 13:51:45','2013-11-07 13:52:06'),(492,0,'INV-2013-00',0,'Termorad','http://termorad.com/',21,1,'Ivan','Test','iwqemax@gmail.com','123435','1231243','Ivan','Test','','','','asda 1','','hd','2341','Srbija',243,'Nišava',4014,'','Visa, Maestro, MasterCard (Intesa Payment)','intesapay','Ivan','Test','','asda 1','','hd','2341','Srbija',243,'Nišava',4014,'','Besplatan transport','free.free','','12465.0000',0,0,'0.0000',7,4,'RSD','1.00000000','212.200.146.37','','Mozilla/5.0 (Windows NT 6.3; WOW64; rv:25.0) Gecko/20100101 Firefox/25.0','en-US,en;q=0.5','2013-11-07 13:38:55','2013-11-07 13:39:17'),(309,0,'INV-2013-00',0,'Termorad','http://termorad.com/',21,1,'Ivan','Test','iwqemax@gmail.com','123435','1231243','Ivan','Test','','','','asda 1','','hd','2341','Srbija',243,'Nišava',4014,'','Visa, Maestro, MasterCard (Intesa Payment)','intesapay','Ivan','Test','','asda 1','','hd','2341','Srbija',243,'Nišava',4014,'','Besplatan transport','free.free','','51600.0000',0,0,'0.0000',7,4,'RSD','1.00000000','212.200.146.38','','Mozilla/5.0 (Windows NT 6.2; WOW64; rv:25.0) Gecko/20100101 Firefox/25.0','en-US,en;q=0.5','2013-10-31 13:13:57','2013-10-31 13:14:19'),(310,0,'INV-2013-00',0,'Termorad','http://termorad.com/',21,1,'Ivan','Test','iwqemax@gmail.com','123435','1231243','Ivan','Test','','','','asda 1','','hd','2341','Srbija',243,'Nišava',4014,'','Visa, Maestro, MasterCard (Intesa Payment)','intesapay','Ivan','Test','','asda 1','','hd','2341','Srbija',243,'Nišava',4014,'','Besplatan transport','free.free','','2964.0000',0,0,'0.0000',7,4,'RSD','1.00000000','212.200.146.38','','Mozilla/5.0 (Windows NT 6.2; WOW64; rv:25.0) Gecko/20100101 Firefox/25.0','en-US,en;q=0.5','2013-10-31 13:16:39','2013-10-31 13:17:02'),(526,0,'INV-2013-00',0,'Termorad','http://www.termorad.com/',75,1,'Ivan','Vicentijevic','ttmtake@gmail.com','3812789533','','Ivan','Vicentijevic','','','','address','','Kragujevac','34000','Srbija',243,'Pirot',4016,'','Visa, Maestro, MasterCard (Intesa Payment)','intesapay','Ivan','Vicentijevic','','address','','Kragujevac','34000','Srbija',243,'Pirot',4016,'','Besplatan transport','free.free','','6877.3200',0,0,'0.0000',7,4,'RSD','1.00000000','178.149.102.144','','Mozilla/5.0 (Windows NT 6.1; WOW64) AppleWebKit/537.36 (KHTML, like Gecko) Chrome/31.0.1650.57 Safari/537.36','sr-RS,sr;q=0.8,en-US;q=0.6,en;q=0.4,hr;q=0.2,nl;q=0.2','2013-11-25 10:26:23','2013-11-25 10:26:23'),(495,0,'INV-2013-00',0,'Termorad','http://termorad.com/',21,1,'Ivan','Test','iwqemax@gmail.com','123435','1231243','Ivan','Test','','','','asda 1','','hd','2341','Srbija',243,'Nišava',4014,'','Visa, Maestro, MasterCard (Intesa Payment)','intesapay','Ivan','Test','','asda 1','','hd','2341','Srbija',243,'Nišava',4014,'','Besplatan transport','free.free','','2572.8000',0,0,'0.0000',7,4,'RSD','1.00000000','212.200.146.37','','Mozilla/5.0 (Windows NT 6.3; WOW64; rv:25.0) Gecko/20100101 Firefox/25.0','en-US,en;q=0.5','2013-11-07 14:39:34','2013-11-07 14:39:34'),(430,0,'INV-2013-00',0,'Termorad','http://termorad.com/',21,1,'Ivan','Test','iwqemax@gmail.com','123435','1231243','Ivan','Test','','','','asda 1','','hd','2341','Srbija',243,'Nišava',4014,'','Visa, Maestro, MasterCard (Intesa Payment)','intesapay','Ivan','Test','','asda 1','','hd','2341','Srbija',243,'Nišava',4014,'','Besplatan transport','free.free','','2572.8000',0,0,'0.0000',7,4,'RSD','1.00000000','212.200.146.38','','Mozilla/5.0 (Windows NT 6.2; WOW64; rv:25.0) Gecko/20100101 Firefox/25.0','en-US,en;q=0.5','2013-11-04 13:29:18','2013-11-04 13:29:54'),(429,0,'INV-2013-00',0,'Termorad','http://termorad.com/',21,1,'Ivan','Test','iwqemax@gmail.com','123435','1231243','Ivan','Test','','','','asda 1','','hd','2341','Srbija',243,'Nišava',4014,'','Visa, Maestro, MasterCard (Intesa Payment)','intesapay','Ivan','Test','','asda 1','','hd','2341','Srbija',243,'Nišava',4014,'','Besplatan transport','free.free','','1929.6000',0,0,'0.0000',7,4,'RSD','1.00000000','212.200.146.38','','Mozilla/5.0 (Windows NT 6.2; WOW64; rv:25.0) Gecko/20100101 Firefox/25.0','en-US,en;q=0.5','2013-11-04 13:19:49','2013-11-04 13:20:10'),(431,0,'INV-2013-00',0,'Termorad','http://termorad.com/',21,1,'Ivan','Test','iwqemax@gmail.com','123435','1231243','Ivan','Test','','','','asda 1','','hd','2341','Srbija',243,'Nišava',4014,'','Visa, Maestro, MasterCard (Intesa Payment)','intesapay','Ivan','Test','','asda 1','','hd','2341','Srbija',243,'Nišava',4014,'','Besplatan transport','free.free','','1851.6000',0,0,'0.0000',7,4,'RSD','1.00000000','212.200.146.38','','Mozilla/5.0 (Windows NT 6.2; WOW64; rv:25.0) Gecko/20100101 Firefox/25.0','en-US,en;q=0.5','2013-11-04 13:35:45','2013-11-04 13:36:06'),(432,0,'INV-2013-00',0,'Termorad','http://termorad.com/',21,1,'Ivan','Test','iwqemax@gmail.com','123435','1231243','Ivan','Test','','','','asda 1','','hd','2341','Srbija',243,'Nišava',4014,'','Visa, Maestro, MasterCard (Intesa Payment)','intesapay','Ivan','Test','','asda 1','','hd','2341','Srbija',243,'Nišava',4014,'','Besplatan transport','free.free','','80244.4800',0,0,'0.0000',7,4,'RSD','1.00000000','212.200.146.38','','Mozilla/5.0 (Windows NT 6.2; WOW64; rv:25.0) Gecko/20100101 Firefox/25.0','en-US,en;q=0.5','2013-11-04 13:36:49','2013-11-04 13:37:28'),(433,0,'INV-2013-00',0,'Termorad','http://termorad.com/',21,1,'Ivan','Test','iwqemax@gmail.com','123435','1231243','Ivan','Test','','','','asda 1','','hd','2341','Srbija',243,'Nišava',4014,'','Visa, Maestro, MasterCard (Intesa Payment)','intesapay','Ivan','Test','','asda 1','','hd','2341','Srbija',243,'Nišava',4014,'','Besplatan transport','free.free','','2964.0000',0,0,'0.0000',7,4,'RSD','1.00000000','212.200.146.38','','Mozilla/5.0 (Windows NT 6.2; WOW64; rv:25.0) Gecko/20100101 Firefox/25.0','en-US,en;q=0.5','2013-11-04 13:38:56','2013-11-04 13:39:24'),(434,0,'INV-2013-00',0,'Termorad','http://termorad.com/',21,1,'Ivan','Test','iwqemax@gmail.com','123435','1231243','Ivan','Test','','','','asda 1','','hd','2341','Srbija',243,'Nišava',4014,'','Visa, Maestro, MasterCard (Intesa Payment)','intesapay','Ivan','Test','','asda 1','','hd','2341','Srbija',243,'Nišava',4014,'','Besplatan transport','free.free','','51600.0000',0,0,'0.0000',7,4,'RSD','1.00000000','212.200.146.38','','Mozilla/5.0 (Windows NT 6.2; WOW64; rv:25.0) Gecko/20100101 Firefox/25.0','en-US,en;q=0.5','2013-11-04 13:40:53','2013-11-04 13:40:53'),(435,0,'INV-2013-00',0,'Termorad','http://termorad.com/',21,1,'Ivan','Test','iwqemax@gmail.com','123435','1231243','Ivan','Test','','','','asda 1','','hd','2341','Srbija',243,'Nišava',4014,'','Visa, Maestro, MasterCard (Intesa Payment)','intesapay','Ivan','Test','','asda 1','','hd','2341','Srbija',243,'Nišava',4014,'','Besplatan transport','free.free','','3601.9200',0,0,'0.0000',7,4,'RSD','1.00000000','212.200.146.38','','Mozilla/5.0 (Windows NT 6.2; WOW64; rv:25.0) Gecko/20100101 Firefox/25.0','en-US,en;q=0.5','2013-11-04 13:41:57','2013-11-04 13:42:45'),(437,0,'INV-2013-00',0,'Termorad','http://termorad.com/',21,1,'Ivan','Test','iwqemax@gmail.com','123435','1231243','Ivan','Test','','','','asda 1','','hd','2341','Srbija',243,'Nišava',4014,'','Visa, Maestro, MasterCard (Intesa Payment)','intesapay','Ivan','Test','','asda 1','','hd','2341','Srbija',243,'Nišava',4014,'','Besplatan transport','free.free','','1981.2000',0,0,'0.0000',7,4,'RSD','1.00000000','212.200.146.38','','Mozilla/5.0 (Windows NT 6.2; WOW64; rv:25.0) Gecko/20100101 Firefox/25.0','en-US,en;q=0.5','2013-11-04 13:44:12','2013-11-04 13:44:58'),(438,0,'INV-2013-00',0,'Termorad','http://termorad.com/',21,1,'Ivan','Test','iwqemax@gmail.com','123435','1231243','Ivan','Test','','','','asda 1','','hd','2341','Srbija',243,'Nišava',4014,'','Visa, Maestro, MasterCard (Intesa Payment)','intesapay','Ivan','Test','','asda 1','','hd','2341','Srbija',243,'Nišava',4014,'','Besplatan transport','free.free','','2964.0000',0,0,'0.0000',7,4,'RSD','1.00000000','212.200.146.38','','Mozilla/5.0 (Windows NT 6.2; WOW64; rv:25.0) Gecko/20100101 Firefox/25.0','en-US,en;q=0.5','2013-11-04 13:45:44','2013-11-04 13:46:05'),(439,0,'INV-2013-00',0,'Termorad','http://termorad.com/',21,1,'Ivan','Test','iwqemax@gmail.com','123435','1231243','Ivan','Test','','','','asda 1','','hd','2341','Srbija',243,'Nišava',4014,'','Visa, Maestro, MasterCard (Intesa Payment)','intesapay','Ivan','Test','','asda 1','','hd','2341','Srbija',243,'Nišava',4014,'','Besplatan transport','free.free','','17417.6400',0,0,'0.0000',7,4,'RSD','1.00000000','212.200.146.38','','Mozilla/5.0 (Windows NT 6.2; WOW64; rv:25.0) Gecko/20100101 Firefox/25.0','en-US,en;q=0.5','2013-11-04 14:37:59','2013-11-04 14:38:27'),(324,0,'INV-2013-00',0,'Termorad','http://termorad.com/',21,1,'Ivan','Test','iwqemax@gmail.com','123435','1231243','Ivan','Test','','','','asda 1','','hd','2341','Srbija',243,'Nišava',4014,'','Visa, Maestro, MasterCard (Intesa Payment)','intesapay','Ivan','Test','','asda 1','','hd','2341','Srbija',243,'Nišava',4014,'','Besplatan transport','free.free','','6168.0000',0,0,'0.0000',7,4,'RSD','1.00000000','212.200.146.38','','Mozilla/5.0 (Windows NT 6.2; WOW64; rv:25.0) Gecko/20100101 Firefox/25.0','en-US,en;q=0.5','2013-10-31 14:21:37','2013-10-31 14:22:00'),(325,0,'INV-2013-00',0,'Termorad','http://termorad.com/',21,1,'Ivan','Test','iwqemax@gmail.com','123435','1231243','Ivan','Test','','','','asda 1','','hd','2341','Srbija',243,'Nišava',4014,'','Visa, Maestro, MasterCard (Intesa Payment)','intesapay','Ivan','Test','','asda 1','','hd','2341','Srbija',243,'Nišava',4014,'','Besplatan transport','free.free','','1981.2000',0,0,'0.0000',7,4,'RSD','1.00000000','212.200.146.38','','Mozilla/5.0 (Windows NT 6.2; WOW64; rv:25.0) Gecko/20100101 Firefox/25.0','en-US,en;q=0.5','2013-10-31 14:48:12','2013-10-31 14:48:33'),(440,0,'INV-2013-00',0,'Termorad','http://termorad.com/',21,1,'Ivan','Test','iwqemax@gmail.com','123435','1231243','Ivan','Test','','','','asda 1','','hd','2341','Srbija',243,'Nišava',4014,'','Visa, Maestro, MasterCard (Intesa Payment)','intesapay','Ivan','Test','','asda 1','','hd','2341','Srbija',243,'Nišava',4014,'','Besplatan transport','free.free','','14729.0400',0,0,'0.0000',7,4,'RSD','1.00000000','212.200.146.38','','Mozilla/5.0 (Windows NT 6.2; WOW64; rv:25.0) Gecko/20100101 Firefox/25.0','en-US,en;q=0.5','2013-11-04 14:47:16','2013-11-04 14:48:44'),(327,0,'INV-2013-00',0,'Termorad','http://termorad.com/',21,1,'Ivan','Test','iwqemax@gmail.com','123435','1231243','Ivan','Test','','','','asda 1','','hd','2341','Srbija',243,'Nišava',4014,'','Visa, Maestro, MasterCard (Intesa Payment)','intesapay','Ivan','Test','','asda 1','','hd','2341','Srbija',243,'Nišava',4014,'','Besplatan transport','free.free','','10393.9200',0,0,'0.0000',7,4,'RSD','1.00000000','212.200.146.38','','Mozilla/5.0 (Windows NT 6.2; WOW64; rv:25.0) Gecko/20100101 Firefox/25.0','en-US,en;q=0.5','2013-10-31 14:51:33','2013-10-31 14:52:01'),(441,0,'INV-2013-00',0,'Termorad','http://termorad.com/',21,1,'Ivan','Test','iwqemax@gmail.com','123435','1231243','Ivan','Test','','','','asda 1','','hd','2341','Srbija',243,'Nišava',4014,'','Visa, Maestro, MasterCard (Intesa Payment)','intesapay','Ivan','Test','','asda 1','','hd','2341','Srbija',243,'Nišava',4014,'','Besplatan transport','free.free','','1981.2000',0,0,'0.0000',7,4,'RSD','1.00000000','212.200.146.38','','Mozilla/5.0 (Windows NT 6.2; WOW64; rv:25.0) Gecko/20100101 Firefox/25.0','en-US,en;q=0.5','2013-11-04 14:51:37','2013-11-04 14:52:37'),(329,0,'INV-2013-00',0,'Termorad','http://termorad.com/',21,1,'Ivan','Test','iwqemax@gmail.com','123435','1231243','Ivan','Test','','','','asda 1','','hd','2341','Srbija',243,'Nišava',4014,'','Visa, Maestro, MasterCard (Intesa Payment)','intesapay','Ivan','Test','','asda 1','','hd','2341','Srbija',243,'Nišava',4014,'','Besplatan transport','free.free','','3601.9200',0,0,'0.0000',7,4,'RSD','1.00000000','212.200.146.38','','Mozilla/5.0 (Windows NT 6.2; WOW64; rv:25.0) Gecko/20100101 Firefox/25.0','en-US,en;q=0.5','2013-10-31 14:56:44','2013-10-31 14:57:02'),(330,0,'INV-2013-00',0,'Termorad','http://termorad.com/',21,1,'Ivan','Test','iwqemax@gmail.com','123435','1231243','Ivan','Test','','','','asda 1','','hd','2341','Srbija',243,'Nišava',4014,'','Visa, Maestro, MasterCard (Intesa Payment)','intesapay','Ivan','Test','','asda 1','','hd','2341','Srbija',243,'Nišava',4014,'','Besplatan transport','free.free','','2964.0000',0,0,'0.0000',7,4,'RSD','1.00000000','212.200.146.38','','Mozilla/5.0 (Windows NT 6.2; WOW64; rv:25.0) Gecko/20100101 Firefox/25.0','en-US,en;q=0.5','2013-10-31 15:03:02','2013-10-31 15:03:30'),(442,0,'INV-2013-00',0,'Termorad','http://termorad.com/',21,1,'Ivan','Test','iwqemax@gmail.com','123435','1231243','Ivan','Test','','','','asda 1','','hd','2341','Srbija',243,'Nišava',4014,'','Visa, Maestro, MasterCard (Intesa Payment)','intesapay','Ivan','Test','','asda 1','','hd','2341','Srbija',243,'Nišava',4014,'','Besplatan transport','free.free','','14729.0400',0,0,'0.0000',7,4,'RSD','1.00000000','212.200.146.38','','Mozilla/5.0 (Windows NT 6.2; WOW64; rv:25.0) Gecko/20100101 Firefox/25.0','en-US,en;q=0.5','2013-11-04 14:58:31','2013-11-04 14:59:00'),(332,0,'INV-2013-00',0,'Termorad','http://termorad.com/',21,1,'Ivan','Test','iwqemax@gmail.com','123435','1231243','Ivan','Test','','','','asda 1','','hd','2341','Srbija',243,'Nišava',4014,'','Visa, Maestro, MasterCard (Intesa Payment)','intesapay','Ivan','Test','','asda 1','','hd','2341','Srbija',243,'Nišava',4014,'','Besplatan transport','free.free','','3601.9200',0,0,'0.0000',7,4,'RSD','1.00000000','212.200.146.38','','Mozilla/5.0 (Windows NT 6.2; WOW64; rv:25.0) Gecko/20100101 Firefox/25.0','en-US,en;q=0.5','2013-10-31 15:08:53','2013-10-31 15:09:22'),(333,0,'INV-2013-00',0,'Termorad','http://termorad.com/',21,1,'Ivan','Test','iwqemax@gmail.com','123435','1231243','Ivan','Test','','','','asda 1','','hd','2341','Srbija',243,'Nišava',4014,'','Visa, Maestro, MasterCard (Intesa Payment)','intesapay','Ivan','Test','','asda 1','','hd','2341','Srbija',243,'Nišava',4014,'','Besplatan transport','free.free','','96.4800',0,0,'0.0000',7,4,'RSD','1.00000000','212.200.146.38','','Mozilla/5.0 (Windows NT 6.2; WOW64; rv:25.0) Gecko/20100101 Firefox/25.0','en-US,en;q=0.5','2013-10-31 15:13:51','2013-10-31 15:14:14'),(334,0,'INV-2013-00',0,'Termorad','http://termorad.com/',21,1,'Ivan','Test','iwqemax@gmail.com','123435','1231243','Ivan','Test','','','','asda 1','','hd','2341','Srbija',243,'Nišava',4014,'','Visa, Maestro, MasterCard (Intesa Payment)','intesapay','Ivan','Test','','asda 1','','hd','2341','Srbija',243,'Nišava',4014,'','Besplatan transport','free.free','','1851.6000',0,0,'0.0000',7,4,'RSD','1.00000000','212.200.146.38','','Mozilla/5.0 (Windows NT 6.2; WOW64; rv:25.0) Gecko/20100101 Firefox/25.0','en-US,en;q=0.5','2013-10-31 15:16:46','2013-10-31 15:17:10'),(335,0,'INV-2013-00',0,'Termorad','http://termorad.com/',21,1,'Ivan','Test','iwqemax@gmail.com','123435','1231243','Ivan','Test','','','','asda 1','','hd','2341','Srbija',243,'Nišava',4014,'','Visa, Maestro, MasterCard (Intesa Payment)','intesapay','Ivan','Test','','asda 1','','hd','2341','Srbija',243,'Nišava',4014,'','Besplatan transport','free.free','','2894.4000',0,0,'0.0000',7,4,'RSD','1.00000000','212.200.146.38','','Mozilla/5.0 (Windows NT 6.2; WOW64; rv:25.0) Gecko/20100101 Firefox/25.0','en-US,en;q=0.5','2013-10-31 15:19:51','2013-10-31 15:20:10'),(497,0,'INV-2013-00',0,'Termorad','http://termorad.com/',21,1,'Ivan','Test','iwqemax@gmail.com','123435','1231243','Ivan','Test','','','','asda 1','','hd','2341','Srbija',243,'Nišava',4014,'','Visa, Maestro, MasterCard (Intesa Payment)','intesapay','Ivan','Test','','asda 1','','hd','2341','Srbija',243,'Nišava',4014,'','Besplatan transport','free.free','','17417.6400',0,0,'0.0000',7,4,'RSD','1.00000000','212.200.146.37','','Mozilla/5.0 (Windows NT 6.3; WOW64; rv:25.0) Gecko/20100101 Firefox/25.0','en-US,en;q=0.5','2013-11-07 14:42:00','2013-11-07 14:42:00'),(443,0,'INV-2013-00',0,'Termorad','http://termorad.com/',21,1,'Ivan','Test','iwqemax@gmail.com','123435','1231243','Ivan','Test','','','','asda 1','','hd','2341','Srbija',243,'Nišava',4014,'','Visa, Maestro, MasterCard (Intesa Payment)','intesapay','Ivan','Test','','asda 1','','hd','2341','Srbija',243,'Nišava',4014,'','Besplatan transport','free.free','','3601.9200',0,0,'0.0000',7,4,'RSD','1.00000000','212.200.146.38','','Mozilla/5.0 (Windows NT 6.2; WOW64; rv:25.0) Gecko/20100101 Firefox/25.0','en-US,en;q=0.5','2013-11-04 15:00:10','2013-11-04 15:00:42'),(338,0,'INV-2013-00',0,'Termorad','http://termorad.com/',21,1,'Ivan','Test','iwqemax@gmail.com','123435','1231243','Ivan','Test','','','','asda 1','','hd','2341','Srbija',243,'Nišava',4014,'','Visa, Maestro, MasterCard (Intesa Payment)','intesapay','Ivan','Test','','asda 1','','hd','2341','Srbija',243,'Nišava',4014,'','Besplatan transport','free.free','','10393.9200',0,0,'0.0000',7,4,'RSD','1.00000000','212.200.146.38','','Mozilla/5.0 (Windows NT 6.2; WOW64; rv:25.0) Gecko/20100101 Firefox/25.0','en-US,en;q=0.5','2013-10-31 15:25:50','2013-10-31 15:26:16'),(339,0,'INV-2013-00',0,'Termorad','http://termorad.com/',21,1,'Ivan','Test','iwqemax@gmail.com','123435','1231243','Ivan','Test','','','','asda 1','','hd','2341','Srbija',243,'Nišava',4014,'','Visa, Maestro, MasterCard (Intesa Payment)','intesapay','Ivan','Test','','asda 1','','hd','2341','Srbija',243,'Nišava',4014,'','Besplatan transport','free.free','','7332.3600',0,0,'0.0000',7,4,'RSD','1.00000000','212.200.146.38','','Mozilla/5.0 (Windows NT 6.2; WOW64; rv:25.0) Gecko/20100101 Firefox/25.0','en-US,en;q=0.5','2013-10-31 15:28:27','2013-10-31 15:28:49'),(340,0,'INV-2013-00',0,'Termorad','http://termorad.com/',21,1,'Ivan','Test','iwqemax@gmail.com','123435','1231243','Ivan','Test','','','','asda 1','','hd','2341','Srbija',243,'Nišava',4014,'','Visa, Maestro, MasterCard (Intesa Payment)','intesapay','Ivan','Test','','asda 1','','hd','2341','Srbija',243,'Nišava',4014,'','Besplatan transport','free.free','','12465.0000',0,0,'0.0000',7,4,'RSD','1.00000000','212.200.146.38','','Mozilla/5.0 (Windows NT 6.2; WOW64; rv:25.0) Gecko/20100101 Firefox/25.0','en-US,en;q=0.5','2013-10-31 15:34:31','2013-10-31 15:34:49'),(341,0,'INV-2013-00',0,'Termorad','http://termorad.com/',21,1,'Ivan','Test','iwqemax@gmail.com','123435','1231243','Ivan','Test','','','','asda 1','','hd','2341','Srbija',243,'Nišava',4014,'','Visa, Maestro, MasterCard (Intesa Payment)','intesapay','Ivan','Test','','asda 1','','hd','2341','Srbija',243,'Nišava',4014,'','Besplatan transport','free.free','','1981.2000',0,0,'0.0000',7,4,'RSD','1.00000000','212.200.146.38','','Mozilla/5.0 (Windows NT 6.2; WOW64; rv:25.0) Gecko/20100101 Firefox/25.0','en-US,en;q=0.5','2013-10-31 15:36:02','2013-10-31 15:36:26'),(445,0,'INV-2013-00',0,'Termorad','http://termorad.com/',21,1,'Ivan','Test','iwqemax@gmail.com','123435','1231243','Ivan','Test','','','','asda 1','','hd','2341','Srbija',243,'Nišava',4014,'','Visa, Maestro, MasterCard (Intesa Payment)','intesapay','Ivan','Test','','asda 1','','hd','2341','Srbija',243,'Nišava',4014,'','Besplatan transport','free.free','','3601.9200',0,0,'0.0000',7,4,'RSD','1.00000000','212.200.146.38','','Mozilla/5.0 (Windows NT 6.2; WOW64; rv:25.0) Gecko/20100101 Firefox/25.0','en-US,en;q=0.5','2013-11-04 15:02:13','2013-11-04 15:02:31'),(527,0,'INV-2013-00',0,'Termorad','http://www.termorad.com/',75,1,'Ivan','Vicentijevic','ttmtake@gmail.com','3812789533','','Ivan','Vicentijevic','','','','address','','Kragujevac','34000','Srbija',243,'Pirot',4016,'','Visa, Maestro, MasterCard (Intesa Payment)','intesapay','Ivan','Vicentijevic','','address','','Kragujevac','34000','Srbija',243,'Pirot',4016,'','Besplatan transport','free.free','','6877.3200',0,0,'0.0000',7,4,'RSD','1.00000000','178.149.102.144','','Mozilla/5.0 (Windows NT 6.1; WOW64) AppleWebKit/537.36 (KHTML, like Gecko) Chrome/31.0.1650.57 Safari/537.36','sr-RS,sr;q=0.8,en-US;q=0.6,en;q=0.4,hr;q=0.2,nl;q=0.2','2013-11-25 10:49:34','2013-11-25 10:49:34'),(343,0,'INV-2013-00',0,'Termorad','http://termorad.com/',21,1,'Ivan','Test','iwqemax@gmail.com','123435','1231243','Ivan','Test','','','','asda 1','','hd','2341','Srbija',243,'Nišava',4014,'','Visa, Maestro, MasterCard (Intesa Payment)','intesapay','Ivan','Test','','asda 1','','hd','2341','Srbija',243,'Nišava',4014,'','Besplatan transport','free.free','','51600.0000',0,0,'0.0000',7,4,'RSD','1.00000000','212.200.146.38','','Mozilla/5.0 (Windows NT 6.2; WOW64; rv:25.0) Gecko/20100101 Firefox/25.0','en-US,en;q=0.5','2013-10-31 15:39:08','2013-10-31 15:40:21'),(345,0,'INV-2013-00',0,'Termorad','http://termorad.com/',21,1,'Ivan','Test','iwqemax@gmail.com','123435','1231243','Ivan','Test','','','','asda 1','','hd','2341','Srbija',243,'Nišava',4014,'','Visa, Maestro, MasterCard (Intesa Payment)','intesapay','Ivan','Test','','asda 1','','hd','2341','Srbija',243,'Nišava',4014,'','Besplatan transport','free.free','','2964.0000',0,0,'0.0000',7,4,'RSD','1.00000000','212.200.146.38','','Mozilla/5.0 (Windows NT 6.2; WOW64; rv:25.0) Gecko/20100101 Firefox/25.0','en-US,en;q=0.5','2013-10-31 15:43:00','2013-10-31 15:43:29'),(346,0,'INV-2013-00',0,'Termorad','http://termorad.com/',21,1,'Ivan','Test','iwqemax@gmail.com','123435','1231243','Ivan','Test','','','','asda 1','','hd','2341','Srbija',243,'Nišava',4014,'','Visa, Maestro, MasterCard (Intesa Payment)','intesapay','Ivan','Test','','asda 1','','hd','2341','Srbija',243,'Nišava',4014,'','Besplatan transport','free.free','','2964.0000',0,0,'0.0000',7,4,'RSD','1.00000000','212.200.146.38','','Mozilla/5.0 (Windows NT 6.2; WOW64; rv:25.0) Gecko/20100101 Firefox/25.0','en-US,en;q=0.5','2013-10-31 15:48:10','2013-10-31 15:48:38'),(446,0,'INV-2013-00',0,'Termorad','http://termorad.com/',21,1,'Ivan','Test','iwqemax@gmail.com','123435','1231243','Ivan','Test','','','','asda 1','','hd','2341','Srbija',243,'Nišava',4014,'','Visa, Maestro, MasterCard (Intesa Payment)','intesapay','Ivan','Test','','asda 1','','hd','2341','Srbija',243,'Nišava',4014,'','Besplatan transport','free.free','','6959.4000',0,0,'0.0000',7,4,'RSD','1.00000000','212.200.146.38','','Mozilla/5.0 (Windows NT 6.2; WOW64; rv:25.0) Gecko/20100101 Firefox/25.0','en-US,en;q=0.5','2013-11-04 15:12:34','2013-11-04 15:13:06'),(348,0,'INV-2013-00',0,'Termorad','http://termorad.com/',21,1,'Ivan','Test','iwqemax@gmail.com','123435','1231243','Ivan','Test','','','','asda 1','','hd','2341','Srbija',243,'Nišava',4014,'','Visa, Maestro, MasterCard (Intesa Payment)','intesapay','Ivan','Test','','asda 1','','hd','2341','Srbija',243,'Nišava',4014,'','Besplatan transport','free.free','','3601.9200',0,0,'0.0000',7,4,'RSD','1.00000000','212.200.146.38','','Mozilla/5.0 (Windows NT 6.2; WOW64; rv:25.0) Gecko/20100101 Firefox/25.0','en-US,en;q=0.5','2013-10-31 15:50:37','2013-10-31 15:50:55'),(349,0,'INV-2013-00',0,'Termorad','http://termorad.com/',21,1,'Ivan','Test','iwqemax@gmail.com','123435','1231243','Ivan','Test','','','','asda 1','','hd','2341','Srbija',243,'Nišava',4014,'','Visa, Maestro, MasterCard (Intesa Payment)','intesapay','Ivan','Test','','asda 1','','hd','2341','Srbija',243,'Nišava',4014,'','Besplatan transport','free.free','','1981.2000',0,0,'0.0000',7,4,'RSD','1.00000000','212.200.146.38','','Mozilla/5.0 (Windows NT 6.2; WOW64; rv:25.0) Gecko/20100101 Firefox/25.0','en-US,en;q=0.5','2013-10-31 15:51:59','2013-10-31 15:52:24'),(350,0,'INV-2013-00',0,'Termorad','http://termorad.com/',21,1,'Ivan','Test','iwqemax@gmail.com','123435','1231243','Ivan','Test','','','','asda 1','','hd','2341','Srbija',243,'Nišava',4014,'','Visa, Maestro, MasterCard (Intesa Payment)','intesapay','Ivan','Test','','asda 1','','hd','2341','Srbija',243,'Nišava',4014,'','Besplatan transport','free.free','','1981.2000',0,0,'0.0000',7,4,'RSD','1.00000000','212.200.146.38','','Mozilla/5.0 (Windows NT 6.2; WOW64; rv:25.0) Gecko/20100101 Firefox/25.0','en-US,en;q=0.5','2013-10-31 15:54:33','2013-10-31 15:55:07'),(448,0,'INV-2013-00',0,'Termorad','http://termorad.com/',21,1,'Ivan','Test','iwqemax@gmail.com','123435','1231243','Ivan','Test','','','','asda 1','','hd','2341','Srbija',243,'Nišava',4014,'','Visa, Maestro, MasterCard (Intesa Payment)','intesapay','Ivan','Test','','asda 1','','hd','2341','Srbija',243,'Nišava',4014,'','Besplatan transport','free.free','','54504.0000',0,0,'0.0000',7,4,'RSD','1.00000000','212.200.146.38','','Mozilla/5.0 (Windows NT 6.2; WOW64; rv:25.0) Gecko/20100101 Firefox/25.0','en-US,en;q=0.5','2013-11-04 15:28:49','2013-11-04 15:28:49'),(353,0,'INV-2013-00',0,'Termorad','http://termorad.com/',21,1,'Ivan','Test','iwqemax@gmail.com','123435','1231243','Ivan','Test','','','','asda 1','','hd','2341','Srbija',243,'Nišava',4014,'','Visa, Maestro, MasterCard (Intesa Payment)','intesapay','Ivan','Test','','asda 1','','hd','2341','Srbija',243,'Nišava',4014,'','Besplatan transport','free.free','','7332.3600',0,0,'0.0000',7,4,'RSD','1.00000000','212.200.146.38','','Mozilla/5.0 (Windows NT 6.2; WOW64; rv:25.0) Gecko/20100101 Firefox/25.0','en-US,en;q=0.5','2013-11-01 09:20:52','2013-11-01 09:21:30'),(354,0,'INV-2013-00',0,'Termorad','http://termorad.com/',21,1,'Ivan','Test','iwqemax@gmail.com','123435','1231243','Ivan','Test','','','','asda 1','','hd','2341','Srbija',243,'Nišava',4014,'','Visa, Maestro, MasterCard (Intesa Payment)','intesapay','Ivan','Test','','asda 1','','hd','2341','Srbija',243,'Nišava',4014,'','Besplatan transport','free.free','','10393.9200',0,0,'0.0000',7,4,'RSD','1.00000000','212.200.146.38','','Mozilla/5.0 (Windows NT 6.2; WOW64; rv:25.0) Gecko/20100101 Firefox/25.0','en-US,en;q=0.5','2013-11-01 09:22:11','2013-11-01 09:22:40'),(355,0,'INV-2013-00',0,'Termorad','http://termorad.com/',21,1,'Ivan','Test','iwqemax@gmail.com','123435','1231243','Ivan','Test','','','','asda 1','','hd','2341','Srbija',243,'Nišava',4014,'','Visa, Maestro, MasterCard (Intesa Payment)','intesapay','Ivan','Test','','asda 1','','hd','2341','Srbija',243,'Nišava',4014,'','Besplatan transport','free.free','','1851.6000',0,0,'0.0000',7,4,'RSD','1.00000000','212.200.146.38','','Mozilla/5.0 (Windows NT 6.2; WOW64; rv:25.0) Gecko/20100101 Firefox/25.0','en-US,en;q=0.5','2013-11-01 09:29:02','2013-11-01 09:29:33'),(356,0,'INV-2013-00',0,'Termorad','http://termorad.com/',21,1,'Ivan','Test','iwqemax@gmail.com','123435','1231243','Ivan','Test','','','','asda 1','','hd','2341','Srbija',243,'Nišava',4014,'','Visa, Maestro, MasterCard (Intesa Payment)','intesapay','Ivan','Test','','asda 1','','hd','2341','Srbija',243,'Nišava',4014,'','Besplatan transport','free.free','','3601.9200',0,0,'0.0000',7,4,'RSD','1.00000000','212.200.146.38','','Mozilla/5.0 (Windows NT 6.2; WOW64; rv:25.0) Gecko/20100101 Firefox/25.0','en-US,en;q=0.5','2013-11-01 09:31:01','2013-11-01 09:31:22'),(357,0,'INV-2013-00',0,'Termorad','http://termorad.com/',21,1,'Ivan','Test','iwqemax@gmail.com','123435','1231243','Ivan','Test','','','','asda 1','','hd','2341','Srbija',243,'Nišava',4014,'','Visa, Maestro, MasterCard (Intesa Payment)','intesapay','Ivan','Test','','asda 1','','hd','2341','Srbija',243,'Nišava',4014,'','Besplatan transport','free.free','','1851.6000',0,0,'0.0000',7,4,'RSD','1.00000000','212.200.146.38','','Mozilla/5.0 (Windows NT 6.2; WOW64; rv:25.0) Gecko/20100101 Firefox/25.0','en-US,en;q=0.5','2013-11-01 09:37:03','2013-11-01 09:37:03'),(358,0,'INV-2013-00',0,'Termorad','http://termorad.com/',21,1,'Ivan','Test','iwqemax@gmail.com','123435','1231243','Ivan','Test','','','','asda 1','','hd','2341','Srbija',243,'Nišava',4014,'','Visa, Maestro, MasterCard (Intesa Payment)','intesapay','Ivan','Test','','asda 1','','hd','2341','Srbija',243,'Nišava',4014,'','Besplatan transport','free.free','','3601.9200',0,0,'0.0000',7,4,'RSD','1.00000000','212.200.146.38','','Mozilla/5.0 (Windows NT 6.2; WOW64; rv:25.0) Gecko/20100101 Firefox/25.0','en-US,en;q=0.5','2013-11-01 09:39:20','2013-11-01 09:40:02'),(542,0,'INV-2013-00',0,'Termorad','http://www.termorad.com/',75,1,'Ivan','Vicentijevic','ttmtake@gmail.com','3812789533','','Ivan','Vicentijevic','','','','address','','Kragujevac','34000','Srbija',243,'Pirot',4016,'','Visa, Maestro, MasterCard (Intesa Payment)','intesapay','Ivan','Vicentijevic','','address','','Kragujevac','34000','Srbija',243,'Pirot',4016,'','Besplatan transport','free.free','','94932.0000',0,0,'0.0000',7,4,'RSD','1.00000000','178.149.102.144','','Mozilla/5.0 (Windows NT 6.1; WOW64) AppleWebKit/537.36 (KHTML, like Gecko) Chrome/31.0.1650.57 Safari/537.36','sr-RS,sr;q=0.8,en-US;q=0.6,en;q=0.4,hr;q=0.2,nl;q=0.2','2013-12-06 10:08:20','2013-12-06 10:08:20'),(449,0,'INV-2013-00',0,'Termorad','http://termorad.com/',21,1,'Ivan','Test','iwqemax@gmail.com','123435','1231243','Ivan','Test','','','','asda 1','','hd','2341','Srbija',243,'Nišava',4014,'','Visa, Maestro, MasterCard (Intesa Payment)','intesapay','Ivan','Test','','asda 1','','hd','2341','Srbija',243,'Nišava',4014,'','Besplatan transport','free.free','','61381.3200',0,0,'0.0000',7,4,'RSD','1.00000000','212.200.146.38','','Mozilla/5.0 (Windows NT 6.2; WOW64; rv:25.0) Gecko/20100101 Firefox/25.0','en-US,en;q=0.5','2013-11-04 15:33:13','2013-11-05 08:04:36'),(450,0,'INV-2013-00',0,'Termorad','http://termorad.com/',21,1,'Ivan','Test','iwqemax@gmail.com','123435','1231243','Ivan','Test','','','','asda 1','','hd','2341','Srbija',243,'Nišava',4014,'','Visa, Maestro, MasterCard (Intesa Payment)','intesapay','Ivan','Test','','asda 1','','hd','2341','Srbija',243,'Nišava',4014,'','Besplatan transport','free.free','','64738.8000',0,0,'0.0000',7,4,'RSD','1.00000000','212.200.146.38','','Mozilla/5.0 (Windows NT 6.2; WOW64; rv:25.0) Gecko/20100101 Firefox/25.0','en-US,en;q=0.5','2013-11-04 15:53:18','2013-11-04 15:53:48'),(528,0,'INV-2013-00',0,'Termorad','http://www.termorad.com/',75,1,'Ivan','Vicentijevic','ttmtake@gmail.com','3812789533','','Ivan','Vicentijevic','','','','address','','Kragujevac','34000','Srbija',243,'Pirot',4016,'','Visa, Maestro, MasterCard (Intesa Payment)','intesapay','Ivan','Vicentijevic','','address','','Kragujevac','34000','Srbija',243,'Pirot',4016,'','Besplatan transport','free.free','','6877.3200',0,0,'0.0000',7,4,'RSD','1.00000000','178.149.102.144','','Mozilla/5.0 (Windows NT 6.1; WOW64) AppleWebKit/537.36 (KHTML, like Gecko) Chrome/31.0.1650.57 Safari/537.36','sr-RS,sr;q=0.8,en-US;q=0.6,en;q=0.4,hr;q=0.2,nl;q=0.2','2013-11-25 10:50:44','2013-11-25 10:50:44'),(453,0,'INV-2013-00',0,'Termorad','http://termorad.com/',21,1,'Ivan','Test','iwqemax@gmail.com','123435','1231243','Ivan','Test','','','','asda 1','','hd','2341','Srbija',243,'Nišava',4014,'','Visa, Maestro, MasterCard (Intesa Payment)','intesapay','Ivan','Test','','asda 1','','hd','2341','Srbija',243,'Nišava',4014,'','Besplatan transport','free.free','','1981.2000',0,0,'0.0000',7,4,'RSD','1.00000000','212.200.146.37','','Mozilla/5.0 (Windows NT 6.2; WOW64; rv:25.0) Gecko/20100101 Firefox/25.0','en-US,en;q=0.5','2013-11-05 09:21:46','2013-11-05 09:22:06'),(529,0,'INV-2013-00',0,'Termorad','http://www.termorad.com/',75,1,'Ivan','Vicentijevic','ttmtake@gmail.com','3812789533','','Ivan','Vicentijevic','','','','address','','Kragujevac','34000','Srbija',243,'Pirot',4016,'','Visa, Maestro, MasterCard (Intesa Payment)','intesapay','Ivan','Vicentijevic','','address','','Kragujevac','34000','Srbija',243,'Pirot',4016,'','Besplatan transport','free.free','','6877.3200',0,0,'0.0000',7,4,'RSD','1.00000000','178.149.102.144','','Mozilla/5.0 (Windows NT 6.1; WOW64) AppleWebKit/537.36 (KHTML, like Gecko) Chrome/31.0.1650.57 Safari/537.36','sr-RS,sr;q=0.8,en-US;q=0.6,en;q=0.4,hr;q=0.2,nl;q=0.2','2013-11-25 10:51:09','2013-11-25 10:51:09'),(455,0,'INV-2013-00',0,'Termorad','http://termorad.com/',21,1,'Ivan','Test','iwqemax@gmail.com','123435','1231243','Ivan','Test','','','','asda 1','','hd','2341','Srbija',243,'Nišava',4014,'','Visa, Maestro, MasterCard (Intesa Payment)','intesapay','Ivan','Test','','asda 1','','hd','2341','Srbija',243,'Nišava',4014,'','Besplatan transport','free.free','','12465.0000',0,0,'0.0000',7,4,'RSD','1.00000000','212.200.146.37','','Mozilla/5.0 (Windows NT 6.2; WOW64; rv:25.0) Gecko/20100101 Firefox/25.0','en-US,en;q=0.5','2013-11-05 09:29:26','2013-11-05 09:29:26'),(530,0,'INV-2013-00',0,'Termorad','http://www.termorad.com/',75,1,'Ivan','Vicentijevic','ttmtake@gmail.com','3812789533','','Ivan','Vicentijevic','','','','address','','Kragujevac','34000','Srbija',243,'Pirot',4016,'','Visa, Maestro, MasterCard (Intesa Payment)','intesapay','Ivan','Vicentijevic','','address','','Kragujevac','34000','Srbija',243,'Pirot',4016,'','Besplatan transport','free.free','','6877.3200',0,0,'0.0000',7,4,'RSD','1.00000000','178.149.102.144','','Mozilla/5.0 (Windows NT 6.1; WOW64) AppleWebKit/537.36 (KHTML, like Gecko) Chrome/31.0.1650.57 Safari/537.36','sr-RS,sr;q=0.8,en-US;q=0.6,en;q=0.4,hr;q=0.2,nl;q=0.2','2013-11-25 10:51:36','2013-11-25 10:51:36'),(531,0,'INV-2013-00',0,'Termorad','http://www.termorad.com/',75,1,'Ivan','Vicentijevic','ttmtake@gmail.com','3812789533','','Ivan','Vicentijevic','','','','address','','Kragujevac','34000','Srbija',243,'Pirot',4016,'','Visa, Maestro, MasterCard (Intesa Payment)','intesapay','Ivan','Vicentijevic','','address','','Kragujevac','34000','Srbija',243,'Pirot',4016,'','Besplatan transport','free.free','','16996.9200',0,0,'0.0000',7,4,'RSD','1.00000000','212.200.146.37','','Mozilla/5.0 (Windows NT 6.3; WOW64) AppleWebKit/537.36 (KHTML, like Gecko) Chrome/31.0.1650.57 Safari/537.36','sr-RS,sr;q=0.8,en-US;q=0.6,en;q=0.4,fr;q=0.2,hr;q=0.2,sv;q=0.2','2013-11-25 11:34:17','2013-11-25 11:34:17'),(532,0,'INV-2013-00',0,'Termorad','http://www.termorad.com/',75,1,'Ivan','Vicentijevic','ttmtake@gmail.com','3812789533','','Ivan','Vicentijevic','','','','address','','Kragujevac','34000','Srbija',243,'Pirot',4016,'','Visa, Maestro, MasterCard (Intesa Payment)','intesapay','Ivan','Vicentijevic','','address','','Kragujevac','34000','Srbija',243,'Pirot',4016,'','Besplatan transport','free.free','','23874.2400',0,0,'0.0000',7,4,'RSD','1.00000000','212.200.146.37','','Mozilla/5.0 (Windows NT 6.3; WOW64) AppleWebKit/537.36 (KHTML, like Gecko) Chrome/31.0.1650.57 Safari/537.36','sr-RS,sr;q=0.8,en-US;q=0.6,en;q=0.4,fr;q=0.2,hr;q=0.2,sv;q=0.2','2013-11-25 12:37:49','2013-11-25 12:37:49'),(533,0,'INV-2013-00',0,'Termorad','http://www.termorad.com/',75,1,'Ivan','Vicentijevic','ttmtake@gmail.com','3812789533','','Ivan','Vicentijevic','','','','address','','Kragujevac','34000','Srbija',243,'Pirot',4016,'','Visa, Maestro, MasterCard (Intesa Payment)','intesapay','Ivan','Vicentijevic','','address','','Kragujevac','34000','Srbija',243,'Pirot',4016,'','Besplatan transport','free.free','','23874.2400',0,0,'0.0000',7,4,'RSD','1.00000000','212.200.146.37','','Mozilla/5.0 (Windows NT 6.3; WOW64) AppleWebKit/537.36 (KHTML, like Gecko) Chrome/31.0.1650.57 Safari/537.36','sr-RS,sr;q=0.8,en-US;q=0.6,en;q=0.4,fr;q=0.2,hr;q=0.2,sv;q=0.2','2013-11-25 12:53:42','2013-11-25 12:53:42'),(461,0,'INV-2013-00',0,'Termorad','http://termorad.com/',23,1,'Sasa','Birovljev','aleksandar.birovljev@bancaintesa.rs','064','','Sasa','Birovljev','','','','Bul','','Bgd','','Srbija',243,'Belgrade',3994,'','Visa, Maestro, MasterCard (Intesa Payment)','intesapay','Sasa','Birovljev','','Bul','','Bgd','','Srbija',243,'Belgrade',3994,'','Besplatan transport','free.free','','5928.0000',0,0,'0.0000',7,4,'RSD','1.00000000','195.46.53.200','','Mozilla/5.0 (Windows NT 5.1) AppleWebKit/537.36 (KHTML, like Gecko) Chrome/30.0.1599.101 Safari/537.36','en-US,en;q=0.8','2013-11-06 15:14:30','2013-11-06 15:14:30'),(462,0,'INV-2013-00',0,'Termorad','http://termorad.com/',23,1,'Sasa','Birovljev','aleksandar.birovljev@bancaintesa.rs','064','','Sasa','Birovljev','','','','Bul','','Bgd','','Srbija',243,'Belgrade',3994,'','Visa, Maestro, MasterCard (Intesa Payment)','intesapay','Sasa','Birovljev','','Bul','','Bgd','','Srbija',243,'Belgrade',3994,'','Besplatan transport','free.free','','7332.3600',0,0,'0.0000',7,4,'RSD','1.00000000','195.46.53.200','','Mozilla/5.0 (Windows NT 5.1) AppleWebKit/537.36 (KHTML, like Gecko) Chrome/30.0.1599.101 Safari/537.36','en-US,en;q=0.8','2013-11-06 15:17:28','2013-11-06 15:17:28'),(534,0,'INV-2013-00',0,'Termorad','http://www.termorad.com/',74,1,'Zoran','Nosov','zoran@giir.net','063 400068','018 599100','Zoran','Nosov','','','','Gabrovacki put 2 deo 32a','','Nis','18106','Srbija',243,'Nišava',4014,'','Plaćanje pouzećem','cod','Zoran','Nosov','','Gabrovacki put 2 deo 32a','','Nis','18106','Srbija',243,'Nišava',4014,'','Besplatan transport','free.free','','616.0800',5,0,'0.0000',7,4,'RSD','1.00000000','93.87.193.109','','Mozilla/5.0 (Windows NT 5.1) AppleWebKit/537.36 (KHTML, like Gecko) Chrome/31.0.1650.57 Safari/537.36','sr-RS,sr;q=0.8,en-US;q=0.6,en;q=0.4,hr;q=0.2','2013-11-26 11:46:36','2013-12-10 08:27:35'),(507,0,'INV-2013-00',0,'Termorad','http://termorad.com/',24,1,'Danijel','Hasani','dhasani@sezampro.rs','062629299','','Danijel','Hasani','','','','Sterijina 19/39','','Vrsac','26300','Srbija',243,'South Banat',3998,'','Plaćanje pouzećem','cod','Danijel','Hasani','','Sterijina 19/39','','Vrsac','26300','Srbija',243,'South Banat',3998,'','Besplatan transport','free.free','','267.3600',5,0,'0.0000',7,4,'RSD','1.00000000','79.175.117.250','','Mozilla/5.0 (Windows NT 5.1; rv:26.0) Gecko/20100101 Firefox/26.0','en-US,en;q=0.5','2013-11-10 18:19:13','2013-12-10 08:27:50'),(464,0,'INV-2013-00',0,'Termorad','http://termorad.com/',23,1,'Sasa','Birovljev','aleksandar.birovljev@bancaintesa.rs','064','','Sasa','Birovljev','','','','Bul','','Bgd','','Srbija',243,'Belgrade',3994,'','Visa, Maestro, MasterCard (Intesa Payment)','intesapay','Sasa','Birovljev','','Bul','','Bgd','','Srbija',243,'Belgrade',3994,'','Besplatan transport','free.free','','6877.3200',0,0,'0.0000',7,4,'RSD','1.00000000','195.46.53.200','','Mozilla/5.0 (Windows NT 5.1) AppleWebKit/537.36 (KHTML, like Gecko) Chrome/30.0.1599.101 Safari/537.36','en-US,en;q=0.8','2013-11-06 15:24:34','2013-11-06 15:24:34'),(465,0,'INV-2013-00',0,'Termorad','http://termorad.com/',23,1,'Sasa','Birovljev','aleksandar.birovljev@bancaintesa.rs','064','','Sasa','Birovljev','','','','Bul','','Bgd','','Srbija',243,'Belgrade',3994,'','Visa, Maestro, MasterCard (Intesa Payment)','intesapay','Sasa','Birovljev','','Bul','','Bgd','','Srbija',243,'Belgrade',3994,'','Besplatan transport','free.free','','6877.3200',0,0,'0.0000',7,4,'RSD','1.00000000','195.46.53.200','','Mozilla/5.0 (Windows NT 5.1) AppleWebKit/537.36 (KHTML, like Gecko) Chrome/30.0.1599.101 Safari/537.36','en-US,en;q=0.8','2013-11-06 15:26:02','2013-11-06 15:26:02'),(466,0,'INV-2013-00',0,'Termorad','http://termorad.com/',23,1,'Sasa','Birovljev','aleksandar.birovljev@bancaintesa.rs','064','','Sasa','Birovljev','','','','Bul','','Bgd','','Srbija',243,'Belgrade',3994,'','Visa, Maestro, MasterCard (Intesa Payment)','intesapay','Sasa','Birovljev','','Bul','','Bgd','','Srbija',243,'Belgrade',3994,'','Besplatan transport','free.free','','6877.3200',0,0,'0.0000',7,4,'RSD','1.00000000','195.46.53.200','','Mozilla/5.0 (Windows NT 5.1) AppleWebKit/537.36 (KHTML, like Gecko) Chrome/30.0.1599.101 Safari/537.36','en-US,en;q=0.8','2013-11-06 15:28:21','2013-11-06 15:28:21'),(540,0,'INV-2013-00',0,'Termorad','http://www.termorad.com/',75,1,'Ivan','Vicentijevic','ttmtake@gmail.com','3812789533','','Ivan','Vicentijevic','','','','address','','Kragujevac','34000','Srbija',243,'Pirot',4016,'','Visa, Maestro, MasterCard (Intesa Payment)','intesapay','Ivan','Vicentijevic','','address','','Kragujevac','34000','Srbija',243,'Pirot',4016,'','Besplatan transport','free.free','','79110.0000',0,0,'0.0000',7,4,'RSD','1.00000000','178.149.102.144','','Mozilla/5.0 (Windows NT 6.1; WOW64) AppleWebKit/537.36 (KHTML, like Gecko) Chrome/31.0.1650.57 Safari/537.36','sr-RS,sr;q=0.8,en-US;q=0.6,en;q=0.4,hr;q=0.2,nl;q=0.2','2013-12-06 07:16:12','2013-12-06 07:16:12'),(541,0,'INV-2013-00',0,'Termorad','http://www.termorad.com/',75,1,'Ivan','Vicentijevic','ttmtake@gmail.com','3812789533','','Ivan','Vicentijevic','','','','address','','Kragujevac','34000','Srbija',243,'Pirot',4016,'','Visa, Maestro, MasterCard (Intesa Payment)','intesapay','Ivan','Vicentijevic','','address','','Kragujevac','34000','Srbija',243,'Pirot',4016,'','Besplatan transport','free.free','','94932.0000',0,0,'0.0000',7,4,'RSD','1.00000000','178.149.102.144','','Mozilla/5.0 (Windows NT 6.1; WOW64) AppleWebKit/537.36 (KHTML, like Gecko) Chrome/31.0.1650.57 Safari/537.36','sr-RS,sr;q=0.8,en-US;q=0.6,en;q=0.4,hr;q=0.2,nl;q=0.2','2013-12-06 09:56:03','2013-12-06 09:56:03'),(574,0,'INV-2013-00',0,'Termorad','http://www.termorad.com/',75,1,'Ivan','Vicentijevic','ttmtake@gmail.com','3812789533','','Ivan','Vicentijevic','','','','address','','Kragujevac','34000','Srbija',243,'Pirot',4016,'','Visa, Maestro, MasterCard (Intesa Payment)','intesapay','Ivan','Vicentijevic','','address','','Kragujevac','34000','Srbija',243,'Pirot',4016,'','Besplatan transport','free.free','','15822.0000',0,0,'0.0000',7,4,'RSD','1.00000000','178.149.102.144','','Mozilla/5.0 (Windows NT 6.1; WOW64) AppleWebKit/537.36 (KHTML, like Gecko) Chrome/31.0.1650.63 Safari/537.36','sr-RS,sr;q=0.8,en-US;q=0.6,en;q=0.4,hr;q=0.2,nl;q=0.2','2013-12-07 13:04:33','2013-12-07 13:04:33'),(573,0,'INV-2013-00',0,'Termorad','http://www.termorad.com/',75,1,'Ivan','Vicentijevic','ttmtake@gmail.com','3812789533','','Ivan','Vicentijevic','','','','address','','Kragujevac','34000','Srbija',243,'Pirot',4016,'','Visa, Maestro, MasterCard (Intesa Payment)','intesapay','Ivan','Vicentijevic','','address','','Kragujevac','34000','Srbija',243,'Pirot',4016,'','Besplatan transport','free.free','','15822.0000',0,0,'0.0000',7,4,'RSD','1.00000000','178.149.102.144','','Mozilla/5.0 (Windows NT 6.1; WOW64) AppleWebKit/537.36 (KHTML, like Gecko) Chrome/31.0.1650.63 Safari/537.36','sr-RS,sr;q=0.8,en-US;q=0.6,en;q=0.4,hr;q=0.2,nl;q=0.2','2013-12-07 13:00:59','2013-12-07 13:00:59'),(575,0,'INV-2013-00',0,'Termorad','http://www.termorad.com/',75,1,'Ivan','Vicentijevic','ttmtake@gmail.com','3812789533','','Ivan','Vicentijevic','','','','address','','Kragujevac','34000','Srbija',243,'Pirot',4016,'','Visa, Maestro, MasterCard (Intesa Payment)','intesapay','Ivan','Vicentijevic','','address','','Kragujevac','34000','Srbija',243,'Pirot',4016,'','Besplatan transport','free.free','','15822.0000',0,0,'0.0000',7,4,'RSD','1.00000000','178.149.102.144','','Mozilla/5.0 (Windows NT 6.1; WOW64) AppleWebKit/537.36 (KHTML, like Gecko) Chrome/31.0.1650.63 Safari/537.36','sr-RS,sr;q=0.8,en-US;q=0.6,en;q=0.4,hr;q=0.2,nl;q=0.2','2013-12-07 13:10:41','2013-12-07 13:10:41'),(551,0,'INV-2013-00',0,'Termorad','http://www.termorad.com/',75,1,'Ivan','Vicentijevic','ttmtake@gmail.com','3812789533','','Ivan','Vicentijevic','','','','address','','Kragujevac','34000','Srbija',243,'Pirot',4016,'','Visa, Maestro, MasterCard (Intesa Payment)','intesapay','Ivan','Vicentijevic','','address','','Kragujevac','34000','Srbija',243,'Pirot',4016,'','Besplatan transport','free.free','','15822.0000',0,0,'0.0000',7,4,'RSD','1.00000000','212.200.146.37','','Mozilla/5.0 (Windows NT 6.3; WOW64) AppleWebKit/537.36 (KHTML, like Gecko) Chrome/31.0.1650.57 Safari/537.36','sr-RS,sr;q=0.8,en-US;q=0.6,en;q=0.4,fr;q=0.2,hr;q=0.2,sv;q=0.2','2013-12-06 11:35:05','2013-12-06 11:35:05'),(390,0,'INV-2013-00',0,'Termorad','http://termorad.com/',21,1,'Ivan','Test','iwqemax@gmail.com','123435','1231243','Ivan','Test','','','','asda 1','','hd','2341','Srbija',243,'Nišava',4014,'','Visa, Maestro, MasterCard (Intesa Payment)','intesapay','Ivan','Test','','asda 1','','hd','2341','Srbija',243,'Nišava',4014,'','Besplatan transport','free.free','','6168.0000',0,0,'0.0000',7,4,'RSD','1.00000000','212.200.146.38','','Mozilla/5.0 (Windows NT 6.2; WOW64; rv:25.0) Gecko/20100101 Firefox/25.0','en-US,en;q=0.5','2013-11-01 12:21:03','2013-11-01 12:21:34'),(391,0,'INV-2013-00',0,'Termorad','http://termorad.com/',21,1,'Ivan','Test','iwqemax@gmail.com','123435','1231243','Ivan','Test','','','','asda 1','','hd','2341','Srbija',243,'Nišava',4014,'','Visa, Maestro, MasterCard (Intesa Payment)','intesapay','Ivan','Test','','asda 1','','hd','2341','Srbija',243,'Nišava',4014,'','Besplatan transport','free.free','','1851.6000',0,0,'0.0000',7,4,'RSD','1.00000000','212.200.146.38','','Mozilla/5.0 (Windows NT 6.2; WOW64; rv:25.0) Gecko/20100101 Firefox/25.0','en-US,en;q=0.5','2013-11-01 12:24:38','2013-11-01 12:25:12'),(392,0,'INV-2013-00',0,'Termorad','http://termorad.com/',21,1,'Ivan','Test','iwqemax@gmail.com','123435','1231243','Ivan','Test','','','','asda 1','','hd','2341','Srbija',243,'Nišava',4014,'','Visa, Maestro, MasterCard (Intesa Payment)','intesapay','Ivan','Test','','asda 1','','hd','2341','Srbija',243,'Nišava',4014,'','Besplatan transport','free.free','','3859.2000',0,0,'0.0000',7,4,'RSD','1.00000000','212.200.146.38','','Mozilla/5.0 (Windows NT 6.2; WOW64; rv:25.0) Gecko/20100101 Firefox/25.0','en-US,en;q=0.5','2013-11-01 12:27:00','2013-11-01 12:27:00'),(393,0,'INV-2013-00',0,'Termorad','http://termorad.com/',21,1,'Ivan','Test','iwqemax@gmail.com','123435','1231243','Ivan','Test','','','','asda 1','','hd','2341','Srbija',243,'Nišava',4014,'','Visa, Maestro, MasterCard (Intesa Payment)','intesapay','Ivan','Test','','asda 1','','hd','2341','Srbija',243,'Nišava',4014,'','Besplatan transport','free.free','','3601.9200',0,0,'0.0000',7,4,'RSD','1.00000000','212.200.146.38','','Mozilla/5.0 (Windows NT 6.2; WOW64; rv:25.0) Gecko/20100101 Firefox/25.0','en-US,en;q=0.5','2013-11-01 12:28:20','2013-11-01 12:28:47'),(578,0,'INV-2013-00',0,'Termorad','http://www.termorad.com/',75,1,'Ivan','Vicentijevic','ttmtake@gmail.com','3812789533','','Ivan','Vicentijevic','','','','address','','Kragujevac','34000','Srbija',243,'Pirot',4016,'','Visa, Maestro, MasterCard (Intesa Payment)','intesapay','Ivan','Vicentijevic','','address','','Kragujevac','34000','Srbija',243,'Pirot',4016,'','Besplatan transport','free.free','','15822.0000',0,0,'0.0000',7,4,'RSD','1.00000000','178.149.102.144','','Mozilla/5.0 (Windows NT 6.1; WOW64) AppleWebKit/537.36 (KHTML, like Gecko) Chrome/31.0.1650.63 Safari/537.36','sr-RS,sr;q=0.8,en-US;q=0.6,en;q=0.4,hr;q=0.2,nl;q=0.2','2013-12-07 13:23:38','2013-12-07 13:23:38'),(576,0,'INV-2013-00',0,'Termorad','http://www.termorad.com/',75,1,'Ivan','Vicentijevic','ttmtake@gmail.com','3812789533','','Ivan','Vicentijevic','','','','address','','Kragujevac','34000','Srbija',243,'Pirot',4016,'','Visa, Maestro, MasterCard (Intesa Payment)','intesapay','Ivan','Vicentijevic','','address','','Kragujevac','34000','Srbija',243,'Pirot',4016,'','Besplatan transport','free.free','','15822.0000',0,0,'0.0000',7,4,'RSD','1.00000000','178.149.102.144','','Mozilla/5.0 (Windows NT 6.1; WOW64) AppleWebKit/537.36 (KHTML, like Gecko) Chrome/31.0.1650.63 Safari/537.36','sr-RS,sr;q=0.8,en-US;q=0.6,en;q=0.4,hr;q=0.2,nl;q=0.2','2013-12-07 13:19:11','2013-12-07 13:19:11'),(577,0,'INV-2013-00',0,'Termorad','http://www.termorad.com/',75,1,'Ivan','Vicentijevic','ttmtake@gmail.com','3812789533','','Ivan','Vicentijevic','','','','address','','Kragujevac','34000','Srbija',243,'Pirot',4016,'','Visa, Maestro, MasterCard (Intesa Payment)','intesapay','Ivan','Vicentijevic','','address','','Kragujevac','34000','Srbija',243,'Pirot',4016,'','Besplatan transport','free.free','','15822.0000',0,0,'0.0000',7,4,'RSD','1.00000000','178.149.102.144','','Mozilla/5.0 (Windows NT 6.1; WOW64) AppleWebKit/537.36 (KHTML, like Gecko) Chrome/31.0.1650.63 Safari/537.36','sr-RS,sr;q=0.8,en-US;q=0.6,en;q=0.4,hr;q=0.2,nl;q=0.2','2013-12-07 13:22:55','2013-12-07 13:22:55'),(398,0,'INV-2013-00',0,'Termorad','http://termorad.com/',21,1,'Ivan','Test','iwqemax@gmail.com','123435','1231243','Ivan','Test','','','','asda 1','','hd','2341','Srbija',243,'Nišava',4014,'','Visa, Maestro, MasterCard (Intesa Payment)','intesapay','Ivan','Test','','asda 1','','hd','2341','Srbija',243,'Nišava',4014,'','Besplatan transport','free.free','','2572.8000',0,0,'0.0000',7,4,'RSD','1.00000000','212.200.146.38','','Mozilla/5.0 (Windows NT 6.2; WOW64; rv:25.0) Gecko/20100101 Firefox/25.0','en-US,en;q=0.5','2013-11-01 12:51:28','2013-11-01 12:51:53'),(399,0,'INV-2013-00',0,'Termorad','http://termorad.com/',21,1,'Ivan','Test','iwqemax@gmail.com','123435','1231243','Ivan','Test','','','','asda 1','','hd','2341','Srbija',243,'Nišava',4014,'','Visa, Maestro, MasterCard (Intesa Payment)','intesapay','Ivan','Test','','asda 1','','hd','2341','Srbija',243,'Nišava',4014,'','Besplatan transport','free.free','','6168.0000',0,0,'0.0000',7,4,'RSD','1.00000000','212.200.146.38','','Mozilla/5.0 (Windows NT 6.2; WOW64; rv:25.0) Gecko/20100101 Firefox/25.0','en-US,en;q=0.5','2013-11-01 12:52:54','2013-11-01 12:53:33'),(566,0,'INV-2013-00',0,'Termorad','http://www.termorad.com/',75,1,'Ivan','Vicentijevic','ttmtake@gmail.com','3812789533','','Ivan','Vicentijevic','','','','address','','Kragujevac','34000','Srbija',243,'Pirot',4016,'','Visa, Maestro, MasterCard (Intesa Payment)','intesapay','Ivan','Vicentijevic','','address','','Kragujevac','34000','Srbija',243,'Pirot',4016,'','Besplatan transport','free.free','','31644.0000',0,0,'0.0000',7,4,'RSD','1.00000000','178.149.102.144','','Mozilla/5.0 (Windows NT 6.1; WOW64) AppleWebKit/537.36 (KHTML, like Gecko) Chrome/31.0.1650.57 Safari/537.36','sr-RS,sr;q=0.8,en-US;q=0.6,en;q=0.4,hr;q=0.2,nl;q=0.2','2013-12-06 14:05:15','2013-12-06 14:05:15'),(567,0,'INV-2013-00',0,'Termorad','http://www.termorad.com/',75,1,'Ivan','Vicentijevic','ttmtake@gmail.com','3812789533','','Ivan','Vicentijevic','','','','address','','Kragujevac','34000','Srbija',243,'Pirot',4016,'','Visa, Maestro, MasterCard (Intesa Payment)','intesapay','Ivan','Vicentijevic','','address','','Kragujevac','34000','Srbija',243,'Pirot',4016,'','Besplatan transport','free.free','','47466.0000',0,0,'0.0000',7,4,'RSD','1.00000000','178.149.102.144','','Mozilla/5.0 (Windows NT 6.1; WOW64) AppleWebKit/537.36 (KHTML, like Gecko) Chrome/31.0.1650.57 Safari/537.36','sr-RS,sr;q=0.8,en-US;q=0.6,en;q=0.4,hr;q=0.2,nl;q=0.2','2013-12-07 11:03:35','2013-12-07 11:03:35'),(568,0,'INV-2013-00',0,'Termorad','http://www.termorad.com/',75,1,'Ivan','Vicentijevic','ttmtake@gmail.com','3812789533','','Ivan','Vicentijevic','','','','address','','Kragujevac','34000','Srbija',243,'Pirot',4016,'','Visa, Maestro, MasterCard (Intesa Payment)','intesapay','Ivan','Vicentijevic','','address','','Kragujevac','34000','Srbija',243,'Pirot',4016,'','Besplatan transport','free.free','','63288.0000',0,0,'0.0000',7,4,'RSD','1.00000000','178.149.102.144','','Mozilla/5.0 (Windows NT 6.1; WOW64) AppleWebKit/537.36 (KHTML, like Gecko) Chrome/31.0.1650.63 Safari/537.36','sr-RS,sr;q=0.8,en-US;q=0.6,en;q=0.4,hr;q=0.2,nl;q=0.2','2013-12-07 12:46:47','2013-12-07 12:46:47'),(559,0,'INV-2013-00',0,'Termorad','http://www.termorad.com/',75,1,'Ivan','Vicentijevic','ttmtake@gmail.com','3812789533','','Ivan','Vicentijevic','','','','address','','Kragujevac','34000','Srbija',243,'Pirot',4016,'','Visa, Maestro, MasterCard (Intesa Payment)','intesapay','Ivan','Vicentijevic','','address','','Kragujevac','34000','Srbija',243,'Pirot',4016,'','Besplatan transport','free.free','','15822.0000',0,0,'0.0000',7,4,'RSD','1.00000000','212.200.146.37','','Mozilla/5.0 (Windows NT 6.3; WOW64) AppleWebKit/537.36 (KHTML, like Gecko) Chrome/31.0.1650.57 Safari/537.36','sr-RS,sr;q=0.8,en-US;q=0.6,en;q=0.4,fr;q=0.2,hr;q=0.2,sv;q=0.2','2013-12-06 11:55:03','2013-12-06 11:55:03'),(560,0,'INV-2013-00',0,'Termorad','http://www.termorad.com/',75,1,'Ivan','Vicentijevic','ttmtake@gmail.com','3812789533','','Ivan','Vicentijevic','','','','address','','Kragujevac','34000','Srbija',243,'Pirot',4016,'','Visa, Maestro, MasterCard (Intesa Payment)','intesapay','Ivan','Vicentijevic','','address','','Kragujevac','34000','Srbija',243,'Pirot',4016,'','Besplatan transport','free.free','','15822.0000',0,0,'0.0000',7,4,'RSD','1.00000000','212.200.146.37','','Mozilla/5.0 (Windows NT 6.3; WOW64) AppleWebKit/537.36 (KHTML, like Gecko) Chrome/31.0.1650.57 Safari/537.36','sr-RS,sr;q=0.8,en-US;q=0.6,en;q=0.4,fr;q=0.2,hr;q=0.2,sv;q=0.2','2013-12-06 11:55:16','2013-12-06 11:55:16'),(561,0,'INV-2013-00',0,'Termorad','http://www.termorad.com/',75,1,'Ivan','Vicentijevic','ttmtake@gmail.com','3812789533','','Ivan','Vicentijevic','','','','address','','Kragujevac','34000','Srbija',243,'Pirot',4016,'','Visa, Maestro, MasterCard (Intesa Payment)','intesapay','Ivan','Vicentijevic','','address','','Kragujevac','34000','Srbija',243,'Pirot',4016,'','Besplatan transport','free.free','','15822.0000',0,0,'0.0000',7,4,'RSD','1.00000000','212.200.146.37','','Mozilla/5.0 (Windows NT 6.3; WOW64) AppleWebKit/537.36 (KHTML, like Gecko) Chrome/31.0.1650.57 Safari/537.36','sr-RS,sr;q=0.8,en-US;q=0.6,en;q=0.4,fr;q=0.2,hr;q=0.2,sv;q=0.2','2013-12-06 11:55:31','2013-12-06 11:55:31'),(562,0,'INV-2013-00',0,'Termorad','http://www.termorad.com/',75,1,'Ivan','Vicentijevic','ttmtake@gmail.com','3812789533','','Ivan','Vicentijevic','','','','address','','Kragujevac','34000','Srbija',243,'Pirot',4016,'','Visa, Maestro, MasterCard (Intesa Payment)','intesapay','Ivan','Vicentijevic','','address','','Kragujevac','34000','Srbija',243,'Pirot',4016,'','Besplatan transport','free.free','','15822.0000',0,0,'0.0000',7,4,'RSD','1.00000000','212.200.146.37','','Mozilla/5.0 (Windows NT 6.3; WOW64) AppleWebKit/537.36 (KHTML, like Gecko) Chrome/31.0.1650.57 Safari/537.36','sr-RS,sr;q=0.8,en-US;q=0.6,en;q=0.4,fr;q=0.2,hr;q=0.2,sv;q=0.2','2013-12-06 12:02:23','2013-12-06 12:02:23'),(563,0,'INV-2013-00',0,'Termorad','http://www.termorad.com/',75,1,'Ivan','Vicentijevic','ttmtake@gmail.com','3812789533','','Ivan','Vicentijevic','','','','address','','Kragujevac','34000','Srbija',243,'Pirot',4016,'','Visa, Maestro, MasterCard (Intesa Payment)','intesapay','Ivan','Vicentijevic','','address','','Kragujevac','34000','Srbija',243,'Pirot',4016,'','Besplatan transport','free.free','','15822.0000',0,0,'0.0000',7,4,'RSD','1.00000000','212.200.146.37','','Mozilla/5.0 (Windows NT 6.3; WOW64) AppleWebKit/537.36 (KHTML, like Gecko) Chrome/31.0.1650.57 Safari/537.36','sr-RS,sr;q=0.8,en-US;q=0.6,en;q=0.4,fr;q=0.2,hr;q=0.2,sv;q=0.2','2013-12-06 12:03:34','2013-12-06 12:03:34'),(564,0,'INV-2013-00',0,'Termorad','http://www.termorad.com/',75,1,'Ivan','Vicentijevic','ttmtake@gmail.com','3812789533','','Ivan','Vicentijevic','','','','address','','Kragujevac','34000','Srbija',243,'Pirot',4016,'','Visa, Maestro, MasterCard (Intesa Payment)','intesapay','Ivan','Vicentijevic','','address','','Kragujevac','34000','Srbija',243,'Pirot',4016,'','Besplatan transport','free.free','','15822.0000',0,0,'0.0000',7,4,'RSD','1.00000000','212.200.146.37','','Mozilla/5.0 (Windows NT 6.3; WOW64) AppleWebKit/537.36 (KHTML, like Gecko) Chrome/31.0.1650.57 Safari/537.36','sr-RS,sr;q=0.8,en-US;q=0.6,en;q=0.4,fr;q=0.2,hr;q=0.2,sv;q=0.2','2013-12-06 12:05:33','2013-12-06 12:05:33'),(565,0,'INV-2013-00',0,'Termorad','http://www.termorad.com/',75,1,'Ivan','Vicentijevic','ttmtake@gmail.com','3812789533','','Ivan','Vicentijevic','','','','address','','Kragujevac','34000','Srbija',243,'Pirot',4016,'','Visa, Maestro, MasterCard (Intesa Payment)','intesapay','Ivan','Vicentijevic','','address','','Kragujevac','34000','Srbija',243,'Pirot',4016,'','Besplatan transport','free.free','','15822.0000',0,0,'0.0000',7,4,'RSD','1.00000000','212.200.146.37','','Mozilla/5.0 (Windows NT 6.3; WOW64) AppleWebKit/537.36 (KHTML, like Gecko) Chrome/31.0.1650.57 Safari/537.36','sr-RS,sr;q=0.8,en-US;q=0.6,en;q=0.4,fr;q=0.2,hr;q=0.2,sv;q=0.2','2013-12-06 12:12:51','2013-12-06 12:12:51'),(579,0,'INV-2013-00',0,'Termorad','http://www.termorad.com/',75,1,'Ivan','Vicentijevic','ttmtake@gmail.com','3812789533','','Ivan','Vicentijevic','','','','address','','Kragujevac','34000','Srbija',243,'Pirot',4016,'','Visa, Maestro, MasterCard (Intesa Payment)','intesapay','Ivan','Vicentijevic','','address','','Kragujevac','34000','Srbija',243,'Pirot',4016,'','Besplatan transport','free.free','','15822.0000',0,0,'0.0000',7,4,'RSD','1.00000000','178.149.102.144','','Mozilla/5.0 (Windows NT 6.1; WOW64) AppleWebKit/537.36 (KHTML, like Gecko) Chrome/31.0.1650.63 Safari/537.36','sr-RS,sr;q=0.8,en-US;q=0.6,en;q=0.4,hr;q=0.2,nl;q=0.2','2013-12-07 13:44:52','2013-12-07 13:44:52'),(580,0,'INV-2013-00',0,'Termorad','http://www.termorad.com/',75,1,'Ivan','Vicentijevic','ttmtake@gmail.com','3812789533','','Ivan','Vicentijevic','','','','address','','Kragujevac','34000','Srbija',243,'Pirot',4016,'','Visa, Maestro, MasterCard (Intesa Payment)','intesapay','Ivan','Vicentijevic','','address','','Kragujevac','34000','Srbija',243,'Pirot',4016,'','Besplatan transport','free.free','','15822.0000',0,0,'0.0000',7,4,'RSD','1.00000000','178.149.102.144','','Mozilla/5.0 (Windows NT 6.1; WOW64) AppleWebKit/537.36 (KHTML, like Gecko) Chrome/31.0.1650.63 Safari/537.36','sr-RS,sr;q=0.8,en-US;q=0.6,en;q=0.4,hr;q=0.2,nl;q=0.2','2013-12-07 14:05:35','2013-12-07 14:05:35'),(581,0,'INV-2013-00',0,'Termorad','http://www.termorad.com/',75,1,'Ivan','Vicentijevic','ttmtake@gmail.com','3812789533','','Ivan','Vicentijevic','','','','address','','Kragujevac','34000','Srbija',243,'Pirot',4016,'','Visa, Maestro, MasterCard (Intesa Payment)','intesapay','Ivan','Vicentijevic','','address','','Kragujevac','34000','Srbija',243,'Pirot',4016,'','Besplatan transport','free.free','','15822.0000',0,0,'0.0000',7,4,'RSD','1.00000000','178.149.102.144','','Mozilla/5.0 (Windows NT 6.1; WOW64) AppleWebKit/537.36 (KHTML, like Gecko) Chrome/31.0.1650.63 Safari/537.36','sr-RS,sr;q=0.8,en-US;q=0.6,en;q=0.4,hr;q=0.2,nl;q=0.2','2013-12-07 14:06:36','2013-12-07 14:06:36'),(632,0,'INV-2013-00',0,'Termorad','http://www.termorad.com/',75,1,'Ivan','Vicentijevic','ttmtake@gmail.com','3812789533','','Ivan','Vicentijevic','','','','address','','Kragujevac','34000','Srbija',243,'Pirot',4016,'','Visa, Maestro, MasterCard (Intesa Payment)','intesapay','Ivan','Vicentijevic','','address','','Kragujevac','34000','Srbija',243,'Pirot',4016,'','Besplatan transport','free.free','','3357.4800',0,0,'0.0000',7,4,'RSD','1.00000000','212.200.146.37','','Mozilla/5.0 (Windows NT 6.3; WOW64) AppleWebKit/537.36 (KHTML, like Gecko) Chrome/31.0.1650.63 Safari/537.36','sr-RS,sr;q=0.8,en-US;q=0.6,en;q=0.4,fr;q=0.2,hr;q=0.2,sv;q=0.2','2013-12-09 12:32:05','2013-12-09 12:32:05'),(661,0,'INV-2013-00',0,'Termorad','http://www.termorad.com/',75,1,'Ivan','Vicentijevic','ttmtake@gmail.com','3812789533','','Ivan','Vicentijevic','','','','address','','Kragujevac','34000','Srbija',243,'Pirot',4016,'','Visa, Maestro, MasterCard (Intesa Payment)','intesapay','Ivan','Vicentijevic','','address','','Kragujevac','34000','Srbija',243,'Pirot',4016,'','Besplatan transport','free.free','','15822.0000',0,0,'0.0000',7,4,'RSD','1.00000000','178.149.102.144','','Mozilla/5.0 (Windows NT 6.1; WOW64) AppleWebKit/537.36 (KHTML, like Gecko) Chrome/31.0.1650.63 Safari/537.36','sr-RS,sr;q=0.8,en-US;q=0.6,en;q=0.4,hr;q=0.2,nl;q=0.2','2013-12-09 17:38:29','2013-12-09 17:38:29'),(600,0,'INV-2013-00',0,'Termorad','http://www.termorad.com/',75,1,'Ivan','Vicentijevic','ttmtake@gmail.com','3812789533','','Ivan','Vicentijevic','','','','address','','Kragujevac','34000','Srbija',243,'Pirot',4016,'','Visa, Maestro, MasterCard (Intesa Payment)','intesapay','Ivan','Vicentijevic','','address','','Kragujevac','34000','Srbija',243,'Pirot',4016,'','Besplatan transport','free.free','','127710.4800',0,0,'0.0000',7,4,'RSD','1.00000000','178.149.102.144','','Mozilla/5.0 (Windows NT 6.1; WOW64) AppleWebKit/537.36 (KHTML, like Gecko) Chrome/31.0.1650.63 Safari/537.36','sr-RS,sr;q=0.8,en-US;q=0.6,en;q=0.4,hr;q=0.2,nl;q=0.2','2013-12-08 17:22:36','2013-12-08 17:22:36'),(420,0,'INV-2013-00',0,'Termorad','http://termorad.com/',21,1,'Ivan','Test','iwqemax@gmail.com','123435','1231243','Ivan','Test','','','','asda 1','','hd','2341','Srbija',243,'Nišava',4014,'','Visa, Maestro, MasterCard (Intesa Payment)','intesapay','Ivan','Test','','asda 1','','hd','2341','Srbija',243,'Nišava',4014,'','Besplatan transport','free.free','','2572.8000',0,0,'0.0000',7,4,'RSD','1.00000000','212.200.146.38','','Mozilla/5.0 (Windows NT 6.2; WOW64; rv:25.0) Gecko/20100101 Firefox/25.0','en-US,en;q=0.5','2013-11-04 12:38:31','2013-11-04 12:38:55'),(421,0,'INV-2013-00',0,'Termorad','http://termorad.com/',21,1,'Ivan','Test','iwqemax@gmail.com','123435','1231243','Ivan','Test','','','','asda 1','','hd','2341','Srbija',243,'Nišava',4014,'','Visa, Maestro, MasterCard (Intesa Payment)','intesapay','Ivan','Test','','asda 1','','hd','2341','Srbija',243,'Nišava',4014,'','Besplatan transport','free.free','','54172.8000',0,0,'0.0000',7,4,'RSD','1.00000000','212.200.146.38','','Mozilla/5.0 (Windows NT 6.2; WOW64; rv:25.0) Gecko/20100101 Firefox/25.0','en-US,en;q=0.5','2013-11-04 12:46:24','2013-11-04 12:46:50'),(625,0,'INV-2013-00',0,'Termorad','http://www.termorad.com/',75,1,'Ivan','Vicentijevic','ttmtake@gmail.com','3812789533','','Ivan','Vicentijevic','','','','address','','Kragujevac','34000','Srbija',243,'Pirot',4016,'','Visa, Maestro, MasterCard (Intesa Payment)','intesapay','Ivan','Vicentijevic','','address','','Kragujevac','34000','Srbija',243,'Pirot',4016,'','Besplatan transport','free.free','','10119.6000',0,0,'0.0000',7,4,'RSD','1.00000000','178.149.102.144','','Mozilla/5.0 (Windows NT 6.1; WOW64) AppleWebKit/537.36 (KHTML, like Gecko) Chrome/31.0.1650.63 Safari/537.36','sr-RS,sr;q=0.8,en-US;q=0.6,en;q=0.4,hr;q=0.2,nl;q=0.2','2013-12-09 10:08:52','2013-12-09 10:08:52'),(590,0,'INV-2013-00',0,'Termorad','http://www.termorad.com/',75,1,'Ivan','Vicentijevic','ttmtake@gmail.com','3812789533','','Ivan','Vicentijevic','','','','address','','Kragujevac','34000','Srbija',243,'Pirot',4016,'','Visa, Maestro, MasterCard (Intesa Payment)','intesapay','Ivan','Vicentijevic','','address','','Kragujevac','34000','Srbija',243,'Pirot',4016,'','Besplatan transport','free.free','','3357.4800',0,0,'0.0000',7,4,'RSD','1.00000000','178.149.102.144','','Mozilla/5.0 (Windows NT 6.1; WOW64) AppleWebKit/537.36 (KHTML, like Gecko) Chrome/31.0.1650.63 Safari/537.36','sr-RS,sr;q=0.8,en-US;q=0.6,en;q=0.4,hr;q=0.2,nl;q=0.2','2013-12-08 12:45:01','2013-12-08 12:45:01'),(624,0,'INV-2013-00',0,'Termorad','http://www.termorad.com/',75,1,'Ivan','Vicentijevic','ttmtake@gmail.com','3812789533','','Ivan','Vicentijevic','','','','address','','Kragujevac','34000','Srbija',243,'Pirot',4016,'','Visa, Maestro, MasterCard (Intesa Payment)','intesapay','Ivan','Vicentijevic','','address','','Kragujevac','34000','Srbija',243,'Pirot',4016,'','Besplatan transport','free.free','','10119.6000',0,0,'0.0000',7,4,'RSD','1.00000000','178.149.102.144','','Mozilla/5.0 (Windows NT 6.1; WOW64) AppleWebKit/537.36 (KHTML, like Gecko) Chrome/31.0.1650.63 Safari/537.36','sr-RS,sr;q=0.8,en-US;q=0.6,en;q=0.4,hr;q=0.2,nl;q=0.2','2013-12-09 10:06:47','2013-12-09 10:06:47'),(425,0,'INV-2013-00',0,'Termorad','http://termorad.com/',21,1,'Ivan','Test','iwqemax@gmail.com','123435','1231243','Ivan','Test','','','','asda 1','','hd','2341','Srbija',243,'Nišava',4014,'','Visa, Maestro, MasterCard (Intesa Payment)','intesapay','Ivan','Test','','asda 1','','hd','2341','Srbija',243,'Nišava',4014,'','Besplatan transport','free.free','','1981.2000',0,0,'0.0000',7,4,'RSD','1.00000000','212.200.146.38','','Mozilla/5.0 (Windows NT 6.2; WOW64; rv:25.0) Gecko/20100101 Firefox/25.0','en-US,en;q=0.5','2013-11-04 13:12:21','2013-11-04 13:12:43'),(426,0,'INV-2013-00',0,'Termorad','http://termorad.com/',21,1,'Ivan','Test','iwqemax@gmail.com','123435','1231243','Ivan','Test','','','','asda 1','','hd','2341','Srbija',243,'Nišava',4014,'','Visa, Maestro, MasterCard (Intesa Payment)','intesapay','Ivan','Test','','asda 1','','hd','2341','Srbija',243,'Nišava',4014,'','Besplatan transport','free.free','','12465.0000',0,0,'0.0000',7,4,'RSD','1.00000000','212.200.146.38','','Mozilla/5.0 (Windows NT 6.2; WOW64; rv:25.0) Gecko/20100101 Firefox/25.0','en-US,en;q=0.5','2013-11-04 13:13:30','2013-11-04 13:13:49'),(428,0,'INV-2013-00',0,'Termorad','http://termorad.com/',21,1,'Ivan','Test','iwqemax@gmail.com','123435','1231243','Ivan','Test','','','','asda 1','','hd','2341','Srbija',243,'Nišava',4014,'','Visa, Maestro, MasterCard (Intesa Payment)','intesapay','Ivan','Test','','asda 1','','hd','2341','Srbija',243,'Nišava',4014,'','Besplatan transport','free.free','','1981.2000',0,0,'0.0000',7,4,'RSD','1.00000000','212.200.146.38','','Mozilla/5.0 (Windows NT 6.2; WOW64; rv:25.0) Gecko/20100101 Firefox/25.0','en-US,en;q=0.5','2013-11-04 13:16:26','2013-11-04 13:16:46'),(626,0,'INV-2013-00',0,'Termorad','http://www.termorad.com/',75,1,'Ivan','Vicentijevic','ttmtake@gmail.com','3812789533','','Ivan','Vicentijevic','','','','address','','Kragujevac','34000','Srbija',243,'Pirot',4016,'','Visa, Maestro, MasterCard (Intesa Payment)','intesapay','Ivan','Vicentijevic','','address','','Kragujevac','34000','Srbija',243,'Pirot',4016,'','Besplatan transport','free.free','','15822.0000',0,0,'0.0000',7,4,'RSD','1.00000000','212.200.146.37','','Mozilla/5.0 (Windows NT 6.3; WOW64) AppleWebKit/537.36 (KHTML, like Gecko) Chrome/31.0.1650.63 Safari/537.36','sr-RS,sr;q=0.8,en-US;q=0.6,en;q=0.4,fr;q=0.2,hr;q=0.2,sv;q=0.2','2013-12-09 12:01:40','2013-12-09 12:01:40'),(627,0,'INV-2013-00',0,'Termorad','http://www.termorad.com/',75,1,'Ivan','Vicentijevic','ttmtake@gmail.com','3812789533','','Ivan','Vicentijevic','','','','address','','Kragujevac','34000','Srbija',243,'Pirot',4016,'','Visa, Maestro, MasterCard (Intesa Payment)','intesapay','Ivan','Vicentijevic','','address','','Kragujevac','34000','Srbija',243,'Pirot',4016,'','Besplatan transport','free.free','','6877.3200',0,0,'0.0000',7,4,'RSD','1.00000000','212.200.146.37','','Mozilla/5.0 (Windows NT 6.3; WOW64) AppleWebKit/537.36 (KHTML, like Gecko) Chrome/31.0.1650.63 Safari/537.36','sr-RS,sr;q=0.8,en-US;q=0.6,en;q=0.4,fr;q=0.2,hr;q=0.2,sv;q=0.2','2013-12-09 12:03:08','2013-12-09 12:03:08'),(658,0,'INV-2013-00',0,'Termorad','http://www.termorad.com/',75,1,'Ivan','Vicentijevic','ttmtake@gmail.com','3812789533','','Ivan','Vicentijevic','','','','address','','Kragujevac','34000','Srbija',243,'Pirot',4016,'','Visa, Maestro, MasterCard (Intesa Payment)','intesapay','Ivan','Vicentijevic','','address','','Kragujevac','34000','Srbija',243,'Pirot',4016,'','Besplatan transport','free.free','','15822.0000',0,0,'0.0000',7,4,'RSD','1.00000000','178.149.102.144','','Mozilla/5.0 (Windows NT 6.1; WOW64) AppleWebKit/537.36 (KHTML, like Gecko) Chrome/31.0.1650.63 Safari/537.36','sr-RS,sr;q=0.8,en-US;q=0.6,en;q=0.4,hr;q=0.2,nl;q=0.2','2013-12-09 17:29:14','2013-12-09 17:29:14'),(642,0,'INV-2013-00',0,'Termorad','http://www.termorad.com/',23,1,'Sasa','Birovljev','aleksandar.birovljev@bancaintesa.rs','064','','Sasa','Birovljev','','','','Bul','','Bgd','','Srbija',243,'Belgrade',3994,'','Visa, Maestro, MasterCard (Intesa Payment)','intesapay','Sasa','Birovljev','','Bul','','Bgd','','Srbija',243,'Belgrade',3994,'','Besplatan transport','free.free','','10119.6000',0,0,'0.0000',7,4,'RSD','1.00000000','195.46.53.200','','Mozilla/5.0 (Windows NT 5.1) AppleWebKit/537.36 (KHTML, like Gecko) Chrome/31.0.1650.63 Safari/537.36','en-US,en;q=0.8,hr;q=0.6,sr;q=0.4','2013-12-09 13:14:33','2013-12-09 13:14:33'),(660,0,'INV-2013-00',0,'Termorad','http://www.termorad.com/',75,1,'Ivan','Vicentijevic','ttmtake@gmail.com','3812789533','','Ivan','Vicentijevic','','','','address','','Kragujevac','34000','Srbija',243,'Pirot',4016,'','Visa, Maestro, MasterCard (Intesa Payment)','intesapay','Ivan','Vicentijevic','','address','','Kragujevac','34000','Srbija',243,'Pirot',4016,'','Besplatan transport','free.free','','15822.0000',0,0,'0.0000',7,4,'RSD','1.00000000','178.149.102.144','','Mozilla/5.0 (Windows NT 6.1; WOW64) AppleWebKit/537.36 (KHTML, like Gecko) Chrome/31.0.1650.63 Safari/537.36','sr-RS,sr;q=0.8,en-US;q=0.6,en;q=0.4,hr;q=0.2,nl;q=0.2','2013-12-09 17:37:15','2013-12-09 17:37:15'),(636,0,'INV-2013-00',0,'Termorad','http://www.termorad.com/',75,1,'Ivan','Vicentijevic','ttmtake@gmail.com','3812789533','','Ivan','Vicentijevic','','','','address','','Kragujevac','34000','Srbija',243,'Pirot',4016,'','Visa, Maestro, MasterCard (Intesa Payment)','intesapay','Ivan','Vicentijevic','','address','','Kragujevac','34000','Srbija',243,'Pirot',4016,'','Besplatan transport','free.free','','6877.3200',0,0,'0.0000',7,4,'RSD','1.00000000','212.200.146.37','','Mozilla/5.0 (Windows NT 6.3; WOW64) AppleWebKit/537.36 (KHTML, like Gecko) Chrome/31.0.1650.63 Safari/537.36','sr-RS,sr;q=0.8,en-US;q=0.6,en;q=0.4,fr;q=0.2,hr;q=0.2,sv;q=0.2','2013-12-09 12:35:42','2013-12-09 12:35:42'),(637,0,'INV-2013-00',0,'Termorad','http://www.termorad.com/',75,1,'Ivan','Vicentijevic','ttmtake@gmail.com','3812789533','','Ivan','Vicentijevic','','','','address','','Kragujevac','34000','Srbija',243,'Pirot',4016,'','Visa, Maestro, MasterCard (Intesa Payment)','intesapay','Ivan','Vicentijevic','','address','','Kragujevac','34000','Srbija',243,'Pirot',4016,'','Besplatan transport','free.free','','80244.4800',0,0,'0.0000',7,4,'RSD','1.00000000','212.200.146.37','','Mozilla/5.0 (Windows NT 6.3; WOW64) AppleWebKit/537.36 (KHTML, like Gecko) Chrome/31.0.1650.63 Safari/537.36','sr-RS,sr;q=0.8,en-US;q=0.6,en;q=0.4,fr;q=0.2,hr;q=0.2,sv;q=0.2','2013-12-09 12:38:36','2013-12-09 12:38:36'),(638,0,'INV-2013-00',0,'Termorad','http://www.termorad.com/',75,1,'Ivan','Vicentijevic','ttmtake@gmail.com','3812789533','','Ivan','Vicentijevic','','','','address','','Kragujevac','34000','Srbija',243,'Pirot',4016,'','Visa, Maestro, MasterCard (Intesa Payment)','intesapay','Ivan','Vicentijevic','','address','','Kragujevac','34000','Srbija',243,'Pirot',4016,'','Besplatan transport','free.free','','6877.3200',0,0,'0.0000',7,4,'RSD','1.00000000','212.200.146.37','','Mozilla/5.0 (Windows NT 6.3; WOW64) AppleWebKit/537.36 (KHTML, like Gecko) Chrome/31.0.1650.63 Safari/537.36','sr-RS,sr;q=0.8,en-US;q=0.6,en;q=0.4,fr;q=0.2,hr;q=0.2,sv;q=0.2','2013-12-09 12:41:11','2013-12-09 12:41:11'),(639,0,'INV-2013-00',0,'Termorad','http://www.termorad.com/',75,1,'Ivan','Vicentijevic','ttmtake@gmail.com','3812789533','','Ivan','Vicentijevic','','','','address','','Kragujevac','34000','Srbija',243,'Pirot',4016,'','Visa, Maestro, MasterCard (Intesa Payment)','intesapay','Ivan','Vicentijevic','','address','','Kragujevac','34000','Srbija',243,'Pirot',4016,'','Besplatan transport','free.free','','80244.4800',0,0,'0.0000',7,4,'RSD','1.00000000','212.200.146.37','','Mozilla/5.0 (Windows NT 6.3; WOW64) AppleWebKit/537.36 (KHTML, like Gecko) Chrome/31.0.1650.63 Safari/537.36','sr-RS,sr;q=0.8,en-US;q=0.6,en;q=0.4,fr;q=0.2,hr;q=0.2,sv;q=0.2','2013-12-09 12:42:16','2013-12-09 12:42:16'),(645,0,'INV-2013-00',0,'Termorad','http://www.termorad.com/',23,1,'Sasa','Birovljev','aleksandar.birovljev@bancaintesa.rs','064','','Sasa','Birovljev','','','','Bul','','Bgd','','Srbija',243,'Belgrade',3994,'','Visa, Maestro, MasterCard (Intesa Payment)','intesapay','Sasa','Birovljev','','Bul','','Bgd','','Srbija',243,'Belgrade',3994,'','Besplatan transport','free.free','','23154.3600',0,0,'0.0000',7,4,'RSD','1.00000000','195.46.53.200','','Mozilla/5.0 (Windows NT 5.1) AppleWebKit/537.36 (KHTML, like Gecko) Chrome/31.0.1650.63 Safari/537.36','en-US,en;q=0.8,hr;q=0.6,sr;q=0.4','2013-12-09 13:20:22','2013-12-09 13:20:22'),(662,0,'INV-2013-00',0,'Termorad','http://www.termorad.com/',75,1,'Ivan','Vicentijevic','ttmtake@gmail.com','3812789533','','Ivan','Vicentijevic','','','','address','','Kragujevac','34000','Srbija',243,'Pirot',4016,'','Visa, Maestro, MasterCard (Intesa Payment)','intesapay','Ivan','Vicentijevic','','address','','Kragujevac','34000','Srbija',243,'Pirot',4016,'','Besplatan transport','free.free','','15822.0000',0,0,'0.0000',7,4,'RSD','1.00000000','178.149.102.144','','Mozilla/5.0 (Windows NT 6.1; WOW64) AppleWebKit/537.36 (KHTML, like Gecko) Chrome/31.0.1650.63 Safari/537.36','sr-RS,sr;q=0.8,en-US;q=0.6,en;q=0.4,hr;q=0.2,nl;q=0.2','2013-12-09 17:39:47','2013-12-09 17:39:47'),(663,0,'INV-2013-00',0,'Termorad','http://www.termorad.com/',75,1,'Ivan','Vicentijevic','ttmtake@gmail.com','3812789533','','Ivan','Vicentijevic','','','','address','','Kragujevac','34000','Srbija',243,'Pirot',4016,'','Visa, Maestro, MasterCard (Intesa Payment)','intesapay','Ivan','Vicentijevic','','address','','Kragujevac','34000','Srbija',243,'Pirot',4016,'','Besplatan transport','free.free','','15822.0000',0,0,'0.0000',7,4,'RSD','1.00000000','178.149.102.144','','Mozilla/5.0 (Windows NT 6.1; WOW64) AppleWebKit/537.36 (KHTML, like Gecko) Chrome/31.0.1650.63 Safari/537.36','sr-RS,sr;q=0.8,en-US;q=0.6,en;q=0.4,hr;q=0.2,nl;q=0.2','2013-12-09 17:40:58','2013-12-09 17:40:58'),(664,0,'INV-2013-00',0,'Termorad','http://www.termorad.com/',75,1,'Ivan','Vicentijevic','ttmtake@gmail.com','3812789533','','Ivan','Vicentijevic','','','','address','','Kragujevac','34000','Srbija',243,'Pirot',4016,'','Visa, Maestro, MasterCard (Intesa Payment)','intesapay','Ivan','Vicentijevic','','address','','Kragujevac','34000','Srbija',243,'Pirot',4016,'','Besplatan transport','free.free','','15822.0000',0,0,'0.0000',7,4,'RSD','1.00000000','178.149.102.144','','Mozilla/5.0 (Windows NT 6.1; WOW64) AppleWebKit/537.36 (KHTML, like Gecko) Chrome/31.0.1650.63 Safari/537.36','sr-RS,sr;q=0.8,en-US;q=0.6,en;q=0.4,hr;q=0.2,nl;q=0.2','2013-12-09 17:41:31','2013-12-09 17:41:31'),(649,0,'INV-2013-00',0,'Termorad','http://www.termorad.com/',75,1,'Ivan','Vicentijevic','ttmtake@gmail.com','3812789533','','Ivan','Vicentijevic','','','','address','','Kragujevac','34000','Srbija',243,'Pirot',4016,'','Visa, Maestro, MasterCard (Intesa Payment)','intesapay','Ivan','Vicentijevic','','address','','Kragujevac','34000','Srbija',243,'Pirot',4016,'','Besplatan transport','free.free','','15822.0000',0,0,'0.0000',7,4,'RSD','1.00000000','212.200.146.37','','Mozilla/5.0 (Windows NT 6.3; WOW64) AppleWebKit/537.36 (KHTML, like Gecko) Chrome/31.0.1650.63 Safari/537.36','sr-RS,sr;q=0.8,en-US;q=0.6,en;q=0.4,fr;q=0.2,hr;q=0.2,sv;q=0.2','2013-12-09 13:51:52','2013-12-09 13:51:52'),(650,0,'INV-2013-00',0,'Termorad','http://www.termorad.com/',75,1,'Ivan','Vicentijevic','ttmtake@gmail.com','3812789533','','Ivan','Vicentijevic','','','','address','','Kragujevac','34000','Srbija',243,'Pirot',4016,'','Visa, Maestro, MasterCard (Intesa Payment)','intesapay','Ivan','Vicentijevic','','address','','Kragujevac','34000','Srbija',243,'Pirot',4016,'','Besplatan transport','free.free','','15822.0000',0,0,'0.0000',7,4,'RSD','1.00000000','212.200.146.37','','Mozilla/5.0 (Windows NT 6.3; WOW64) AppleWebKit/537.36 (KHTML, like Gecko) Chrome/31.0.1650.63 Safari/537.36','sr-RS,sr;q=0.8,en-US;q=0.6,en;q=0.4,fr;q=0.2,hr;q=0.2,sv;q=0.2','2013-12-09 13:54:14','2013-12-09 13:54:14'),(651,0,'INV-2013-00',0,'Termorad','http://www.termorad.com/',75,1,'Ivan','Vicentijevic','ttmtake@gmail.com','3812789533','','Ivan','Vicentijevic','','','','address','','Kragujevac','34000','Srbija',243,'Pirot',4016,'','Visa, Maestro, MasterCard (Intesa Payment)','intesapay','Ivan','Vicentijevic','','address','','Kragujevac','34000','Srbija',243,'Pirot',4016,'','Besplatan transport','free.free','','80244.4800',0,0,'0.0000',7,4,'RSD','1.00000000','212.200.146.37','','Mozilla/5.0 (Windows NT 6.3; WOW64) AppleWebKit/537.36 (KHTML, like Gecko) Chrome/31.0.1650.63 Safari/537.36','sr-RS,sr;q=0.8,en-US;q=0.6,en;q=0.4,fr;q=0.2,hr;q=0.2,sv;q=0.2','2013-12-09 14:00:41','2013-12-09 14:00:41'),(652,0,'INV-2013-00',0,'Termorad','http://www.termorad.com/',75,1,'Ivan','Vicentijevic','ttmtake@gmail.com','3812789533','','Ivan','Vicentijevic','','','','address','','Kragujevac','34000','Srbija',243,'Pirot',4016,'','Visa, Maestro, MasterCard (Intesa Payment)','intesapay','Ivan','Vicentijevic','','address','','Kragujevac','34000','Srbija',243,'Pirot',4016,'','Besplatan transport','free.free','','15822.0000',0,0,'0.0000',7,4,'RSD','1.00000000','212.200.146.37','','Mozilla/5.0 (Windows NT 6.3; WOW64) AppleWebKit/537.36 (KHTML, like Gecko) Chrome/31.0.1650.63 Safari/537.36','sr-RS,sr;q=0.8,en-US;q=0.6,en;q=0.4,fr;q=0.2,hr;q=0.2,sv;q=0.2','2013-12-09 14:03:04','2013-12-09 14:03:04'),(653,0,'INV-2013-00',0,'Termorad','http://www.termorad.com/',75,1,'Ivan','Vicentijevic','ttmtake@gmail.com','3812789533','','Ivan','Vicentijevic','','','','address','','Kragujevac','34000','Srbija',243,'Pirot',4016,'','Visa, Maestro, MasterCard (Intesa Payment)','intesapay','Ivan','Vicentijevic','','address','','Kragujevac','34000','Srbija',243,'Pirot',4016,'','Besplatan transport','free.free','','6877.3200',0,0,'0.0000',7,4,'RSD','1.00000000','212.200.146.37','','Mozilla/5.0 (Windows NT 6.3; WOW64) AppleWebKit/537.36 (KHTML, like Gecko) Chrome/31.0.1650.63 Safari/537.36','sr-RS,sr;q=0.8,en-US;q=0.6,en;q=0.4,fr;q=0.2,hr;q=0.2,sv;q=0.2','2013-12-09 14:12:03','2013-12-09 14:12:03'),(654,0,'INV-2013-00',0,'Termorad','http://www.termorad.com/',75,1,'Ivan','Vicentijevic','ttmtake@gmail.com','3812789533','','Ivan','Vicentijevic','','','','address','','Kragujevac','34000','Srbija',243,'Pirot',4016,'','Visa, Maestro, MasterCard (Intesa Payment)','intesapay','Ivan','Vicentijevic','','address','','Kragujevac','34000','Srbija',243,'Pirot',4016,'','Besplatan transport','free.free','','6877.3200',0,0,'0.0000',7,4,'RSD','1.00000000','212.200.146.37','','Mozilla/5.0 (Windows NT 6.3; WOW64) AppleWebKit/537.36 (KHTML, like Gecko) Chrome/31.0.1650.63 Safari/537.36','sr-RS,sr;q=0.8,en-US;q=0.6,en;q=0.4,fr;q=0.2,hr;q=0.2,sv;q=0.2','2013-12-09 14:15:37','2013-12-09 14:15:37'),(655,0,'INV-2013-00',0,'Termorad','http://www.termorad.com/',75,1,'Ivan','Vicentijevic','ttmtake@gmail.com','3812789533','','Ivan','Vicentijevic','','','','address','','Kragujevac','34000','Srbija',243,'Pirot',4016,'','Visa, Maestro, MasterCard (Intesa Payment)','intesapay','Ivan','Vicentijevic','','address','','Kragujevac','34000','Srbija',243,'Pirot',4016,'','Besplatan transport','free.free','','6877.3200',0,0,'0.0000',7,4,'RSD','1.00000000','212.200.146.37','','Mozilla/5.0 (Windows NT 6.3; WOW64) AppleWebKit/537.36 (KHTML, like Gecko) Chrome/31.0.1650.63 Safari/537.36','sr-RS,sr;q=0.8,en-US;q=0.6,en;q=0.4,fr;q=0.2,hr;q=0.2,sv;q=0.2','2013-12-09 14:17:57','2013-12-09 14:17:57'),(656,0,'INV-2013-00',0,'Termorad','http://www.termorad.com/',75,1,'Ivan','Vicentijevic','ttmtake@gmail.com','3812789533','','Ivan','Vicentijevic','','','','address','','Kragujevac','34000','Srbija',243,'Pirot',4016,'','Visa, Maestro, MasterCard (Intesa Payment)','intesapay','Ivan','Vicentijevic','','address','','Kragujevac','34000','Srbija',243,'Pirot',4016,'','Besplatan transport','free.free','','10119.6000',0,0,'0.0000',7,4,'RSD','1.00000000','212.200.146.37','','Mozilla/5.0 (Windows NT 6.3; WOW64) AppleWebKit/537.36 (KHTML, like Gecko) Chrome/31.0.1650.63 Safari/537.36','sr-RS,sr;q=0.8,en-US;q=0.6,en;q=0.4,fr;q=0.2,hr;q=0.2,sv;q=0.2','2013-12-09 14:21:50','2013-12-09 14:21:50'),(657,0,'INV-2013-00',0,'Termorad','http://www.termorad.com/',75,1,'Ivan','Vicentijevic','ttmtake@gmail.com','3812789533','','Ivan','Vicentijevic','','','','address','','Kragujevac','34000','Srbija',243,'Pirot',4016,'','Visa, Maestro, MasterCard (Intesa Payment)','intesapay','Ivan','Vicentijevic','','address','','Kragujevac','34000','Srbija',243,'Pirot',4016,'','Besplatan transport','free.free','','15822.0000',0,0,'0.0000',7,4,'RSD','1.00000000','212.200.146.37','','Mozilla/5.0 (Windows NT 6.3; WOW64) AppleWebKit/537.36 (KHTML, like Gecko) Chrome/31.0.1650.63 Safari/537.36','sr-RS,sr;q=0.8,en-US;q=0.6,en;q=0.4,fr;q=0.2,hr;q=0.2,sv;q=0.2','2013-12-09 16:39:31','2013-12-09 16:39:31'),(665,0,'INV-2013-00',0,'Termorad','http://www.termorad.com/',75,1,'Ivan','Vicentijevic','ttmtake@gmail.com','3812789533','','Ivan','Vicentijevic','','','','address','','Kragujevac','34000','Srbija',243,'Pirot',4016,'','Visa, Maestro, MasterCard (Intesa Payment)','intesapay','Ivan','Vicentijevic','','address','','Kragujevac','34000','Srbija',243,'Pirot',4016,'','Besplatan transport','free.free','','15822.0000',0,0,'0.0000',7,4,'RSD','1.00000000','178.149.102.144','','Mozilla/5.0 (Windows NT 6.1; WOW64) AppleWebKit/537.36 (KHTML, like Gecko) Chrome/31.0.1650.63 Safari/537.36','sr-RS,sr;q=0.8,en-US;q=0.6,en;q=0.4,hr;q=0.2,nl;q=0.2','2013-12-09 17:44:21','2013-12-09 17:44:21'),(666,0,'INV-2013-00',0,'Termorad','http://www.termorad.com/',75,1,'Ivan','Vicentijevic','ttmtake@gmail.com','3812789533','','Ivan','Vicentijevic','','','','address','','Kragujevac','34000','Srbija',243,'Pirot',4016,'','Visa, Maestro, MasterCard (Intesa Payment)','intesapay','Ivan','Vicentijevic','','address','','Kragujevac','34000','Srbija',243,'Pirot',4016,'','Besplatan transport','free.free','','15822.0000',0,0,'0.0000',7,4,'RSD','1.00000000','178.149.102.144','','Mozilla/5.0 (Windows NT 6.1; WOW64) AppleWebKit/537.36 (KHTML, like Gecko) Chrome/31.0.1650.63 Safari/537.36','sr-RS,sr;q=0.8,en-US;q=0.6,en;q=0.4,hr;q=0.2,nl;q=0.2','2013-12-09 17:44:59','2013-12-09 17:44:59'),(667,0,'INV-2013-00',0,'Termorad','http://www.termorad.com/',75,1,'Ivan','Vicentijevic','ttmtake@gmail.com','3812789533','','Ivan','Vicentijevic','','','','address','','Kragujevac','34000','Srbija',243,'Pirot',4016,'','Visa, Maestro, MasterCard (Intesa Payment)','intesapay','Ivan','Vicentijevic','','address','','Kragujevac','34000','Srbija',243,'Pirot',4016,'','Besplatan transport','free.free','','15822.0000',0,0,'0.0000',7,4,'RSD','1.00000000','178.149.102.144','','Mozilla/5.0 (Windows NT 6.1; WOW64) AppleWebKit/537.36 (KHTML, like Gecko) Chrome/31.0.1650.63 Safari/537.36','sr-RS,sr;q=0.8,en-US;q=0.6,en;q=0.4,hr;q=0.2,nl;q=0.2','2013-12-09 17:46:08','2013-12-09 17:46:08'),(668,0,'INV-2013-00',0,'Termorad','http://www.termorad.com/',75,1,'Ivan','Vicentijevic','ttmtake@gmail.com','3812789533','','Ivan','Vicentijevic','','','','address','','Kragujevac','34000','Srbija',243,'Pirot',4016,'','Visa, Maestro, MasterCard (Intesa Payment)','intesapay','Ivan','Vicentijevic','','address','','Kragujevac','34000','Srbija',243,'Pirot',4016,'','Besplatan transport','free.free','','15822.0000',0,0,'0.0000',7,4,'RSD','1.00000000','178.149.102.144','','Mozilla/5.0 (Windows NT 6.1; WOW64) AppleWebKit/537.36 (KHTML, like Gecko) Chrome/31.0.1650.63 Safari/537.36','sr-RS,sr;q=0.8,en-US;q=0.6,en;q=0.4,hr;q=0.2,nl;q=0.2','2013-12-09 17:50:22','2013-12-09 17:50:22'),(679,0,'INV-2013-00',0,'Termorad','http://www.termorad.com/',75,1,'Ivan','Vicentijevic','ttmtake@gmail.com','3812789533','','Ivan','Vicentijevic','','','','address','','Kragujevac','34000','Srbija',243,'Pirot',4016,'','Visa, Maestro, MasterCard (Intesa Payment)','intesapay','Ivan','Vicentijevic','','address','','Kragujevac','34000','Srbija',243,'Pirot',4016,'','Besplatan transport','free.free','','6877.3200',0,0,'0.0000',7,4,'RSD','1.00000000','178.149.102.144','','Mozilla/5.0 (Windows NT 6.1; WOW64) AppleWebKit/537.36 (KHTML, like Gecko) Chrome/31.0.1650.63 Safari/537.36','sr-RS,sr;q=0.8,en-US;q=0.6,en;q=0.4,hr;q=0.2,nl;q=0.2','2013-12-09 20:41:27','2013-12-09 20:41:27'),(669,0,'INV-2013-00',0,'Termorad','http://www.termorad.com/',75,1,'Ivan','Vicentijevic','ttmtake@gmail.com','3812789533','','Ivan','Vicentijevic','','','','address','','Kragujevac','34000','Srbija',243,'Pirot',4016,'','Visa, Maestro, MasterCard (Intesa Payment)','intesapay','Ivan','Vicentijevic','','address','','Kragujevac','34000','Srbija',243,'Pirot',4016,'','Besplatan transport','free.free','','15822.0000',0,0,'0.0000',7,4,'RSD','1.00000000','178.149.102.144','','Mozilla/5.0 (Windows NT 6.1; WOW64) AppleWebKit/537.36 (KHTML, like Gecko) Chrome/31.0.1650.63 Safari/537.36','sr-RS,sr;q=0.8,en-US;q=0.6,en;q=0.4,hr;q=0.2,nl;q=0.2','2013-12-09 17:50:59','2013-12-09 17:50:59'),(670,0,'INV-2013-00',0,'Termorad','http://www.termorad.com/',75,1,'Ivan','Vicentijevic','ttmtake@gmail.com','3812789533','','Ivan','Vicentijevic','','','','address','','Kragujevac','34000','Srbija',243,'Pirot',4016,'','Visa, Maestro, MasterCard (Intesa Payment)','intesapay','Ivan','Vicentijevic','','address','','Kragujevac','34000','Srbija',243,'Pirot',4016,'','Besplatan transport','free.free','','15822.0000',0,0,'0.0000',7,4,'RSD','1.00000000','178.149.102.144','','Mozilla/5.0 (Windows NT 6.1; WOW64) AppleWebKit/537.36 (KHTML, like Gecko) Chrome/31.0.1650.63 Safari/537.36','sr-RS,sr;q=0.8,en-US;q=0.6,en;q=0.4,hr;q=0.2,nl;q=0.2','2013-12-09 17:51:36','2013-12-09 17:51:36'),(671,0,'INV-2013-00',0,'Termorad','http://www.termorad.com/',75,1,'Ivan','Vicentijevic','ttmtake@gmail.com','3812789533','','Ivan','Vicentijevic','','','','address','','Kragujevac','34000','Srbija',243,'Pirot',4016,'','Visa, Maestro, MasterCard (Intesa Payment)','intesapay','Ivan','Vicentijevic','','address','','Kragujevac','34000','Srbija',243,'Pirot',4016,'','Besplatan transport','free.free','','15822.0000',0,0,'0.0000',7,4,'RSD','1.00000000','178.149.102.144','','Mozilla/5.0 (Windows NT 6.1; WOW64) AppleWebKit/537.36 (KHTML, like Gecko) Chrome/31.0.1650.63 Safari/537.36','sr-RS,sr;q=0.8,en-US;q=0.6,en;q=0.4,hr;q=0.2,nl;q=0.2','2013-12-09 17:53:48','2013-12-09 17:53:48'),(672,0,'INV-2013-00',0,'Termorad','http://www.termorad.com/',75,1,'Ivan','Vicentijevic','ttmtake@gmail.com','3812789533','','Ivan','Vicentijevic','','','','address','','Kragujevac','34000','Srbija',243,'Pirot',4016,'','Visa, Maestro, MasterCard (Intesa Payment)','intesapay','Ivan','Vicentijevic','','address','','Kragujevac','34000','Srbija',243,'Pirot',4016,'','Besplatan transport','free.free','','15822.0000',0,0,'0.0000',7,4,'RSD','1.00000000','178.149.102.144','','Mozilla/5.0 (Windows NT 6.1; WOW64) AppleWebKit/537.36 (KHTML, like Gecko) Chrome/31.0.1650.63 Safari/537.36','sr-RS,sr;q=0.8,en-US;q=0.6,en;q=0.4,hr;q=0.2,nl;q=0.2','2013-12-09 17:54:37','2013-12-09 17:54:37'),(673,0,'INV-2013-00',0,'Termorad','http://www.termorad.com/',75,1,'Ivan','Vicentijevic','ttmtake@gmail.com','3812789533','','Ivan','Vicentijevic','','','','address','','Kragujevac','34000','Srbija',243,'Pirot',4016,'','Visa, Maestro, MasterCard (Intesa Payment)','intesapay','Ivan','Vicentijevic','','address','','Kragujevac','34000','Srbija',243,'Pirot',4016,'','Besplatan transport','free.free','','15822.0000',0,0,'0.0000',7,4,'RSD','1.00000000','178.149.102.144','','Mozilla/5.0 (Windows NT 6.1; WOW64) AppleWebKit/537.36 (KHTML, like Gecko) Chrome/31.0.1650.63 Safari/537.36','sr-RS,sr;q=0.8,en-US;q=0.6,en;q=0.4,hr;q=0.2,nl;q=0.2','2013-12-09 17:56:46','2013-12-09 17:56:46'),(674,0,'INV-2013-00',0,'Termorad','http://www.termorad.com/',75,1,'Ivan','Vicentijevic','ttmtake@gmail.com','3812789533','','Ivan','Vicentijevic','','','','address','','Kragujevac','34000','Srbija',243,'Pirot',4016,'','Visa, Maestro, MasterCard (Intesa Payment)','intesapay','Ivan','Vicentijevic','','address','','Kragujevac','34000','Srbija',243,'Pirot',4016,'','Besplatan transport','free.free','','6877.3200',0,0,'0.0000',7,4,'RSD','1.00000000','178.149.102.144','','Mozilla/5.0 (Windows NT 6.1; WOW64) AppleWebKit/537.36 (KHTML, like Gecko) Chrome/31.0.1650.63 Safari/537.36','sr-RS,sr;q=0.8,en-US;q=0.6,en;q=0.4,hr;q=0.2,nl;q=0.2','2013-12-09 18:09:35','2013-12-09 18:09:35'),(675,0,'INV-2013-00',0,'Termorad','http://www.termorad.com/',75,1,'Ivan','Vicentijevic','ttmtake@gmail.com','3812789533','','Ivan','Vicentijevic','','','','address','','Kragujevac','34000','Srbija',243,'Pirot',4016,'','Visa, Maestro, MasterCard (Intesa Payment)','intesapay','Ivan','Vicentijevic','','address','','Kragujevac','34000','Srbija',243,'Pirot',4016,'','Besplatan transport','free.free','','6877.3200',0,0,'0.0000',7,4,'RSD','1.00000000','178.149.102.144','','Mozilla/5.0 (Windows NT 6.1; WOW64) AppleWebKit/537.36 (KHTML, like Gecko) Chrome/31.0.1650.63 Safari/537.36','sr-RS,sr;q=0.8,en-US;q=0.6,en;q=0.4,hr;q=0.2,nl;q=0.2','2013-12-09 18:38:37','2013-12-09 18:38:37'),(676,0,'INV-2013-00',0,'Termorad','http://www.termorad.com/',75,1,'Ivan','Vicentijevic','ttmtake@gmail.com','3812789533','','Ivan','Vicentijevic','','','','address','','Kragujevac','34000','Srbija',243,'Pirot',4016,'','Visa, Maestro, MasterCard (Intesa Payment)','intesapay','Ivan','Vicentijevic','','address','','Kragujevac','34000','Srbija',243,'Pirot',4016,'','Besplatan transport','free.free','','6877.3200',0,0,'0.0000',7,4,'RSD','1.00000000','178.149.102.144','','Mozilla/5.0 (Windows NT 6.1; WOW64) AppleWebKit/537.36 (KHTML, like Gecko) Chrome/31.0.1650.63 Safari/537.36','sr-RS,sr;q=0.8,en-US;q=0.6,en;q=0.4,hr;q=0.2,nl;q=0.2','2013-12-09 18:40:57','2013-12-09 18:40:57'),(677,0,'INV-2013-00',0,'Termorad','http://www.termorad.com/',75,1,'Ivan','Vicentijevic','ttmtake@gmail.com','3812789533','','Ivan','Vicentijevic','','','','address','','Kragujevac','34000','Srbija',243,'Pirot',4016,'','Visa, Maestro, MasterCard (Intesa Payment)','intesapay','Ivan','Vicentijevic','','address','','Kragujevac','34000','Srbija',243,'Pirot',4016,'','Besplatan transport','free.free','','10234.8000',0,0,'0.0000',7,4,'RSD','1.00000000','178.149.102.144','','Mozilla/5.0 (Windows NT 6.1; WOW64) AppleWebKit/537.36 (KHTML, like Gecko) Chrome/31.0.1650.63 Safari/537.36','sr-RS,sr;q=0.8,en-US;q=0.6,en;q=0.4,hr;q=0.2,nl;q=0.2','2013-12-09 20:32:49','2013-12-09 20:32:49'),(678,0,'INV-2013-00',0,'Termorad','http://www.termorad.com/',75,1,'Ivan','Vicentijevic','ttmtake@gmail.com','3812789533','','Ivan','Vicentijevic','','','','address','','Kragujevac','34000','Srbija',243,'Pirot',4016,'','Visa, Maestro, MasterCard (Intesa Payment)','intesapay','Ivan','Vicentijevic','','address','','Kragujevac','34000','Srbija',243,'Pirot',4016,'','Besplatan transport','free.free','','6877.3200',0,0,'0.0000',7,4,'RSD','1.00000000','178.149.102.144','','Mozilla/5.0 (Windows NT 6.1; WOW64) AppleWebKit/537.36 (KHTML, like Gecko) Chrome/31.0.1650.63 Safari/537.36','sr-RS,sr;q=0.8,en-US;q=0.6,en;q=0.4,hr;q=0.2,nl;q=0.2','2013-12-09 20:34:43','2013-12-09 20:34:43'),(680,0,'INV-2013-00',0,'Termorad','http://www.termorad.com/',75,1,'Ivan','Vicentijevic','ttmtake@gmail.com','3812789533','','Ivan','Vicentijevic','','','','address','','Kragujevac','34000','Srbija',243,'Pirot',4016,'','Visa, Maestro, MasterCard (Intesa Payment)','intesapay','Ivan','Vicentijevic','','address','','Kragujevac','34000','Srbija',243,'Pirot',4016,'','Besplatan transport','free.free','','6877.3200',0,0,'0.0000',7,4,'RSD','1.00000000','178.149.102.144','','Mozilla/5.0 (Windows NT 6.1; WOW64) AppleWebKit/537.36 (KHTML, like Gecko) Chrome/31.0.1650.63 Safari/537.36','sr-RS,sr;q=0.8,en-US;q=0.6,en;q=0.4,hr;q=0.2,nl;q=0.2','2013-12-09 20:42:43','2013-12-09 20:42:43'),(681,0,'INV-2013-00',0,'Termorad','http://www.termorad.com/',75,1,'Ivan','Vicentijevic','ttmtake@gmail.com','3812789533','','Ivan','Vicentijevic','','','','address','','Kragujevac','34000','Srbija',243,'Pirot',4016,'','Visa, Maestro, MasterCard (Intesa Payment)','intesapay','Ivan','Vicentijevic','','address','','Kragujevac','34000','Srbija',243,'Pirot',4016,'','Besplatan transport','free.free','','6877.3200',0,0,'0.0000',7,4,'RSD','1.00000000','178.149.102.144','','Mozilla/5.0 (Windows NT 6.1; WOW64) AppleWebKit/537.36 (KHTML, like Gecko) Chrome/31.0.1650.63 Safari/537.36','sr-RS,sr;q=0.8,en-US;q=0.6,en;q=0.4,hr;q=0.2,nl;q=0.2','2013-12-09 20:44:19','2013-12-09 20:44:19'),(682,0,'INV-2013-00',0,'Termorad','http://www.termorad.com/',75,1,'Ivan','Vicentijevic','ttmtake@gmail.com','3812789533','','Ivan','Vicentijevic','','','','address','','Kragujevac','34000','Srbija',243,'Pirot',4016,'','Visa, Maestro, MasterCard (Intesa Payment)','intesapay','Ivan','Vicentijevic','','address','','Kragujevac','34000','Srbija',243,'Pirot',4016,'','Besplatan transport','free.free','','6877.3200',0,0,'0.0000',7,4,'RSD','1.00000000','178.149.102.144','','Mozilla/5.0 (Windows NT 6.1; WOW64) AppleWebKit/537.36 (KHTML, like Gecko) Chrome/31.0.1650.63 Safari/537.36','sr-RS,sr;q=0.8,en-US;q=0.6,en;q=0.4,hr;q=0.2,nl;q=0.2','2013-12-09 20:48:38','2013-12-09 20:48:38'),(683,0,'INV-2013-00',0,'Termorad','http://www.termorad.com/',75,1,'Ivan','Vicentijevic','ttmtake@gmail.com','3812789533','','Ivan','Vicentijevic','','','','address','','Kragujevac','34000','Srbija',243,'Pirot',4016,'','Visa, Maestro, MasterCard (Intesa Payment)','intesapay','Ivan','Vicentijevic','','address','','Kragujevac','34000','Srbija',243,'Pirot',4016,'','Besplatan transport','free.free','','6877.3200',0,0,'0.0000',7,4,'RSD','1.00000000','178.149.102.144','','Mozilla/5.0 (Windows NT 6.1; WOW64) AppleWebKit/537.36 (KHTML, like Gecko) Chrome/31.0.1650.63 Safari/537.36','sr-RS,sr;q=0.8,en-US;q=0.6,en;q=0.4,hr;q=0.2,nl;q=0.2','2013-12-09 20:52:49','2013-12-09 20:52:49'),(684,0,'INV-2013-00',0,'Termorad','http://www.termorad.com/',75,1,'Ivan','Vicentijevic','ttmtake@gmail.com','3812789533','','Ivan','Vicentijevic','','','','address','','Kragujevac','34000','Srbija',243,'Pirot',4016,'','Visa, Maestro, MasterCard (Intesa Payment)','intesapay','Ivan','Vicentijevic','','address','','Kragujevac','34000','Srbija',243,'Pirot',4016,'','Besplatan transport','free.free','','6877.3200',0,0,'0.0000',7,4,'RSD','1.00000000','178.149.102.144','','Mozilla/5.0 (Windows NT 6.1; WOW64) AppleWebKit/537.36 (KHTML, like Gecko) Chrome/31.0.1650.63 Safari/537.36','sr-RS,sr;q=0.8,en-US;q=0.6,en;q=0.4,hr;q=0.2,nl;q=0.2','2013-12-09 20:58:51','2013-12-09 20:58:51'),(686,0,'INV-2013-00',0,'Termorad','http://www.termorad.com/',75,1,'Ivan','Vicentijevic','ttmtake@gmail.com','3812789533','','Ivan','Vicentijevic','','','','address','','Kragujevac','34000','Srbija',243,'Pirot',4016,'','Visa, Maestro, MasterCard (Intesa Payment)','intesapay','Ivan','Vicentijevic','','address','','Kragujevac','34000','Srbija',243,'Pirot',4016,'','Besplatan transport','free.free','','3357.4800',0,0,'0.0000',7,4,'RSD','1.00000000','178.149.102.144','','Mozilla/5.0 (Windows NT 6.1; WOW64) AppleWebKit/537.36 (KHTML, like Gecko) Chrome/31.0.1650.63 Safari/537.36','sr-RS,sr;q=0.8,en-US;q=0.6,en;q=0.4,hr;q=0.2,nl;q=0.2','2013-12-09 21:12:23','2013-12-09 21:12:23'),(687,0,'INV-2013-00',0,'Termorad','http://www.termorad.com/',75,1,'Ivan','Vicentijevic','ttmtake@gmail.com','3812789533','','Ivan','Vicentijevic','','','','address','','Kragujevac','34000','Srbija',243,'Pirot',4016,'','Visa, Maestro, MasterCard (Intesa Payment)','intesapay','Ivan','Vicentijevic','','address','','Kragujevac','34000','Srbija',243,'Pirot',4016,'','Besplatan transport','free.free','','3357.4800',0,0,'0.0000',7,4,'RSD','1.00000000','178.149.102.144','','Mozilla/5.0 (Windows NT 6.1; WOW64) AppleWebKit/537.36 (KHTML, like Gecko) Chrome/31.0.1650.63 Safari/537.36','sr-RS,sr;q=0.8,en-US;q=0.6,en;q=0.4,hr;q=0.2,nl;q=0.2','2013-12-09 21:13:07','2013-12-09 21:13:07'),(688,0,'INV-2013-00',0,'Termorad','http://www.termorad.com/',75,1,'Ivan','Vicentijevic','ttmtake@gmail.com','3812789533','','Ivan','Vicentijevic','','','','address','','Kragujevac','34000','Srbija',243,'Pirot',4016,'','Visa, Maestro, MasterCard (Intesa Payment)','intesapay','Ivan','Vicentijevic','','address','','Kragujevac','34000','Srbija',243,'Pirot',4016,'','Besplatan transport','free.free','','3357.4800',0,0,'0.0000',7,4,'RSD','1.00000000','178.149.102.144','','Mozilla/5.0 (Windows NT 6.1; WOW64) AppleWebKit/537.36 (KHTML, like Gecko) Chrome/31.0.1650.63 Safari/537.36','sr-RS,sr;q=0.8,en-US;q=0.6,en;q=0.4,hr;q=0.2,nl;q=0.2','2013-12-09 21:22:45','2013-12-09 21:22:45'),(689,0,'INV-2013-00',0,'Termorad','http://www.termorad.com/',75,1,'Ivan','Vicentijevic','ttmtake@gmail.com','3812789533','','Ivan','Vicentijevic','','','','address','','Kragujevac','34000','Srbija',243,'Pirot',4016,'','Visa, Maestro, MasterCard (Intesa Payment)','intesapay','Ivan','Vicentijevic','','address','','Kragujevac','34000','Srbija',243,'Pirot',4016,'','Besplatan transport','free.free','','3357.4800',0,0,'0.0000',7,4,'RSD','1.00000000','178.149.102.144','','Mozilla/5.0 (Windows NT 6.1; WOW64) AppleWebKit/537.36 (KHTML, like Gecko) Chrome/31.0.1650.63 Safari/537.36','sr-RS,sr;q=0.8,en-US;q=0.6,en;q=0.4,hr;q=0.2,nl;q=0.2','2013-12-09 21:23:27','2013-12-09 21:23:27'),(690,0,'INV-2013-00',0,'Termorad','http://www.termorad.com/',75,1,'Ivan','Vicentijevic','ttmtake@gmail.com','3812789533','','Ivan','Vicentijevic','','','','address','','Kragujevac','34000','Srbija',243,'Pirot',4016,'','Visa, Maestro, MasterCard (Intesa Payment)','intesapay','Ivan','Vicentijevic','','address','','Kragujevac','34000','Srbija',243,'Pirot',4016,'','Besplatan transport','free.free','','3357.4800',0,0,'0.0000',7,4,'RSD','1.00000000','178.149.102.144','','Mozilla/5.0 (Windows NT 6.1; WOW64) AppleWebKit/537.36 (KHTML, like Gecko) Chrome/31.0.1650.63 Safari/537.36','sr-RS,sr;q=0.8,en-US;q=0.6,en;q=0.4,hr;q=0.2,nl;q=0.2','2013-12-09 21:24:53','2013-12-09 21:24:53'),(691,0,'INV-2013-00',0,'Termorad','http://www.termorad.com/',75,1,'Ivan','Vicentijevic','ttmtake@gmail.com','3812789533','','Ivan','Vicentijevic','','','','address','','Kragujevac','34000','Srbija',243,'Pirot',4016,'','Visa, Maestro, MasterCard (Intesa Payment)','intesapay','Ivan','Vicentijevic','','address','','Kragujevac','34000','Srbija',243,'Pirot',4016,'','Besplatan transport','free.free','','3357.4800',0,0,'0.0000',7,4,'RSD','1.00000000','178.149.102.144','','Mozilla/5.0 (Windows NT 6.1; WOW64) AppleWebKit/537.36 (KHTML, like Gecko) Chrome/31.0.1650.63 Safari/537.36','sr-RS,sr;q=0.8,en-US;q=0.6,en;q=0.4,hr;q=0.2,nl;q=0.2','2013-12-09 21:32:34','2013-12-09 21:32:34'),(692,0,'INV-2013-00',0,'Termorad','http://www.termorad.com/',75,1,'Ivan','Vicentijevic','ttmtake@gmail.com','3812789533','','Ivan','Vicentijevic','','','','address','','Kragujevac','34000','Srbija',243,'Pirot',4016,'','Visa, Maestro, MasterCard (Intesa Payment)','intesapay','Ivan','Vicentijevic','','address','','Kragujevac','34000','Srbija',243,'Pirot',4016,'','Besplatan transport','free.free','','3357.4800',0,0,'0.0000',7,4,'RSD','1.00000000','178.149.102.144','','Mozilla/5.0 (Windows NT 6.1; WOW64) AppleWebKit/537.36 (KHTML, like Gecko) Chrome/31.0.1650.63 Safari/537.36','sr-RS,sr;q=0.8,en-US;q=0.6,en;q=0.4,hr;q=0.2,nl;q=0.2','2013-12-09 21:37:33','2013-12-09 21:37:33'),(705,0,'INV-2013-00',0,'Termorad','http://www.termorad.com/',75,1,'Ivan','Vicentijevic','ttmtake@gmail.com','3812789533','','Ivan','Vicentijevic','','','','address','','Kragujevac','34000','Srbija',243,'Pirot',4016,'','Visa, Maestro, MasterCard (Intesa Payment)','intesapay','Ivan','Vicentijevic','','address','','Kragujevac','34000','Srbija',243,'Pirot',4016,'','Besplatan transport','free.free','','3357.4800',0,0,'0.0000',7,4,'RSD','1.00000000','212.200.146.37','','Mozilla/5.0 (Windows NT 6.3; WOW64) AppleWebKit/537.36 (KHTML, like Gecko) Chrome/31.0.1650.63 Safari/537.36','sr-RS,sr;q=0.8,en-US;q=0.6,en;q=0.4,fr;q=0.2,hr;q=0.2,sv;q=0.2','2013-12-10 12:07:58','2013-12-10 12:07:58'),(704,0,'INV-2013-00',0,'Termorad','http://www.termorad.com/',75,1,'Ivan','Vicentijevic','ttmtake@gmail.com','3812789533','','Ivan','Vicentijevic','','','','address','','Kragujevac','34000','Srbija',243,'Pirot',4016,'','Visa, Maestro, MasterCard (Intesa Payment)','intesapay','Ivan','Vicentijevic','','address','','Kragujevac','34000','Srbija',243,'Pirot',4016,'','Besplatan transport','free.free','','13429.9200',0,0,'0.0000',7,4,'RSD','1.00000000','212.200.146.37','','Mozilla/5.0 (Windows NT 6.3; WOW64) AppleWebKit/537.36 (KHTML, like Gecko) Chrome/31.0.1650.63 Safari/537.36','sr-RS,sr;q=0.8,en-US;q=0.6,en;q=0.4,fr;q=0.2,hr;q=0.2,sv;q=0.2','2013-12-10 12:07:13','2013-12-10 12:07:13'),(738,0,'INV-2013-00',0,'Termorad','http://www.termorad.com/',85,1,'Milenko','Pavlovic','z.m.pavlovic@gmail.com','+381645146470','','Milenko (Dragoljuba)','Pavlović','','','','Andrača 233','PAK: 267216','Donja Borina','15317','Srbija',243,'Mačva',4002,'','Plaćanje pouzećem','cod','Milenko (Dragoljuba)','Pavlović','','Andrača 233','PAK: 267216','Donja Borina','15317','Srbija',243,'Mačva',4002,'','Besplatan transport','free.free','Isporuku izršiti ne pre petka 14. marta (18h).','18917.5200',0,0,'0.0000',7,4,'RSD','1.00000000','130.180.245.200','','Mozilla/5.0 (Macintosh; Intel Mac OS X 10.8; rv:27.0) Gecko/20100101 Firefox/27.0','en-US,en;q=0.5','2014-03-12 13:14:28','2014-03-12 13:14:28'),(696,0,'INV-2013-00',0,'Termorad','http://www.termorad.com/',75,1,'Ivan','Vicentijevic','ttmtake@gmail.com','3812789533','','Ivan','Vicentijevic','','','','address','','Kragujevac','34000','Srbija',243,'Pirot',4016,'','Visa, Maestro, MasterCard (Intesa Payment)','intesapay','Ivan','Vicentijevic','','address','','Kragujevac','34000','Srbija',243,'Pirot',4016,'','Besplatan transport','free.free','','3357.4800',0,0,'0.0000',7,4,'RSD','1.00000000','178.149.102.144','','Mozilla/5.0 (Windows NT 6.1; WOW64) AppleWebKit/537.36 (KHTML, like Gecko) Chrome/31.0.1650.63 Safari/537.36','sr-RS,sr;q=0.8,en-US;q=0.6,en;q=0.4,hr;q=0.2,nl;q=0.2','2013-12-09 22:02:02','2013-12-09 22:02:02'),(697,0,'INV-2013-00',0,'Termorad','http://www.termorad.com/',75,1,'Ivan','Vicentijevic','ttmtake@gmail.com','3812789533','','Ivan','Vicentijevic','','','','address','','Kragujevac','34000','Srbija',243,'Pirot',4016,'','Visa, Maestro, MasterCard (Intesa Payment)','intesapay','Ivan','Vicentijevic','','address','','Kragujevac','34000','Srbija',243,'Pirot',4016,'','Besplatan transport','free.free','','3357.4800',0,0,'0.0000',7,4,'RSD','1.00000000','178.149.102.144','','Mozilla/5.0 (Windows NT 6.1; WOW64) AppleWebKit/537.36 (KHTML, like Gecko) Chrome/31.0.1650.63 Safari/537.36','sr-RS,sr;q=0.8,en-US;q=0.6,en;q=0.4,hr;q=0.2,nl;q=0.2','2013-12-09 22:10:36','2013-12-09 22:10:36'),(698,0,'INV-2013-00',0,'Termorad','http://www.termorad.com/',75,1,'Ivan','Vicentijevic','ttmtake@gmail.com','3812789533','','Ivan','Vicentijevic','','','','address','','Kragujevac','34000','Srbija',243,'Pirot',4016,'','Visa, Maestro, MasterCard (Intesa Payment)','intesapay','Ivan','Vicentijevic','','address','','Kragujevac','34000','Srbija',243,'Pirot',4016,'','Besplatan transport','free.free','','3357.4800',0,0,'0.0000',7,4,'RSD','1.00000000','178.149.102.144','','Mozilla/5.0 (Windows NT 6.1; WOW64) AppleWebKit/537.36 (KHTML, like Gecko) Chrome/31.0.1650.63 Safari/537.36','sr-RS,sr;q=0.8,en-US;q=0.6,en;q=0.4,hr;q=0.2,nl;q=0.2','2013-12-09 22:11:42','2013-12-09 22:11:42'),(699,0,'INV-2013-00',0,'Termorad','http://www.termorad.com/',75,1,'Ivan','Vicentijevic','ttmtake@gmail.com','3812789533','','Ivan','Vicentijevic','','','','address','','Kragujevac','34000','Srbija',243,'Pirot',4016,'','Visa, Maestro, MasterCard (Intesa Payment)','intesapay','Ivan','Vicentijevic','','address','','Kragujevac','34000','Srbija',243,'Pirot',4016,'','Besplatan transport','free.free','','6714.9600',0,0,'0.0000',7,4,'RSD','1.00000000','178.149.102.144','','Mozilla/5.0 (Windows NT 6.1; WOW64) AppleWebKit/537.36 (KHTML, like Gecko) Chrome/31.0.1650.63 Safari/537.36','sr-RS,sr;q=0.8,en-US;q=0.6,en;q=0.4,hr;q=0.2,nl;q=0.2','2013-12-09 22:51:43','2013-12-09 22:51:43'),(700,0,'INV-2013-00',0,'Termorad','http://www.termorad.com/',75,1,'Ivan','Vicentijevic','ttmtake@gmail.com','3812789533','','Ivan','Vicentijevic','','','','address','','Kragujevac','34000','Srbija',243,'Pirot',4016,'','Visa, Maestro, MasterCard (Intesa Payment)','intesapay','Ivan','Vicentijevic','','address','','Kragujevac','34000','Srbija',243,'Pirot',4016,'','Besplatan transport','free.free','','10072.4400',0,0,'0.0000',7,4,'RSD','1.00000000','178.149.102.144','','Mozilla/5.0 (Windows NT 6.1; WOW64) AppleWebKit/537.36 (KHTML, like Gecko) Chrome/31.0.1650.63 Safari/537.36','sr-RS,sr;q=0.8,en-US;q=0.6,en;q=0.4,hr;q=0.2,nl;q=0.2','2013-12-10 09:36:28','2013-12-10 09:36:28'),(701,0,'INV-2013-00',0,'Termorad','http://www.termorad.com/',75,1,'Ivan','Vicentijevic','ttmtake@gmail.com','3812789533','','Ivan','Vicentijevic','','','','address','','Kragujevac','34000','Srbija',243,'Pirot',4016,'','Visa, Maestro, MasterCard (Intesa Payment)','intesapay','Ivan','Vicentijevic','','address','','Kragujevac','34000','Srbija',243,'Pirot',4016,'','Besplatan transport','free.free','','13429.9200',0,0,'0.0000',7,4,'RSD','1.00000000','212.200.146.37','','Mozilla/5.0 (Windows NT 6.3; WOW64) AppleWebKit/537.36 (KHTML, like Gecko) Chrome/31.0.1650.63 Safari/537.36','sr-RS,sr;q=0.8,en-US;q=0.6,en;q=0.4,fr;q=0.2,hr;q=0.2,sv;q=0.2','2013-12-10 11:54:15','2013-12-10 11:54:15'),(702,0,'INV-2013-00',0,'Termorad','http://www.termorad.com/',75,1,'Ivan','Vicentijevic','ttmtake@gmail.com','3812789533','','Ivan','Vicentijevic','','','','address','','Kragujevac','34000','Srbija',243,'Pirot',4016,'','Visa, Maestro, MasterCard (Intesa Payment)','intesapay','Ivan','Vicentijevic','','address','','Kragujevac','34000','Srbija',243,'Pirot',4016,'','Besplatan transport','free.free','','13429.9200',0,0,'0.0000',7,4,'RSD','1.00000000','212.200.146.37','','Mozilla/5.0 (Windows NT 6.3; WOW64) AppleWebKit/537.36 (KHTML, like Gecko) Chrome/31.0.1650.63 Safari/537.36','sr-RS,sr;q=0.8,en-US;q=0.6,en;q=0.4,fr;q=0.2,hr;q=0.2,sv;q=0.2','2013-12-10 11:54:52','2013-12-10 11:54:52'),(703,0,'INV-2013-00',0,'Termorad','http://www.termorad.com/',75,1,'Ivan','Vicentijevic','ttmtake@gmail.com','3812789533','','Ivan','Vicentijevic','','','','address','','Kragujevac','34000','Srbija',243,'Pirot',4016,'','Visa, Maestro, MasterCard (Intesa Payment)','intesapay','Ivan','Vicentijevic','','address','','Kragujevac','34000','Srbija',243,'Pirot',4016,'','Besplatan transport','free.free','','13429.9200',0,0,'0.0000',7,4,'RSD','1.00000000','212.200.146.37','','Mozilla/5.0 (Windows NT 6.3; WOW64) AppleWebKit/537.36 (KHTML, like Gecko) Chrome/31.0.1650.63 Safari/537.36','sr-RS,sr;q=0.8,en-US;q=0.6,en;q=0.4,fr;q=0.2,hr;q=0.2,sv;q=0.2','2013-12-10 11:59:24','2013-12-10 11:59:24'),(737,0,'INV-2013-00',0,'Termorad','http://www.termorad.com/',84,1,'vahid','ademovic','adevahid@hotmail.com','0638588138','','vahid','ademovic','','','','sportska bb-kod stadiona','','tutin','36320','Srbija',243,'Raška',4012,'','Plaćanje pouzećem','cod','vahid','ademovic','','sportska bb-kod stadiona','','tutin','36320','Srbija',243,'Raška',4012,'','Besplatan transport','free.free','','951.9600',5,0,'0.0000',7,4,'RSD','1.00000000','79.101.191.114','','Mozilla/5.0 (Windows NT 5.1; rv:27.0) Gecko/20100101 Firefox/27.0','sr,sr-rs;q=0.8,sr-cs;q=0.6,en-us;q=0.4,en;q=0.2','2014-03-06 14:13:03','2014-03-24 08:17:18'),(733,0,'INV-2013-00',0,'Termorad','http://www.termorad.com/',79,1,'Nebojiša','Mišević','neso@beotel.rs','063/628-467         033/62 846','','Nebojiša','Mišević','','','','Nikole Tesle 35','','Nova Varoš','31320','Srbija',243,'Zlatibor',4010,'','Plaćanje pouzećem','cod','Nebojiša','Mišević','','Nikole Tesle 35','','Nova Varoš','31320','Srbija',243,'Zlatibor',4010,'','Besplatan transport','free.free','Kod mene je bojler BT-10. Pretpostavljam da je ovo odgovarajući grejač za moj bojler.','1016.2800',5,0,'0.0000',7,4,'RSD','1.00000000','109.92.33.254','','Mozilla/5.0 (Windows NT 6.1; WOW64; Trident/7.0; rv:11.0) like Gecko','sr-Latn-RS','2014-01-04 17:15:45','2014-01-13 15:41:12'),(734,0,'INV-2013-00',0,'Termorad','http://www.termorad.com/',81,1,'ljubica','tintor','tintor28@ptt.rs','011-2748210','064-1385460','ljubica','tintor','','','','ul. Maksima Gorkog 22 - KRNJACA','','Beograd','11210','Srbija',243,'Belgrade',3994,'','Plaćanje pouzećem','cod','ljubica','tintor','','ulica Maksima Gorkog 22 b','','beograd','11210','Srbija',243,'Belgrade',3994,'','Besplatan transport','free.free','Placanje pouzecem na adresu: Tintor Ljubica, 11210 Beograd-Krnjaca, ul. Maksima Gorkog 22 B','1582.3200',5,0,'0.0000',7,4,'RSD','1.00000000','78.30.162.180','','Mozilla/5.0 (Windows NT 5.1; rv:26.0) Gecko/20100101 Firefox/26.0','en-US,en;q=0.5','2014-01-13 17:06:49','2014-03-24 08:16:34'),(735,0,'INV-2013-00',0,'Termorad','http://www.termorad.com/',82,1,'nikola','mijailovic','mijailovicmm@gmail.com','0643514198','0643514198','nikola','mijailovic','','','','preljina,kostićevina 306','','čačak','32212','Srbija',243,'Šumadija',4006,'','Plaćanje pouzećem','cod','nikola','mijailovic','','preljina,kostićevina 306','','čačak','32212','Srbija',243,'Šumadija',4006,'','Besplatan transport','free.free','','102.7200',5,0,'0.0000',7,4,'RSD','1.00000000','109.245.142.117','','Mozilla/5.0 (Windows NT 6.1; WOW64; Trident/7.0; rv:11.0) like Gecko','sr-Latn-RS','2014-01-25 21:29:00','2014-03-24 08:16:52'),(736,0,'INV-2013-00',0,'Termorad','http://www.termorad.com/',83,1,'Momir','Novakovic','momir.novakovic@gmail.com','0264321895','0646317659','Momir','Novakovic','','','','Crvene armije 41/1','','Smederevska Palanka','11420','Srbija',243,'Podunavlje',4004,'','Plaćanje pouzećem','cod','Momir','Novakovic','','Crvene armije 41/1','','Smederevska Palanka','11420','Srbija',243,'Podunavlje',4004,'','Besplatan transport','free.free','Narucujem bojler sa prohronskim kazanom, horizontalni, 80 litara sa izmenjivacem za solarnu energiju cija je cena po vasem katalogu i cenovniku 20530,68 dinara','20530.6800',5,0,'0.0000',7,4,'RSD','1.00000000','93.86.17.163','','Mozilla/5.0 (Windows NT 6.1) AppleWebKit/537.36 (KHTML, like Gecko) Chrome/32.0.1700.107 Safari/537.36','en-US,en;q=0.8,hr;q=0.6','2014-02-10 10:39:03','2014-03-24 08:17:07'),(722,0,'INV-2013-00',0,'Termorad','http://www.termorad.com/',77,1,'sasa ','milosavljevic','sasa.sule.milosavljevic@gmail.com','0691902976','','sasa ','milosavljevic','','','','vrelo kod sokobanje','','sokobanja','18232','Srbija',243,'Zaječar',4009,'','Plaćanje pouzećem','cod','sasa ','milosavljevic','','vrelo kod sokobanje','','sokobanja','18232','Srbija',243,'Zaječar',4009,'','Besplatan transport','free.free','','3357.4800',5,0,'0.0000',7,4,'RSD','1.00000000','89.216.226.158','','Mozilla/5.0 (Windows NT 5.1; rv:25.0) Gecko/20100101 Firefox/25.0','en-US,en;q=0.5','2013-12-10 13:11:50','2014-01-13 15:40:55'),(727,0,'INV-2013-00',0,'Termorad','http://www.termorad.com/',75,1,'Ivan','Vicentijevic','ttmtake@gmail.com','3812789533','','Ivan','Vicentijevic','','','','address','','Kragujevac','34000','Srbija',243,'Pirot',4016,'','Visa, Maestro, MasterCard (Intesa Payment)','intesapay','Ivan','Vicentijevic','','address','','Kragujevac','34000','Srbija',243,'Pirot',4016,'','Besplatan transport','free.free','','15822.0000',0,0,'0.0000',7,4,'RSD','1.00000000','178.149.102.144','','Mozilla/5.0 (Windows NT 6.1; WOW64) AppleWebKit/537.36 (KHTML, like Gecko) Chrome/31.0.1650.63 Safari/537.36','sr-RS,sr;q=0.8,en-US;q=0.6,en;q=0.4,hr;q=0.2,nl;q=0.2','2013-12-11 15:51:44','2013-12-11 15:51:44'),(739,0,'INV-2013-00',0,'Termorad','http://www.termorad.com/',85,1,'Milenko','Pavlovic','z.m.pavlovic@gmail.com','+381645146470','','Milenko (Dragoljuba)','Pavlović','','','','Andrača 233','PAK: 267216','Donja Borina','15317','Srbija',243,'Mačva',4002,'','Plaćanje pouzećem','cod','Milenko (Dragoljuba)','Pavlović','','Andrača 233','PAK: 267216','Donja Borina','15317','Srbija',243,'Mačva',4002,'','Besplatan transport','free.free','Isporuku izršiti ne pre petka 14. marta (18h). Pozvati na telefon: 064/514-64-70','18917.5200',5,0,'0.0000',7,4,'RSD','1.00000000','130.180.245.200','','Mozilla/5.0 (Macintosh; Intel Mac OS X 10.8; rv:27.0) Gecko/20100101 Firefox/27.0','en-US,en;q=0.5','2014-03-12 13:16:05','2014-03-24 08:17:28'),(728,0,'INV-2013-00',0,'Termorad','http://www.termorad.com/',75,1,'Ivan','Vicentijevic','ttmtake@gmail.com','3812789533','','Ivan','Vicentijevic','','','','address','','Kragujevac','34000','Srbija',243,'Pirot',4016,'','Visa, Maestro, MasterCard (Intesa Payment)','intesapay','Ivan','Vicentijevic','','address','','Kragujevac','34000','Srbija',243,'Pirot',4016,'','Besplatan transport','free.free','','15822.0000',0,0,'0.0000',7,4,'RSD','1.00000000','178.149.102.144','','Mozilla/5.0 (Windows NT 6.1; WOW64) AppleWebKit/537.36 (KHTML, like Gecko) Chrome/31.0.1650.63 Safari/537.36','sr-RS,sr;q=0.8,en-US;q=0.6,en;q=0.4,hr;q=0.2,nl;q=0.2','2013-12-11 15:55:06','2013-12-11 15:55:06'),(729,0,'INV-2013-00',0,'Termorad','http://www.termorad.com/',75,1,'Ivan','Vicentijevic','ttmtake@gmail.com','3812789533','','Ivan','Vicentijevic','','','','address','','Kragujevac','34000','Srbija',243,'Pirot',4016,'','Visa, Maestro, MasterCard (Intesa Payment)','intesapay','Ivan','Vicentijevic','','address','','Kragujevac','34000','Srbija',243,'Pirot',4016,'','Besplatan transport','free.free','','15822.0000',0,0,'0.0000',7,4,'RSD','1.00000000','178.149.102.144','','Mozilla/5.0 (Windows NT 6.1; WOW64) AppleWebKit/537.36 (KHTML, like Gecko) Chrome/31.0.1650.63 Safari/537.36','sr-RS,sr;q=0.8,en-US;q=0.6,en;q=0.4,hr;q=0.2,nl;q=0.2','2013-12-11 15:59:50','2013-12-11 15:59:50'),(741,0,'INV-2013-00',0,'Termorad','http://www.termorad.com/',89,1,'Bojan','Vojčić','voja70@yahoo.com','064 1175077','','Bojan','Vojčić','','','','Dr.Rusa 34','','Mladenovac','11400','Srbija',243,'Belgrade',3994,'','Plaćanje pouzećem','cod','Bojan','Vojčić','','Dr.Rusa 34','','Mladenovac','11400','Srbija',243,'Belgrade',3994,'','Besplatan transport','free.free','','18780.8400',7,0,'0.0000',7,4,'RSD','1.00000000','178.222.28.100','','Mozilla/5.0 (Windows NT 5.1) AppleWebKit/537.36 (KHTML, like Gecko) Chrome/33.0.1750.154 Safari/537.36','en-US,en;q=0.8,hr;q=0.6,sr;q=0.4,sl;q=0.2','2014-04-02 01:46:29','2014-04-11 08:04:27'),(740,0,'INV-2013-00',0,'Termorad','http://www.termorad.com/',87,1,'Marinko','Zubić','marinkozorica.zubic@zrlocal.net','0637092643','','Marinko','Zubić','','','','Karađorđeva57','','Banatski Despotovac','23242','Srbija',243,'Central Banat',3996,'','Plaćanje pouzećem','cod','Marinko','Zubić','','Karađorđeva57','','Banatski Despotovac','23242','Srbija',243,'Central Banat',3996,'','Besplatan transport','free.free','','1929.6000',5,0,'0.0000',7,4,'RSD','1.00000000','185.26.173.4','','Mozilla/5.0 (Windows NT 6.1; WOW64) AppleWebKit/537.36 (KHTML, like Gecko) Chrome/33.0.1750.154 Safari/537.36','sr-RS,sr;q=0.8,en-US;q=0.6,en;q=0.4','2014-03-24 22:56:03','2014-04-11 08:04:00'),(732,0,'INV-2013-00',0,'Termorad','http://www.termorad.com/',14,1,'Nebojša','Džoganović','dzoganovic@gmail.com','+38131523079','+381641206445','Nebojša','Džoganović','','','','Lipa 6','','Užice','31000','Srbija',243,'Zlatibor',4010,'','Visa, Maestro, MasterCard (Intesa Payment)','intesapay','Nebojša','Džoganović','','Lipa 6','','Užice','31000','Srbija',243,'Zlatibor',4010,'','Besplatan transport','free.free','','566.0400',0,0,'0.0000',7,4,'RSD','1.00000000','93.86.69.215','','Mozilla/5.0 (Windows NT 6.0) AppleWebKit/537.36 (KHTML, like Gecko) Chrome/31.0.1650.63 Safari/537.36','en-US,en;q=0.8,hr;q=0.6,sr;q=0.4','2013-12-12 15:32:53','2013-12-12 15:32:53'),(742,0,'INV-2013-00',0,'Termorad','http://www.termorad.com/',90,1,'Veselin','Veličkov','wveselin@hotmail.com','062246867','','Veselin','Veličkov','','','','Nemanjina 136','','Kikinda','23300','Srbija',243,'North Banat',3997,'','Plaćanje pouzećem','cod','Veselin','Veličkov','','Nemanjina 136','','Kikinda','23300','Srbija',243,'North Banat',3997,'','Besplatan transport','free.free','','8609.7600',0,0,'0.0000',7,4,'RSD','1.00000000','188.2.178.175','','Mozilla/5.0 (Windows NT 6.1) AppleWebKit/537.36 (KHTML, like Gecko) Chrome/33.0.1750.154 Safari/537.36','sr-RS,sr;q=0.8,en-US;q=0.6,en;q=0.4','2014-04-02 11:58:03','2014-04-02 11:58:03'),(743,0,'INV-2013-00',0,'Termorad','http://www.termorad.com/',89,1,'Bojan','Vojčić','voja70@yahoo.com','064 1175077','','Bojan','Vojčić','','','','Dr.Rusa 34','','Mladenovac','11400','Srbija',243,'Belgrade',3994,'','Plaćanje pouzećem','cod','Bojan','Vojčić','','Dr.Rusa 34','','Mladenovac','11400','Srbija',243,'Belgrade',3994,'','Besplatan transport','free.free','','21533.6400',5,0,'0.0000',7,4,'RSD','1.00000000','178.149.155.149','','Mozilla/5.0 (Windows NT 6.3) AppleWebKit/537.36 (KHTML, like Gecko) Chrome/34.0.1847.116 Safari/537.36','en-US,en;q=0.8,sr;q=0.6','2014-04-12 13:06:32','2014-04-17 11:13:27'),(744,0,'INV-2013-00',0,'Termorad','http://www.termorad.com/',93,1,'Aleksandar ','Tijanić','alekst01@yahoo.com','063 210 983','','Aleksandar ','Tijanić','','','','Profesora Andonovića 39 e 11233 Ralja ','','Beograd ','11233','Srbija',243,'Belgrade',3994,'','Plaćanje pouzećem','cod','Aleksandar ','Tijanić','','Profesora Andonovića 39 e 11233 Ralja ','','Beograd ','11233','Srbija',243,'Belgrade',3994,'','Besplatan transport','free.free','na mom starom termostatu je oznaka  T 85 RTS PLUS 16 A -250V , nadam se da ovaj termostat je zamena za isti . ','630.3600',5,0,'0.0000',7,4,'RSD','1.00000000','178.223.35.234','','Mozilla/5.0 (Windows NT 5.1) AppleWebKit/537.36 (KHTML, like Gecko) Chrome/34.0.1847.116 Safari/537.36','sr-RS,sr;q=0.8,en-US;q=0.6,en;q=0.4','2014-04-14 14:27:58','2014-07-17 08:31:33'),(745,0,'INV-2013-00',0,'Termorad','http://www.termorad.com/',95,1,'Jovan ','Topalović','jov61@live.com','064/ 4122694','','Jovan ','Topalović','','','','Hajduk Stankova 13','','Valjevo','14000','Srbija',243,'Kolubara',4003,'','Plaćanje pouzećem','cod','Jovan ','Topalović','','Hajduk Stankova 13','','Valjevo','14000','Srbija',243,'Kolubara',4003,'','Besplatan transport','free.free','','14729.0400',5,0,'0.0000',7,4,'RSD','1.00000000','178.149.180.29','','Mozilla/5.0 (Windows NT 6.1; WOW64; rv:29.0) Gecko/20100101 Firefox/29.0','en-US,en;q=0.5','2014-05-06 14:23:48','2014-05-20 13:31:47'),(746,0,'INV-2013-00',0,'Termorad','http://www.termorad.com/',89,1,'Bojan','Vojčić','voja70@yahoo.com','064 1175077','','Bojan','Vojčić','','','','Dr.Rusa 34','','Mladenovac','11400','Srbija',243,'Belgrade',3994,'','Plaćanje pouzećem','cod','Bojan','Vojčić','','Dr.Rusa 34','','Mladenovac','11400','Srbija',243,'Belgrade',3994,'','Besplatan transport','free.free','','21240.0000',5,0,'0.0000',7,4,'RSD','1.00000000','178.149.155.149','','Mozilla/5.0 (Windows NT 6.3) AppleWebKit/537.36 (KHTML, like Gecko) Chrome/35.0.1916.114 Safari/537.36','en-US,en;q=0.8,sr;q=0.6','2014-06-04 11:40:45','2014-06-12 08:25:57'),(747,0,'INV-2013-00',0,'Termorad','http://www.termorad.com/',97,1,'Dragiša','Okrčalović','gagagile.okrcalovic@gmail.com','0653384555','','Dragiša','Okrčalović','','','','Bogovina bb','','Boljevac','19372','Srbija',243,'Zaječar',4009,'','Plaćanje pouzećem','cod','Dragiša','Okrčalović','','Bogovina bb','','Boljevac','19372','Srbija',243,'Zaječar',4009,'','Besplatan transport','free.free','','18330.9600',5,0,'0.0000',7,4,'RSD','1.00000000','109.245.138.139','','Mozilla/5.0 (Windows NT 6.1; WOW64; rv:29.0) Gecko/20100101 Firefox/29.0','en-US,en;q=0.5','2014-06-10 08:25:20','2014-06-12 08:26:09'),(748,0,'INV-2013-00',0,'Termorad','http://www.termorad.com/',98,1,'David','Nikolić','gdin.david.nikolic@gmail.com','032 711 015','065 673 62 05','David','Nikolić','','','','Železnička 20/11','','Gornji Milanovac','32300','Srbija',243,'Moravica',4011,'','Plaćanje pouzećem','cod','David','Nikolić','','Železnička 20/11','','Gornji Milanovac','32300','Srbija',243,'Moravica',4011,'','Besplatan transport','free.free','','51.3600',5,0,'0.0000',7,4,'RSD','1.00000000','178.223.221.172','','Mozilla/5.0 (Windows NT 6.1; WOW64; rv:29.0) Gecko/20100101 Firefox/29.0','en-US,en;q=0.5','2014-06-16 13:02:24','2014-07-17 08:31:23'),(749,0,'INV-2013-00',0,'Termorad','http://www.termorad.com/',100,1,'Saša ','Stanković','sasastankovic@bukovo.edu.rs','0603433775','','Saša ','Stanković','','','','Jna 31A/29','','Negotin','','Srbija',243,'Bor',4008,'','Plaćanje pouzećem','cod','Saša ','Stanković','','Jna 31A/29','','Negotin','','Srbija',243,'Bor',4008,'','Besplatan transport','free.free','','16277.8800',5,0,'0.0000',7,4,'RSD','1.00000000','109.121.19.29','','Mozilla/5.0 (Windows NT 6.1; WOW64) AppleWebKit/537.36 (KHTML, like Gecko) Chrome/35.0.1916.114 Safari/537.36 OPR/22.0.1471.50','en-US,en;q=0.8','2014-06-17 09:55:41','2014-07-17 08:31:52'),(750,0,'INV-2013-00',0,'Termorad','http://www.termorad.com/',101,1,'Miodrag ','Marinković','marin.m@ptt.rs','0653313110','035562686','Miodrag ','Marinković','','','','Kneza Mihajla 35','','Paracin','35250','Srbija',243,'Pomoravlje',4007,'','Plaćanje pouzećem','cod','Miodrag ','Marinković','','Kneza Mihajla 35','','Paracin','35250','Srbija',243,'Pomoravlje',4007,'','Besplatan transport','free.free','','1152.1200',5,0,'0.0000',7,4,'RSD','1.00000000','82.208.232.203','','Mozilla/5.0 (Windows NT 6.1; WOW64) AppleWebKit/537.36 (KHTML, like Gecko) Chrome/35.0.1916.114 Safari/537.36','en-US,en;q=0.8,sr;q=0.6','2014-06-17 12:15:00','2014-07-17 08:32:05'),(751,0,'INV-2013-00',0,'Termorad','http://www.termorad.com/',102,1,'Srdjan','Tot','srdjantot@yunord.net','0637506320','','Srdjan','Tot','','','','Petra Horvatskog 64','','Subotica','24000','Srbija',243,'North Bačka',3995,'','Plaćanje pouzećem','cod','Srdjan','Tot','','Petra Horvatskog 64','','Subotica','24000','Srbija',243,'North Bačka',3995,'','Besplatan transport','free.free','','9283.5600',0,0,'0.0000',7,4,'RSD','1.00000000','178.222.182.14','','Mozilla/5.0 (Windows NT 6.1; WOW64) AppleWebKit/537.36 (KHTML, like Gecko) Chrome/35.0.1916.153 Safari/537.36','en-US,en;q=0.8,sr;q=0.6','2014-07-07 12:03:14','2014-07-07 12:03:14'),(752,0,'INV-2013-00',0,'Termorad','http://www.termorad.com/',102,1,'Srdjan','Tot','srdjantot@yunord.net','0637506320','','Srdjan','Tot','','','','Petra Horvatskog 64','','Subotica','24000','Srbija',243,'North Bačka',3995,'','Plaćanje pouzećem','cod','Srdjan','Tot','','Petra Horvatskog 64','','Subotica','24000','Srbija',243,'North Bačka',3995,'','Besplatan transport','free.free','','9283.5600',5,0,'0.0000',7,4,'RSD','1.00000000','178.222.182.14','','Mozilla/5.0 (Windows NT 6.1; WOW64) AppleWebKit/537.36 (KHTML, like Gecko) Chrome/35.0.1916.153 Safari/537.36','en-US,en;q=0.8,sr;q=0.6','2014-07-07 12:04:20','2014-07-17 08:32:16'),(753,0,'INV-2013-00',0,'Termorad','http://www.termorad.com/',103,1,'Zoran','Boskovic','zoranbos@gmail.com','036825246','0641152860','Zoran','Boskovic','','','','Dedevci 103','','Rocevici,Kraljevo','36205','Srbija',243,'Raška',4012,'','Plaćanje pouzećem','cod','Zoran','Boskovic','','Dedevci 103','','Rocevici,Kraljevo','36205','Srbija',243,'Raška',4012,'','Besplatan transport','free.free','Potreban je bojler sa prikljuckom za struju na desnoj strani,gledano od napred.Kao na slici:\nhttp://www.termorad.com/index.php?route=product/product&amp;product_id=81','10668.6000',5,0,'0.0000',7,4,'RSD','1.00000000','82.208.210.34','','Mozilla/5.0 (Windows NT 5.1; rv:30.0) Gecko/20100101 Firefox/30.0','sr,sr-rs;q=0.8,sr-cs;q=0.6,en-us;q=0.4,en;q=0.2','2014-07-16 16:43:07','2014-07-24 12:54:07'),(754,0,'INV-2013-00',0,'Termorad','http://www.termorad.com/',89,1,'Bojan','Vojčić','voja70@yahoo.com','064 1175077','','Bojan','Vojčić','','','','Dr.Rusa 34','','Mladenovac','11400','Srbija',243,'Belgrade',3994,'','Plaćanje pouzećem','cod','Bojan','Vojčić','','Dr.Rusa 34','','Mladenovac','11400','Srbija',243,'Belgrade',3994,'','Isporuka pouzećem','flat.flat','','1646.6400',5,0,'0.0000',7,4,'RSD','1.00000000','178.149.152.247','','Mozilla/5.0 (Windows NT 6.3) AppleWebKit/537.36 (KHTML, like Gecko) Chrome/36.0.1985.125 Safari/537.36','en-US,en;q=0.8,sr;q=0.6','2014-07-26 22:30:47','2014-08-08 15:15:56'),(755,0,'INV-2013-00',0,'Termorad','http://www.termorad.com/',106,1,'Istvan ','Paladji','istvan0325@gmail.com','025423263','0604232633','Istvan ','Paladji','','','','Filipa Kljajica 67','','Sombor','25000','Srbija',243,'South Bačka',4000,'','Plaćanje pouzećem','cod','Istvan ','Paladji','','Filipa Kljajica 67','','Sombor','25000','Srbija',243,'South Bačka',4000,'','Isporuka pouzećem','flat.flat','','28229.6400',5,0,'0.0000',7,4,'RSD','1.00000000','178.221.157.219','','Opera/9.80 (Windows NT 6.1; WOW64) Presto/2.12.388 Version/12.15','hu-HU,hu;q=0.9,en;q=0.8','2014-08-01 16:39:17','2014-08-08 15:16:09'),(756,0,'INV-2013-00',0,'Termorad','http://www.termorad.com/',107,1,'nenad','milenovic','orionexpres@medianis.net','0199427357','062655885','nenad','milenovic','orionexpres','107354518','','krfska14','makedonska 17 a','zajecar','19000','Srbija',243,'Zaječar',4009,'','Plaćanje pouzećem','cod','nenad','milenovic','orionexpres','krfska14','makedonska 17 a','zajecar','19000','Srbija',243,'Zaječar',4009,'','Besplatan transport','free.free','','29671.6800',5,0,'0.0000',7,4,'RSD','1.00000000','89.216.198.9','','Mozilla/5.0 (Windows NT 6.1; WOW64) AppleWebKit/537.36 (KHTML, like Gecko) Chrome/36.0.1985.125 Safari/537.36','sr-RS,sr;q=0.8,en-US;q=0.6,en;q=0.4','2014-08-09 21:57:19','2014-09-16 14:02:35'),(757,0,'INV-2013-00',0,'Termorad','http://www.termorad.com/',108,1,'Jovan','Velimirov','farkazdin@gmail.com','064/8507070','','Jovan','Velimirov','','','','Stevana Supljikca 6','','Pancevo','26000','Srbija',243,'South Banat',3998,'','Plaćanje pouzećem','cod','Jovan','Velimirov','','Stevana Supljikca 6','','Pancevo','26000','Srbija',243,'South Banat',3998,'','Besplatan transport','free.free','','4643.8800',5,0,'0.0000',7,4,'RSD','1.00000000','109.93.10.79','','Mozilla/5.0 (Windows NT 6.1) AppleWebKit/537.36 (KHTML, like Gecko) Chrome/36.0.1985.125 Safari/537.36','sr,en-US;q=0.8,en;q=0.6,hu;q=0.4,hr;q=0.2','2014-08-14 15:06:11','2014-09-16 14:02:55'),(758,0,'INV-2013-00',0,'Termorad','http://www.termorad.com/',111,1,'Jandre','Petrovic','srzenda@gmail.com','022 468 443','','Jandre','Petrovic','','','','cara urosa 58','','Jazak','','Srbija',243,'Srem',4001,'','Plaćanje pouzećem','cod','Jandre','Petrovic','','cara urosa 58','','Jazak','','Srbija',243,'Srem',4001,'','Besplatan transport','free.free','','16864.4400',5,0,'0.0000',7,4,'RSD','1.00000000','94.154.111.102','','Mozilla/5.0 (Windows NT 5.1) AppleWebKit/537.36 (KHTML, like Gecko) Chrome/36.0.1985.143 Safari/537.36','sr-RS,sr;q=0.8,en-US;q=0.6,en;q=0.4,hr;q=0.2','2014-08-19 22:54:28','2014-09-16 14:03:15'),(759,0,'INV-2013-00',0,'Termorad','http://www.termorad.com/',112,1,'Dragan','Tomanic','dtomanic792@gmail.com','0648409861','','Dragan','Tomanic','','','','Kneza Sime Markovica 53','','Obrenovac','11500','Srbija',243,'Belgrade',3994,'','Plaćanje pouzećem','cod','Dragan','Tomanic','','Kneza Sime Markovica 53','','Obrenovac','11500','Srbija',243,'Belgrade',3994,'','Isporuka pouzećem','flat.flat','','231.6000',5,0,'0.0000',7,4,'RSD','1.00000000','212.200.155.26','','Mozilla/5.0 (Windows NT 6.3; WOW64; Trident/7.0; rv:11.0) like Gecko','en-US,en;q=0.8,sr-Latn-RS;q=0.7,sr-Latn;q=0.5,sr-Cyrl-RS;q=0.3,sr-Cyrl;q=0.2','2014-08-28 13:12:36','2014-09-16 14:03:27'),(760,0,'INV-2013-00',0,'Termorad','http://www.termorad.com/',113,1,'Dragan','Spiridonov','draganspi@gmail.com','0641571388','','Dragan','Spiridonov','','','','Karagača 69','','Petrovaradin','21132','Srbija',243,'Srem',4001,'','Visa, Maestro, MasterCard (Intesa Payment)','intesapay','Dragan','Spiridonov','','Karagača 69','','Petrovaradin','21132','Srbija',243,'Srem',4001,'','Besplatan transport','free.free','','12465.0000',0,0,'0.0000',7,4,'RSD','1.00000000','82.117.210.74','','Mozilla/5.0 (Windows NT 6.1; WOW64; rv:31.0) Gecko/20100101 Firefox/31.0','en-US,en;q=0.5','2014-09-03 13:00:13','2014-09-03 13:00:13'),(761,0,'INV-2013-00',0,'Termorad','http://www.termorad.com/',113,1,'Dragan','Spiridonov','draganspi@gmail.com','0641571388','','Dragan','Spiridonov','','','','Karagača 69','','Petrovaradin','21132','Srbija',243,'Srem',4001,'','Plaćanje pouzećem','cod','Dragan','Spiridonov','','Karagača 69','','Petrovaradin','21132','Srbija',243,'Srem',4001,'','Besplatan transport','free.free','Molim vas da me kontaktirate pre dolaska na mobilni telefon, radnim danima sam kod kuće oko 17h, a supruga je kod kuće pre podne.','12465.0000',5,0,'0.0000',7,4,'RSD','1.00000000','82.117.210.74','','Mozilla/5.0 (Windows NT 6.1; WOW64; rv:31.0) Gecko/20100101 Firefox/31.0','en-US,en;q=0.5','2014-09-03 13:11:14','2014-09-16 14:03:38'),(762,0,'INV-2013-00',0,'Termorad','http://www.termorad.com/',116,1,'Nenad','Krajničan','nenadkrajnican@gmail.com','063/71-03-411','063/71-03-411','Nenad','Krajničan','','','','Pionirska 52','','Majdanpek','19250','Srbija',243,'Bor',4008,'','Plaćanje pouzećem','cod','Nenad','Krajničan','','Pionirska 52','','Majdanpek','19250','Srbija',243,'Bor',4008,'','Besplatan transport','free.free','Platio bih čekovima kao po dogovoru, (koji sam dobio u Vašem email-u) u 2 mesečne rate.','4643.8800',2,0,'0.0000',7,4,'RSD','1.00000000','178.221.21.243','','Mozilla/5.0 (Windows NT 6.1; WOW64) AppleWebKit/537.36 (KHTML, like Gecko) Chrome/37.0.2062.120 Safari/537.36','en-US,en;q=0.8,hr;q=0.6,sr;q=0.4,sl;q=0.2','2014-09-24 14:03:51','2014-09-25 08:22:12'),(763,0,'INV-2013-00',0,'Termorad','http://www.termorad.com/',118,1,'ROBERT','TODOROVIC','edit.feher@yahoo.com','021/851247','063585983','ROBERT','TODOROVIC','','','','PERCEL MOR 20/1','','TEMERIN','21235','Srbija',243,'South Bačka',4000,'','Plaćanje pouzećem','cod','ROBERT','TODOROVIC','','PERCEL MOR 20/1','','TEMERIN','21235','Srbija',243,'South Bačka',4000,'','Isporuka pouzećem','flat.flat','','2894.4000',0,0,'0.0000',7,4,'RSD','1.00000000','95.85.183.52','','Mozilla/5.0 (Windows NT 6.1; rv:32.0) Gecko/20100101 Firefox/32.0','en-US,en;q=0.5','2014-10-07 21:57:25','2014-10-07 21:57:25');
